CRAN Package Check Results for Package mau

Last updated on 2024-02-28 17:48:31 CET.

Flavor Version Tinstall Tcheck Ttotal Status Flags
r-devel-linux-x86_64-debian-clang 0.1.2 6.84 70.05 76.89 NOTE
r-devel-linux-x86_64-debian-gcc 0.1.2 5.42 54.07 59.49 NOTE
r-devel-linux-x86_64-fedora-clang 0.1.2 98.85 NOTE
r-devel-linux-x86_64-fedora-gcc 0.1.2 102.46 NOTE
r-devel-windows-x86_64 0.1.2 7.00 75.00 82.00 OK
r-patched-linux-x86_64 0.1.2 7.07 68.42 75.49 NOTE
r-release-linux-x86_64 0.1.2 5.64 68.47 74.11 NOTE
r-release-macos-arm64 0.1.2 40.00 OK
r-release-macos-x86_64 0.1.2 54.00 OK
r-release-windows-x86_64 0.1.2 9.00 84.00 93.00 OK
r-oldrel-macos-arm64 0.1.2 34.00 OK
r-oldrel-windows-x86_64 0.1.2 9.00 88.00 97.00 OK

Check Details

Version: 0.1.2
Check: for non-standard things in the check directory
Result: NOTE Found the following files/directories: ‘utilities.R’ Flavors: r-devel-linux-x86_64-debian-clang, r-devel-linux-x86_64-debian-gcc, r-devel-linux-x86_64-fedora-clang, r-devel-linux-x86_64-fedora-gcc, r-patched-linux-x86_64, r-release-linux-x86_64