CRAN Package Check Results for Package mau

Last updated on 2023-04-01 11:51:32 CEST.

Flavor Version Tinstall Tcheck Ttotal Status Flags
r-devel-linux-x86_64-debian-clang 0.1.2 6.98 71.96 78.94 NOTE
r-devel-linux-x86_64-debian-gcc 0.1.2 5.43 52.41 57.84 NOTE
r-devel-linux-x86_64-fedora-clang 0.1.2 96.22 NOTE
r-devel-linux-x86_64-fedora-gcc 0.1.2 102.15 NOTE
r-devel-windows-x86_64 0.1.2 12.00 103.00 115.00 OK
r-patched-linux-x86_64 0.1.2 5.77 65.76 71.53 NOTE
r-release-linux-x86_64 0.1.2 7.18 66.88 74.06 NOTE
r-release-macos-arm64 0.1.2 34.00 OK
r-release-macos-x86_64 0.1.2 60.00 OK
r-release-windows-x86_64 0.1.2 21.00 109.00 130.00 OK
r-oldrel-macos-arm64 0.1.2 49.00 OK
r-oldrel-macos-x86_64 0.1.2 48.00 OK
r-oldrel-windows-ix86+x86_64 0.1.2 16.00 106.00 122.00 OK

Check Details

Version: 0.1.2
Check: for non-standard things in the check directory
Result: NOTE
    Found the following files/directories:
     ‘utilities.R’
Flavors: r-devel-linux-x86_64-debian-clang, r-devel-linux-x86_64-debian-gcc, r-devel-linux-x86_64-fedora-clang, r-devel-linux-x86_64-fedora-gcc, r-patched-linux-x86_64, r-release-linux-x86_64