Last updated on 2023-05-28 12:01:55 CEST.
Flavor | Version | Tinstall | Tcheck | Ttotal | Status | Flags |
---|---|---|---|---|---|---|
r-devel-linux-x86_64-debian-clang | 2.5.2 | 2.76 | 27.35 | 30.11 | OK | |
r-devel-linux-x86_64-debian-gcc | 2.5.2 | 2.37 | 21.11 | 23.48 | OK | |
r-devel-linux-x86_64-fedora-clang | 2.5.2 | 38.92 | NOTE | |||
r-devel-linux-x86_64-fedora-gcc | 2.5.2 | 47.64 | OK | |||
r-devel-windows-x86_64 | 2.5.2 | 5.00 | 46.00 | 51.00 | OK | |
r-patched-linux-x86_64 | 2.5.2 | 3.16 | 25.82 | 28.98 | OK | |
r-release-linux-x86_64 | 2.5.2 | 2.25 | 25.24 | 27.49 | OK | |
r-release-macos-arm64 | 2.5.2 | 24.00 | OK | |||
r-release-macos-x86_64 | 2.5.2 | 29.00 | OK | |||
r-release-windows-x86_64 | 2.5.2 | 5.00 | 47.00 | 52.00 | OK | |
r-oldrel-macos-arm64 | 2.5.2 | 16.00 | OK | |||
r-oldrel-macos-x86_64 | 2.5.2 | 24.00 | OK | |||
r-oldrel-windows-x86_64 | 2.5.2 | 6.00 | 49.00 | 55.00 | OK |
Version: 2.5.2
Check: Rd cross-references
Result: NOTE
Undeclared package ‘tracerer’ in Rd xrefs
Flavor: r-devel-linux-x86_64-fedora-clang