CRAN Package Check Results for Package mbend

Last updated on 2023-03-22 05:52:31 CET.

Flavor Version Tinstall Tcheck Ttotal Status Flags
r-devel-linux-x86_64-debian-clang 1.3.1 1.75 25.86 27.61 NOTE
r-devel-linux-x86_64-debian-gcc 1.3.1 1.78 20.12 21.90 NOTE
r-devel-linux-x86_64-fedora-clang 1.3.1 36.53 NOTE
r-devel-linux-x86_64-fedora-gcc 1.3.1 44.82 NOTE
r-patched-linux-x86_64 1.3.1 1.98 26.53 28.51 NOTE
r-release-linux-x86_64 1.3.1 1.61 26.09 27.70 NOTE
r-release-macos-arm64 1.3.1 19.00 NOTE
r-release-macos-x86_64 1.3.1 23.00 NOTE
r-release-windows-x86_64 1.3.1 11.00 59.00 70.00 NOTE
r-oldrel-macos-arm64 1.3.1 18.00 NOTE
r-oldrel-macos-x86_64 1.3.1 28.00 NOTE
r-oldrel-windows-ix86+x86_64 1.3.1 5.00 51.00 56.00 NOTE

Check Details

Version: 1.3.1
Check: LazyData
Result: NOTE
     'LazyData' is specified without a 'data' directory
Flavors: r-devel-linux-x86_64-debian-clang, r-devel-linux-x86_64-debian-gcc, r-devel-linux-x86_64-fedora-clang, r-devel-linux-x86_64-fedora-gcc, r-patched-linux-x86_64, r-release-linux-x86_64, r-release-macos-arm64, r-release-macos-x86_64, r-release-windows-x86_64, r-oldrel-macos-arm64, r-oldrel-macos-x86_64, r-oldrel-windows-ix86+x86_64