CRAN Package Check Results for Package mbest

Last updated on 2021-06-20 17:49:42 CEST.

Flavor Version Tinstall Tcheck Ttotal Status Flags
r-devel-linux-x86_64-debian-clang 0.6 12.48 203.22 215.70 NOTE
r-devel-linux-x86_64-debian-gcc 0.6 11.21 150.32 161.53 NOTE
r-devel-linux-x86_64-fedora-clang 0.6 252.72 NOTE
r-devel-linux-x86_64-fedora-gcc 0.6 239.60 NOTE
r-devel-windows-x86_64 0.6 20.00 239.00 259.00 NOTE
r-devel-windows-x86_64-gcc10-UCRT 0.6 NOTE
r-patched-linux-x86_64 0.6 16.00 189.81 205.81 NOTE
r-patched-solaris-x86 0.6 319.10 NOTE
r-release-linux-x86_64 0.6 11.01 189.82 200.83 NOTE
r-release-macos-arm64 0.6 NOTE
r-release-macos-x86_64 0.6 NOTE
r-release-windows-ix86+x86_64 0.6 28.00 383.00 411.00 NOTE
r-oldrel-macos-x86_64 0.6 OK

Check Details

Version: 0.6
Check: LazyData
Result: NOTE
     'LazyData' is specified without a 'data' directory
Flavors: r-devel-linux-x86_64-debian-clang, r-devel-linux-x86_64-debian-gcc, r-devel-linux-x86_64-fedora-clang, r-devel-linux-x86_64-fedora-gcc, r-devel-windows-x86_64, r-devel-windows-x86_64-gcc10-UCRT, r-patched-linux-x86_64, r-patched-solaris-x86, r-release-linux-x86_64, r-release-macos-arm64, r-release-macos-x86_64, r-release-windows-ix86+x86_64

Version: 0.6
Check: Rd cross-references
Result: NOTE
    Undeclared packages ‘logistf’, ‘brglm’ in Rd xrefs
Flavor: r-devel-linux-x86_64-fedora-clang