CRAN Package Check Results for Package mbrglm

Last updated on 2022-01-24 11:53:03 CET.

Flavor Version Tinstall Tcheck Ttotal Status Flags
r-devel-linux-x86_64-debian-clang 0.0.1 2.80 32.63 35.43 OK
r-devel-linux-x86_64-debian-gcc 0.0.1 2.37 25.46 27.83 OK
r-devel-linux-x86_64-fedora-clang 0.0.1 44.06 NOTE
r-devel-linux-x86_64-fedora-gcc 0.0.1 33.38 NOTE
r-devel-windows-x86_64-new-UL 0.0.1 21.00 61.00 82.00 OK
r-devel-windows-x86_64-new-TK 0.0.1 OK
r-patched-linux-x86_64 0.0.1 2.58 31.89 34.47 OK
r-release-linux-x86_64 0.0.1 2.10 31.55 33.65 OK
r-release-macos-arm64 0.0.1 OK
r-release-macos-x86_64 0.0.1 OK
r-release-windows-ix86+x86_64 0.0.1 8.00 51.00 59.00 OK
r-oldrel-macos-x86_64 0.0.1 OK
r-oldrel-windows-ix86+x86_64 0.0.1 9.00 51.00 60.00 OK

Check Details

Version: 0.0.1
Check: compiled code
Result: NOTE
    File ‘mbrglm/libs/mbrglm.so’:
     Found no calls to: ‘R_registerRoutines’, ‘R_useDynamicSymbols’
    
    It is good practice to register native routines and to disable symbol
    search.
    
    See ‘Writing portable packages’ in the ‘Writing R Extensions’ manual.
Flavors: r-devel-linux-x86_64-fedora-clang, r-devel-linux-x86_64-fedora-gcc