CRAN Package Check Results for Package mbrglm

Last updated on 2023-06-07 23:40:40 CEST.

Flavor Version Tinstall Tcheck Ttotal Status Flags
r-devel-linux-x86_64-debian-clang 0.0.1 2.68 25.39 28.07 OK
r-devel-linux-x86_64-debian-gcc 0.0.1 2.32 19.84 22.16 OK
r-devel-linux-x86_64-fedora-clang 0.0.1 36.05 NOTE
r-devel-linux-x86_64-fedora-gcc 0.0.1 34.10 NOTE
r-devel-windows-x86_64 0.0.1 12.00 44.00 56.00 OK
r-patched-linux-x86_64 0.0.1 2.80 24.90 27.70 OK
r-release-linux-x86_64 0.0.1 2.46 24.50 26.96 OK
r-release-macos-arm64 0.0.1 17.00 OK
r-release-macos-x86_64 0.0.1 23.00 OK
r-release-windows-x86_64 0.0.1 5.00 45.00 50.00 OK
r-oldrel-macos-arm64 0.0.1 18.00 OK
r-oldrel-macos-x86_64 0.0.1 23.00 OK
r-oldrel-windows-x86_64 0.0.1 7.00 51.00 58.00 OK

Check Details

Version: 0.0.1
Check: compiled code
Result: NOTE
    File ‘mbrglm/libs/mbrglm.so’:
     Found no calls to: ‘R_registerRoutines’, ‘R_useDynamicSymbols’
    
    It is good practice to register native routines and to disable symbol
    search.
    
    See ‘Writing portable packages’ in the ‘Writing R Extensions’ manual.
Flavors: r-devel-linux-x86_64-fedora-clang, r-devel-linux-x86_64-fedora-gcc