CRAN Package Check Results for Package mcMST

Last updated on 2020-11-29 05:47:24 CET.

Flavor Version Tinstall Tcheck Ttotal Status Flags
r-devel-linux-x86_64-debian-clang 1.0.1 16.34 138.76 155.10 OK
r-devel-linux-x86_64-debian-gcc 1.0.1 12.47 104.84 117.31 OK
r-devel-linux-x86_64-fedora-clang 1.0.1 189.14 NOTE
r-devel-linux-x86_64-fedora-gcc 1.0.1 185.60 NOTE
r-devel-windows-ix86+x86_64 1.0.1 30.00 105.00 135.00 OK
r-patched-linux-x86_64 1.0.1 14.62 137.04 151.66 OK
r-patched-solaris-x86 1.0.1 269.90 NOTE
r-release-linux-x86_64 1.0.1 15.00 136.52 151.52 OK
r-release-macos-x86_64 1.0.1 NOTE
r-release-windows-ix86+x86_64 1.0.1 20.00 114.00 134.00 OK
r-oldrel-macos-x86_64 1.0.1 NOTE
r-oldrel-windows-ix86+x86_64 1.0.1 20.00 144.00 164.00 OK

Check Details

Version: 1.0.1
Check: dependencies in R code
Result: NOTE
    Namespaces in Imports field not imported from:
     ‘parallelMap’ ‘reshape2’
     All declared Imports should be used.
Flavors: r-devel-linux-x86_64-fedora-clang, r-devel-linux-x86_64-fedora-gcc, r-patched-solaris-x86, r-release-macos-x86_64, r-oldrel-macos-x86_64