Last updated on 2023-03-22 05:52:31 CET.
Flavor | Version | Tinstall | Tcheck | Ttotal | Status | Flags |
---|---|---|---|---|---|---|
r-devel-linux-x86_64-debian-clang | 0.7.0 | 18.19 | 151.67 | 169.86 | NOTE | |
r-devel-linux-x86_64-debian-gcc | 0.7.0 | 13.97 | 113.51 | 127.48 | NOTE | |
r-devel-linux-x86_64-fedora-clang | 0.7.0 | 215.03 | NOTE | |||
r-devel-linux-x86_64-fedora-gcc | 0.7.0 | 195.72 | NOTE | |||
r-patched-linux-x86_64 | 0.7.0 | 17.32 | 140.30 | 157.62 | NOTE | |
r-release-linux-x86_64 | 0.7.0 | 13.58 | 140.20 | 153.78 | NOTE | |
r-release-macos-arm64 | 0.7.0 | 52.00 | NOTE | |||
r-release-macos-x86_64 | 0.7.0 | 89.00 | NOTE | |||
r-release-windows-x86_64 | 0.7.0 | 25.00 | 170.00 | 195.00 | NOTE | |
r-oldrel-macos-arm64 | 0.7.0 | 60.00 | NOTE | |||
r-oldrel-macos-x86_64 | 0.7.0 | 92.00 | NOTE | |||
r-oldrel-windows-ix86+x86_64 | 0.7.0 | 41.00 | 164.00 | 205.00 | NOTE |
Version: 0.7.0
Check: LazyData
Result: NOTE
'LazyData' is specified without a 'data' directory
Flavors: r-devel-linux-x86_64-debian-clang, r-devel-linux-x86_64-debian-gcc, r-devel-linux-x86_64-fedora-clang, r-devel-linux-x86_64-fedora-gcc, r-patched-linux-x86_64, r-release-linux-x86_64, r-release-macos-arm64, r-release-macos-x86_64, r-release-windows-x86_64, r-oldrel-macos-arm64, r-oldrel-macos-x86_64, r-oldrel-windows-ix86+x86_64