Last updated on 2023-06-01 23:56:21 CEST.
Flavor | Version | Tinstall | Tcheck | Ttotal | Status | Flags |
---|---|---|---|---|---|---|
r-devel-linux-x86_64-debian-clang | 0.4.3 | 4.32 | 46.14 | 50.46 | NOTE | |
r-devel-linux-x86_64-debian-gcc | 0.4.3 | 2.65 | 36.09 | 38.74 | NOTE | |
r-devel-linux-x86_64-fedora-clang | 0.4.3 | 62.01 | NOTE | |||
r-devel-linux-x86_64-fedora-gcc | 0.4.3 | 59.56 | NOTE | |||
r-devel-windows-x86_64 | 0.4.3 | 4.00 | 67.00 | 71.00 | NOTE | |
r-patched-linux-x86_64 | 0.4.3 | NOTE | ||||
r-release-linux-x86_64 | 0.4.3 | 3.88 | 44.62 | 48.50 | NOTE | |
r-release-macos-arm64 | 0.4.3 | 23.00 | NOTE | |||
r-release-macos-x86_64 | 0.4.3 | 33.00 | NOTE | |||
r-release-windows-x86_64 | 0.4.3 | 6.00 | 70.00 | 76.00 | NOTE | |
r-oldrel-macos-arm64 | 0.4.3 | 23.00 | NOTE | |||
r-oldrel-macos-x86_64 | 0.4.3 | 31.00 | NOTE | |||
r-oldrel-windows-x86_64 | 0.4.3 | 5.00 | 72.00 | 77.00 | NOTE |
Version: 0.4.3
Check: LazyData
Result: NOTE
'LazyData' is specified without a 'data' directory
Flavors: r-devel-linux-x86_64-debian-clang, r-devel-linux-x86_64-debian-gcc, r-devel-linux-x86_64-fedora-clang, r-devel-linux-x86_64-fedora-gcc, r-devel-windows-x86_64, r-patched-linux-x86_64, r-release-linux-x86_64, r-release-macos-arm64, r-release-macos-x86_64, r-release-windows-x86_64, r-oldrel-macos-arm64, r-oldrel-macos-x86_64, r-oldrel-windows-x86_64