CRAN Package Check Results for Package mcmcplots

Last updated on 2024-02-28 17:48:32 CET.

Flavor Version Tinstall Tcheck Ttotal Status Flags
r-devel-linux-x86_64-debian-clang 0.4.3 3.71 44.57 48.28 NOTE
r-devel-linux-x86_64-debian-gcc 0.4.3 2.19 35.16 37.35 NOTE
r-devel-linux-x86_64-fedora-clang 0.4.3 61.71 NOTE
r-devel-linux-x86_64-fedora-gcc 0.4.3 59.54 NOTE
r-devel-windows-x86_64 0.4.3 5.00 67.00 72.00 NOTE
r-patched-linux-x86_64 0.4.3 5.24 44.50 49.74 NOTE
r-release-linux-x86_64 0.4.3 4.34 44.82 49.16 NOTE
r-release-macos-arm64 0.4.3 23.00 NOTE
r-release-macos-x86_64 0.4.3 33.00 NOTE
r-release-windows-x86_64 0.4.3 5.00 71.00 76.00 NOTE
r-oldrel-macos-arm64 0.4.3 23.00 NOTE
r-oldrel-windows-x86_64 0.4.3 5.00 73.00 78.00 NOTE

Check Details

Version: 0.4.3
Check: LazyData
Result: NOTE 'LazyData' is specified without a 'data' directory Flavors: r-devel-linux-x86_64-debian-clang, r-devel-linux-x86_64-debian-gcc, r-devel-linux-x86_64-fedora-clang, r-devel-linux-x86_64-fedora-gcc, r-devel-windows-x86_64, r-patched-linux-x86_64, r-release-linux-x86_64, r-release-macos-arm64, r-release-macos-x86_64, r-release-windows-x86_64, r-oldrel-macos-arm64, r-oldrel-windows-x86_64