Last updated on 2022-08-20 00:52:05 CEST.
Flavor | Version | Tinstall | Tcheck | Ttotal | Status | Flags |
---|---|---|---|---|---|---|
r-devel-linux-x86_64-debian-clang | 1.15.6 | 4.55 | 42.94 | 47.49 | NOTE | |
r-devel-linux-x86_64-debian-gcc | 1.15.6 | 4.22 | 31.80 | 36.02 | NOTE | |
r-devel-linux-x86_64-fedora-clang | 1.15.6 | 68.64 | NOTE | |||
r-devel-linux-x86_64-fedora-gcc | 1.15.6 | 67.18 | NOTE | |||
r-devel-windows-x86_64 | 1.15.6 | 22.00 | 70.00 | 92.00 | NOTE | |
r-patched-linux-x86_64 | 1.15.6 | 5.30 | 40.96 | 46.26 | NOTE | |
r-release-linux-x86_64 | 1.15.6 | NOTE | ||||
r-release-macos-arm64 | 1.15.6 | 21.00 | NOTE | |||
r-release-macos-x86_64 | 1.15.6 | 33.00 | NOTE | |||
r-release-windows-x86_64 | 1.15.6 | 20.00 | 72.00 | 92.00 | NOTE | |
r-oldrel-macos-arm64 | 1.15.6 | 31.00 | NOTE | |||
r-oldrel-macos-x86_64 | 1.15.6 | 40.00 | NOTE | |||
r-oldrel-windows-ix86+x86_64 | 1.15.6 | 16.00 | 90.00 | 106.00 | NOTE |
Version: 1.15.6
Check: LazyData
Result: NOTE
'LazyData' is specified without a 'data' directory
Flavors: r-devel-linux-x86_64-debian-clang, r-devel-linux-x86_64-debian-gcc, r-devel-linux-x86_64-fedora-clang, r-devel-linux-x86_64-fedora-gcc, r-devel-windows-x86_64, r-patched-linux-x86_64, r-release-linux-x86_64, r-release-macos-arm64, r-release-macos-x86_64, r-release-windows-x86_64, r-oldrel-macos-arm64, r-oldrel-macos-x86_64, r-oldrel-windows-ix86+x86_64