CRAN Package Check Results for Package mdsr

Last updated on 2024-04-25 06:02:14 CEST.

Flavor Version Tinstall Tcheck Ttotal Status Flags
r-devel-linux-x86_64-debian-clang 0.2.7 47.61 82.04 129.65 NOTE
r-devel-linux-x86_64-debian-gcc 0.2.7 37.68 63.74 101.42 NOTE
r-devel-linux-x86_64-fedora-clang 0.2.7 164.40 NOTE
r-devel-linux-x86_64-fedora-gcc 0.2.7 156.74 NOTE
r-devel-windows-x86_64 0.2.7 40.00 94.00 134.00 NOTE
r-patched-linux-x86_64 0.2.7 38.57 78.90 117.47 NOTE
r-release-linux-x86_64 0.2.7 29.39 79.71 109.10 OK
r-release-macos-arm64 0.2.7 59.00 NOTE
r-release-windows-x86_64 0.2.7 35.00 87.00 122.00 NOTE
r-oldrel-macos-arm64 0.2.7 61.00 NOTE
r-oldrel-macos-x86_64 0.2.7 97.00 NOTE
r-oldrel-windows-x86_64 0.2.7 52.00 99.00 151.00 OK

Check Details

Version: 0.2.7
Check: Rd files
Result: NOTE checkRd: (-1) Elections.Rd:8: Lost braces 8 | An object of class \\code{tbl_df} (inherits from \\code{tbl}, \\code{data.frame}) | ^ checkRd: (-1) Elections.Rd:8: Lost braces 8 | An object of class \\code{tbl_df} (inherits from \\code{tbl}, \\code{data.frame}) | ^ checkRd: (-1) Elections.Rd:8: Lost braces 8 | An object of class \\code{tbl_df} (inherits from \\code{tbl}, \\code{data.frame}) | ^ checkRd: (-1) Violations.Rd:39-45: Lost braces 39 | { | ^ Flavors: r-devel-linux-x86_64-debian-clang, r-devel-linux-x86_64-debian-gcc, r-devel-linux-x86_64-fedora-clang, r-devel-linux-x86_64-fedora-gcc, r-devel-windows-x86_64, r-patched-linux-x86_64, r-release-macos-arm64, r-release-windows-x86_64

Version: 0.2.7
Check: data for non-ASCII characters
Result: NOTE Note: found 2866 marked UTF-8 strings Flavors: r-devel-linux-x86_64-fedora-clang, r-devel-linux-x86_64-fedora-gcc

Version: 0.2.7
Check: installed package size
Result: NOTE installed size is 5.4Mb sub-directories of 1Mb or more: data 5.1Mb Flavors: r-release-macos-arm64, r-oldrel-macos-arm64, r-oldrel-macos-x86_64