CRAN Package Check Results for Package mdw

Last updated on 2024-04-19 00:12:00 CEST.

Flavor Version Tinstall Tcheck Ttotal Status Flags
r-devel-linux-x86_64-debian-clang 2020.6-17 8.97 74.72 83.69 NOTE
r-devel-linux-x86_64-debian-gcc 2020.6-17 6.47 55.11 61.58 NOTE
r-devel-linux-x86_64-fedora-clang 2020.6-17 100.27 NOTE
r-devel-linux-x86_64-fedora-gcc 2020.6-17 109.49 NOTE
r-prerel-macos-arm64 2020.6-17 36.00 NOTE
r-prerel-windows-x86_64 2020.6-17 8.00 71.00 79.00 NOTE
r-patched-linux-x86_64 2020.6-17 8.31 71.78 80.09 NOTE
r-release-linux-x86_64 2020.6-17 6.04 72.47 78.51 NOTE
r-release-macos-arm64 2020.6-17 37.00 NOTE
r-release-macos-x86_64 2020.6-17 63.00 NOTE
r-release-windows-x86_64 2020.6-17 10.00 81.00 91.00 NOTE
r-oldrel-macos-arm64 2020.6-17 36.00 NOTE
r-oldrel-windows-x86_64 2020.6-17 11.00 87.00 98.00 NOTE

Check Details

Version: 2020.6-17
Check: package dependencies
Result: NOTE Package suggested but not available for checking: ‘MethylCapSig’ Flavors: r-devel-linux-x86_64-debian-clang, r-devel-linux-x86_64-debian-gcc, r-devel-linux-x86_64-fedora-clang, r-devel-linux-x86_64-fedora-gcc, r-prerel-macos-arm64, r-prerel-windows-x86_64, r-patched-linux-x86_64, r-release-linux-x86_64, r-release-macos-arm64, r-release-macos-x86_64, r-release-windows-x86_64, r-oldrel-windows-x86_64

Version: 2020.6-17
Check: LazyData
Result: NOTE 'LazyData' is specified without a 'data' directory Flavors: r-devel-linux-x86_64-debian-clang, r-devel-linux-x86_64-debian-gcc, r-devel-linux-x86_64-fedora-clang, r-devel-linux-x86_64-fedora-gcc, r-prerel-macos-arm64, r-prerel-windows-x86_64, r-patched-linux-x86_64, r-release-linux-x86_64, r-release-macos-arm64, r-release-macos-x86_64, r-release-windows-x86_64, r-oldrel-macos-arm64, r-oldrel-windows-x86_64