CRAN Package Check Results for Package meboot

Last updated on 2020-01-25 11:48:22 CET.

Flavor Version Tinstall Tcheck Ttotal Status Flags
r-devel-linux-x86_64-debian-clang 1.4-7 5.93 50.91 56.84 OK
r-devel-linux-x86_64-debian-gcc 1.4-7 5.53 39.92 45.45 OK
r-devel-linux-x86_64-fedora-clang 1.4-7 70.66 NOTE
r-devel-linux-x86_64-fedora-gcc 1.4-7 68.38 NOTE
r-devel-windows-ix86+x86_64 1.4-7 39.00 140.00 179.00 OK
r-devel-windows-ix86+x86_64-gcc8 1.4-7 29.00 95.00 124.00 OK
r-patched-linux-x86_64 1.4-7 4.90 45.82 50.72 OK
r-patched-solaris-x86 1.4-7 101.20 OK
r-release-linux-x86_64 1.4-7 5.11 45.38 50.49 OK
r-release-windows-ix86+x86_64 1.4-7 18.00 124.00 142.00 OK
r-release-osx-x86_64 1.4-7 OK
r-oldrel-windows-ix86+x86_64 1.4-7 12.00 82.00 94.00 OK
r-oldrel-osx-x86_64 1.4-7 OK

Check Details

Version: 1.4-7
Check: compiled code
Result: NOTE
    File ‘meboot/libs/meboot.so’:
     Found no calls to: ‘R_registerRoutines’, ‘R_useDynamicSymbols’
    
    It is good practice to register native routines and to disable symbol
    search.
    
    See ‘Writing portable packages’ in the ‘Writing R Extensions’ manual.
Flavors: r-devel-linux-x86_64-fedora-clang, r-devel-linux-x86_64-fedora-gcc