Last updated on 2023-03-21 17:53:08 CET.
Flavor | Version | Tinstall | Tcheck | Ttotal | Status | Flags |
---|---|---|---|---|---|---|
r-devel-linux-x86_64-debian-clang | 0.6-7 | 11.54 | 111.03 | 122.57 | WARN | |
r-devel-linux-x86_64-debian-gcc | 0.6-7 | 8.93 | 86.77 | 95.70 | WARN | |
r-devel-linux-x86_64-fedora-clang | 0.6-7 | 160.03 | WARN | |||
r-devel-linux-x86_64-fedora-gcc | 0.6-7 | 158.52 | WARN | |||
r-patched-linux-x86_64 | 0.6-7 | 17.88 | 103.56 | 121.44 | OK | |
r-release-linux-x86_64 | 0.6-7 | 8.35 | 105.13 | 113.48 | OK | |
r-release-macos-arm64 | 0.6-7 | 50.00 | OK | |||
r-release-macos-x86_64 | 0.6-7 | 81.00 | OK | |||
r-release-windows-x86_64 | 0.6-7 | 29.00 | 170.00 | 199.00 | OK | |
r-oldrel-macos-arm64 | 0.6-7 | 72.00 | OK | |||
r-oldrel-macos-x86_64 | 0.6-7 | 112.00 | OK | |||
r-oldrel-windows-ix86+x86_64 | 0.6-7 | 24.00 | 141.00 | 165.00 | OK |
Version: 0.6-7
Check: S3 generic/method consistency
Result: WARN
residualPlots:
function(model, ...)
residualPlots.expData:
function(object, ...)
residualPlots:
function(model, ...)
residualPlots.neModel:
function(object, ...)
residualPlot:
function(model, ...)
residualPlot.neModel:
function(object, ...)
residualPlot:
function(model, ...)
residualPlot.expData:
function(object, ...)
See section ‘Generic functions and methods’ in the ‘Writing R
Extensions’ manual.
Flavors: r-devel-linux-x86_64-debian-clang, r-devel-linux-x86_64-debian-gcc, r-devel-linux-x86_64-fedora-clang, r-devel-linux-x86_64-fedora-gcc