CRAN Package Check Results for Package medicalrisk

Last updated on 2024-07-25 17:46:16 CEST.

Flavor Version Tinstall Tcheck Ttotal Status Flags
r-devel-linux-x86_64-debian-clang 1.3 5.55 47.72 53.27 OK
r-devel-linux-x86_64-debian-gcc 1.3 3.69 37.13 40.82 NOTE
r-devel-linux-x86_64-fedora-clang 1.3 69.50 OK
r-devel-linux-x86_64-fedora-gcc 1.3 97.29 OK
r-devel-windows-x86_64 1.3 6.00 63.00 69.00 NOTE
r-patched-linux-x86_64 1.3 OK
r-release-linux-x86_64 1.3 4.55 47.17 51.72 OK
r-release-macos-arm64 1.3 35.00 OK
r-release-macos-x86_64 1.3 54.00 OK
r-release-windows-x86_64 1.3 6.00 61.00 67.00 OK
r-oldrel-macos-arm64 1.3 38.00 OK
r-oldrel-macos-x86_64 1.3 54.00 OK
r-oldrel-windows-x86_64 1.3 6.00 67.00 73.00 OK

Check Details

Version: 1.3
Check: Rd cross-references
Result: NOTE Found the following Rd file(s) with Rd \link{} targets missing package anchors: generate_comorbidity_df.Rd: ddply melt_icd9list.Rd: ddply Please provide package anchors for all Rd \link{} targets not in the package itself and the base packages. Flavors: r-devel-linux-x86_64-debian-gcc, r-devel-windows-x86_64