CRAN Package Check Results for Package meerva

Last updated on 2022-10-07 05:52:00 CEST.

Flavor Version Tinstall Tcheck Ttotal Status Flags
r-devel-linux-x86_64-debian-clang 0.2-2 3.57 51.50 55.07 OK
r-devel-linux-x86_64-debian-gcc 0.2-2 4.22 38.24 42.46 OK
r-devel-linux-x86_64-fedora-clang 0.2-2 81.65 NOTE
r-devel-linux-x86_64-fedora-gcc 0.2-2 77.22 NOTE
r-devel-windows-x86_64 0.2-2 12.00 81.00 93.00 OK
r-patched-linux-x86_64 0.2-2 5.04 47.86 52.90 OK
r-release-linux-x86_64 0.2-2 4.66 48.13 52.79 OK
r-release-macos-arm64 0.2-2 25.00 NOTE
r-release-macos-x86_64 0.2-2 41.00 NOTE
r-release-windows-x86_64 0.2-2 15.00 74.00 89.00 OK
r-oldrel-macos-arm64 0.2-2 23.00 NOTE
r-oldrel-macos-x86_64 0.2-2 35.00 NOTE
r-oldrel-windows-ix86+x86_64 0.2-2 10.00 74.00 84.00 OK

Check Details

Version: 0.2-2
Check: dependencies in R code
Result: NOTE
    Namespace in Imports field not imported from: ‘dplyr’
     All declared Imports should be used.
Flavors: r-devel-linux-x86_64-fedora-clang, r-devel-linux-x86_64-fedora-gcc, r-release-macos-arm64, r-release-macos-x86_64, r-oldrel-macos-arm64, r-oldrel-macos-x86_64