Last updated on 2023-09-28 05:56:52 CEST.
Flavor | Version | Tinstall | Tcheck | Ttotal | Status | Flags |
---|---|---|---|---|---|---|
r-devel-linux-x86_64-debian-clang | 0.2-2 | 4.61 | 49.69 | 54.30 | OK | |
r-devel-linux-x86_64-debian-gcc | 0.2-2 | 4.17 | 37.11 | 41.28 | OK | |
r-devel-linux-x86_64-fedora-clang | 0.2-2 | 68.27 | NOTE | |||
r-devel-linux-x86_64-fedora-gcc | 0.2-2 | 78.15 | NOTE | |||
r-devel-windows-x86_64 | 0.2-2 | 6.00 | 60.00 | 66.00 | OK | |
r-patched-linux-x86_64 | 0.2-2 | 3.91 | 48.70 | 52.61 | OK | |
r-release-linux-x86_64 | 0.2-2 | 3.35 | 48.57 | 51.92 | OK | |
r-release-macos-arm64 | 0.2-2 | 32.00 | OK | |||
r-release-macos-x86_64 | 0.2-2 | 39.00 | OK | |||
r-release-windows-x86_64 | 0.2-2 | 7.00 | 66.00 | 73.00 | OK | |
r-oldrel-macos-arm64 | 0.2-2 | 25.00 | NOTE | |||
r-oldrel-macos-x86_64 | 0.2-2 | 41.00 | NOTE | |||
r-oldrel-windows-x86_64 | 0.2-2 | 8.00 | 64.00 | 72.00 | OK |
Version: 0.2-2
Check: dependencies in R code
Result: NOTE
Namespace in Imports field not imported from: ‘dplyr’
All declared Imports should be used.
Flavors: r-devel-linux-x86_64-fedora-clang, r-devel-linux-x86_64-fedora-gcc, r-oldrel-macos-arm64, r-oldrel-macos-x86_64