Last updated on 2023-10-01 17:56:29 CEST.
Flavor | Version | Tinstall | Tcheck | Ttotal | Status | Flags |
---|---|---|---|---|---|---|
r-devel-linux-x86_64-debian-clang | 1.0 | 6.23 | 54.43 | 60.66 | OK | |
r-devel-linux-x86_64-debian-gcc | 1.0 | 5.68 | 39.72 | 45.40 | OK | |
r-devel-linux-x86_64-fedora-clang | 1.0 | 77.23 | NOTE | |||
r-devel-linux-x86_64-fedora-gcc | 1.0 | 83.17 | NOTE | |||
r-devel-windows-x86_64 | 1.0 | 7.00 | 63.00 | 70.00 | OK | |
r-patched-linux-x86_64 | 1.0 | 4.34 | 50.40 | 54.74 | OK | |
r-release-linux-x86_64 | 1.0 | 4.15 | 50.67 | 54.82 | OK | |
r-release-macos-arm64 | 1.0 | 33.00 | OK | |||
r-release-macos-x86_64 | 1.0 | 47.00 | OK | |||
r-release-windows-x86_64 | 1.0 | 9.00 | 68.00 | 77.00 | OK | |
r-oldrel-macos-arm64 | 1.0 | 29.00 | NOTE | |||
r-oldrel-macos-x86_64 | 1.0 | 40.00 | NOTE | |||
r-oldrel-windows-x86_64 | 1.0 | 9.00 | 67.00 | 76.00 | OK |
Version: 1.0
Check: dependencies in R code
Result: NOTE
Namespace in Imports field not imported from: ‘gt’
All declared Imports should be used.
Flavors: r-devel-linux-x86_64-fedora-clang, r-devel-linux-x86_64-fedora-gcc, r-oldrel-macos-arm64, r-oldrel-macos-x86_64