CRAN Package Check Results for Package metScanR

Last updated on 2021-07-27 11:51:08 CEST.

Flavor Version Tinstall Tcheck Ttotal Status Flags
r-devel-linux-x86_64-debian-clang 1.2.3 5.01 52.18 57.19 OK
r-devel-linux-x86_64-debian-gcc 1.2.3 4.75 42.74 47.49 OK
r-devel-linux-x86_64-fedora-clang 1.2.3 79.08 NOTE
r-devel-linux-x86_64-fedora-gcc 1.2.3 68.42 NOTE
r-devel-windows-x86_64 1.2.3 9.00 82.00 91.00 OK
r-devel-windows-x86_64-gcc10-UCRT 1.2.3 NOTE
r-patched-linux-x86_64 1.2.3 5.82 53.35 59.17 OK
r-patched-solaris-x86 1.2.3 106.30 NOTE
r-release-linux-x86_64 1.2.3 5.08 52.90 57.98 OK
r-release-macos-arm64 1.2.3 NOTE
r-release-macos-x86_64 1.2.3 NOTE
r-release-windows-ix86+x86_64 1.2.3 13.00 54.00 67.00 OK
r-oldrel-macos-x86_64 1.2.3 NOTE
r-oldrel-windows-ix86+x86_64 1.2.3 35.00 77.00 112.00 OK

Check Details

Version: 1.2.3
Check: dependencies in R code
Result: NOTE
    Namespace in Imports field not imported from: ‘grDevices’
     All declared Imports should be used.
Flavors: r-devel-linux-x86_64-fedora-clang, r-devel-linux-x86_64-fedora-gcc, r-devel-windows-x86_64-gcc10-UCRT, r-patched-solaris-x86, r-release-macos-arm64, r-release-macos-x86_64, r-oldrel-macos-x86_64

Version: 1.2.3
Check: data for non-ASCII characters
Result: NOTE
     Note: found 5 marked UTF-8 strings
Flavors: r-devel-linux-x86_64-fedora-clang, r-devel-linux-x86_64-fedora-gcc, r-devel-windows-x86_64-gcc10-UCRT, r-patched-solaris-x86, r-release-macos-arm64, r-release-macos-x86_64, r-oldrel-macos-x86_64