CRAN Package Check Results for Package metaEnsembleR

Last updated on 2021-07-27 11:51:08 CEST.

Flavor Version Tinstall Tcheck Ttotal Status Flags
r-devel-linux-x86_64-debian-clang 0.1.0 2.24 29.02 31.26 OK
r-devel-linux-x86_64-debian-gcc 0.1.0 1.98 22.73 24.71 OK
r-devel-linux-x86_64-fedora-clang 0.1.0 47.63 NOTE
r-devel-linux-x86_64-fedora-gcc 0.1.0 37.35 NOTE
r-devel-windows-x86_64 0.1.0 5.00 49.00 54.00 OK
r-devel-windows-x86_64-gcc10-UCRT 0.1.0 NOTE
r-patched-linux-x86_64 0.1.0 2.56 27.87 30.43 OK
r-patched-solaris-x86 0.1.0 57.80 NOTE
r-release-linux-x86_64 0.1.0 2.40 28.08 30.48 OK
r-release-macos-arm64 0.1.0 NOTE
r-release-macos-x86_64 0.1.0 NOTE
r-release-windows-ix86+x86_64 0.1.0 6.00 31.00 37.00 OK
r-oldrel-macos-x86_64 0.1.0 NOTE
r-oldrel-windows-ix86+x86_64 0.1.0 5.00 47.00 52.00 OK

Check Details

Version: 0.1.0
Check: dependencies in R code
Result: NOTE
    Namespaces in Imports field not imported from:
     ‘e1071’ ‘gbm’ ‘ggplot2’ ‘graphics’ ‘randomForest’
     All declared Imports should be used.
Flavors: r-devel-linux-x86_64-fedora-clang, r-devel-linux-x86_64-fedora-gcc, r-devel-windows-x86_64-gcc10-UCRT, r-patched-solaris-x86, r-release-macos-arm64, r-release-macos-x86_64, r-oldrel-macos-x86_64