Last updated on 2024-05-06 00:02:56 CEST.
Flavor | Version | Tinstall | Tcheck | Ttotal | Status | Flags |
---|---|---|---|---|---|---|
r-devel-linux-x86_64-debian-clang | 0.3.7 | 46.66 | 218.13 | 264.79 | NOTE | |
r-devel-linux-x86_64-debian-gcc | 0.3.7 | 39.70 | 155.10 | 194.80 | OK | |
r-devel-linux-x86_64-fedora-clang | 0.3.7 | 344.94 | NOTE | |||
r-devel-linux-x86_64-fedora-gcc | 0.3.7 | 327.76 | NOTE | |||
r-devel-windows-x86_64 | 0.3.7 | 41.00 | 210.00 | 251.00 | OK | |
r-patched-linux-x86_64 | 0.3.7 | 60.41 | 207.57 | 267.98 | OK | |
r-release-linux-x86_64 | 0.3.7 | 42.02 | 203.15 | 245.17 | OK | |
r-release-macos-arm64 | 0.3.7 | 91.00 | OK | |||
r-release-macos-x86_64 | 0.3.7 | 181.00 | OK | |||
r-release-windows-x86_64 | 0.3.7 | 41.00 | 215.00 | 256.00 | OK | |
r-oldrel-macos-arm64 | 0.3.7 | 103.00 | NOTE | |||
r-oldrel-macos-x86_64 | 0.3.7 | 182.00 | NOTE | |||
r-oldrel-windows-x86_64 | 0.3.7 | 55.00 | 265.00 | 320.00 | OK |
Version: 0.3.7
Check: package dependencies
Result: NOTE
Package suggested but not available for checking: ‘DESeq2’
Flavor: r-devel-linux-x86_64-debian-clang
Version: 0.3.7
Check: Rd cross-references
Result: NOTE
Package unavailable to check Rd xrefs: ‘DESeq2’
Flavor: r-devel-linux-x86_64-debian-clang
Version: 0.3.7
Check: dependencies in R code
Result: NOTE
Namespace in Imports field not imported from: ‘R6’
All declared Imports should be used.
Flavors: r-devel-linux-x86_64-fedora-clang, r-devel-linux-x86_64-fedora-gcc
Version: 0.3.7
Check: package dependencies
Result: NOTE
Packages suggested but not available for checking: 'phyloseq', 'biomformat'
Flavors: r-oldrel-macos-arm64, r-oldrel-macos-x86_64