Last updated on 2024-08-31 23:49:08 CEST.
Flavor | Version | Tinstall | Tcheck | Ttotal | Status | Flags |
---|---|---|---|---|---|---|
r-devel-linux-x86_64-debian-clang | 1.1.1 | 3.44 | 109.63 | 113.07 | NOTE | |
r-devel-linux-x86_64-debian-gcc | 1.1.1 | 2.48 | 71.62 | 74.10 | NOTE | |
r-devel-linux-x86_64-fedora-clang | 1.1.1 | 194.91 | OK | |||
r-devel-linux-x86_64-fedora-gcc | 1.1.1 | 185.35 | OK | |||
r-devel-windows-x86_64 | 1.1.1 | 6.00 | 133.00 | 139.00 | NOTE | |
r-patched-linux-x86_64 | 1.1.1 | 10.65 | 103.45 | 114.10 | OK | |
r-release-linux-x86_64 | 1.1.1 | 2.95 | 102.39 | 105.34 | OK | |
r-release-macos-arm64 | 1.1.1 | 50.00 | OK | |||
r-release-macos-x86_64 | 1.1.1 | 79.00 | OK | |||
r-release-windows-x86_64 | 1.1.1 | 5.00 | 138.00 | 143.00 | OK | |
r-oldrel-macos-arm64 | 1.1.1 | 54.00 | OK | |||
r-oldrel-macos-x86_64 | 1.1.1 | 123.00 | OK | |||
r-oldrel-windows-x86_64 | 1.1.1 | 8.00 | 154.00 | 162.00 | OK |
Version: 1.1.1
Check: Rd cross-references
Result: NOTE
Found the following Rd file(s) with Rd \link{} targets missing package
anchors:
metamedian-defunct.Rd: qe.fit, print.qe.fit
qe.Rd: qe.fit
qe.study.level.Rd: qe.fit
Please provide package anchors for all Rd \link{} targets not in the
package itself and the base packages.
Flavors: r-devel-linux-x86_64-debian-clang, r-devel-linux-x86_64-debian-gcc, r-devel-windows-x86_64