Last updated on 2024-04-19 00:12:00 CEST.
Flavor | Version | Tinstall | Tcheck | Ttotal | Status | Flags |
---|---|---|---|---|---|---|
r-devel-linux-x86_64-debian-clang | 1.2 | 15.96 | 197.58 | 213.54 | OK | |
r-devel-linux-x86_64-debian-gcc | 1.2 | 12.05 | 144.88 | 156.93 | OK | |
r-devel-linux-x86_64-fedora-clang | 1.2 | 264.40 | NOTE | |||
r-devel-linux-x86_64-fedora-gcc | 1.2 | 262.73 | NOTE | |||
r-prerel-macos-arm64 | 1.2 | 76.00 | OK | |||
r-prerel-windows-x86_64 | 1.2 | 13.00 | 155.00 | 168.00 | OK | |
r-patched-linux-x86_64 | 1.2 | 13.62 | 185.33 | 198.95 | OK | |
r-release-linux-x86_64 | 1.2 | 12.97 | 191.20 | 204.17 | OK | |
r-release-macos-arm64 | 1.2 | 90.00 | OK | |||
r-release-macos-x86_64 | 1.2 | 125.00 | NOTE | |||
r-release-windows-x86_64 | 1.2 | 18.00 | 192.00 | 210.00 | OK | |
r-oldrel-macos-arm64 | 1.2 | 72.00 | NOTE | |||
r-oldrel-windows-x86_64 | 1.2 | 18.00 | 190.00 | 208.00 | OK |
Version: 1.2
Check: dependencies in R code
Result: NOTE
Namespace in Imports field not imported from: ‘lmerTest’
All declared Imports should be used.
Flavors: r-devel-linux-x86_64-fedora-clang, r-devel-linux-x86_64-fedora-gcc, r-oldrel-macos-arm64
Version: 1.2
Check: package dependencies
Result: NOTE
Package suggested but not available for checking: ‘caret’
Flavor: r-release-macos-x86_64