Last updated on 2024-03-28 11:53:31 CET.
Flavor | Version | Tinstall | Tcheck | Ttotal | Status | Flags |
---|---|---|---|---|---|---|
r-devel-linux-x86_64-debian-clang | 0.3 | 554.35 | 80.61 | 634.96 | OK | |
r-devel-linux-x86_64-debian-gcc | 0.3 | 416.24 | 65.21 | 481.45 | OK | |
r-devel-linux-x86_64-fedora-clang | 0.3 | 830.06 | OK | |||
r-devel-linux-x86_64-fedora-gcc | 0.3 | 912.02 | OK | |||
r-devel-windows-x86_64 | 0.3 | 382.00 | 113.00 | 495.00 | OK | |
r-patched-linux-x86_64 | 0.3 | 503.93 | 85.38 | 589.31 | OK | |
r-release-linux-x86_64 | 0.3 | 487.11 | 82.82 | 569.93 | OK | |
r-release-macos-arm64 | 0.3 | 186.00 | NOTE | |||
r-release-macos-x86_64 | 0.3 | 190.00 | NOTE | |||
r-release-windows-x86_64 | 0.3 | 480.00 | 132.00 | 612.00 | OK | |
r-oldrel-macos-arm64 | 0.3 | 154.00 | NOTE | |||
r-oldrel-windows-x86_64 | 0.3 | 440.00 | 119.00 | 559.00 | OK |
Version: 0.3
Check: installed package size
Result: NOTE
installed size is 21.4Mb
sub-directories of 1Mb or more:
libs 21.0Mb
Flavors: r-release-macos-arm64, r-release-macos-x86_64, r-oldrel-macos-arm64