CRAN Package Check Results for Package meteoForecast

Last updated on 2022-11-30 23:54:44 CET.

Flavor Version Tinstall Tcheck Ttotal Status Flags
r-devel-linux-x86_64-debian-clang 0.54 34.35 274.99 309.34 NOTE
r-devel-linux-x86_64-debian-gcc 0.54 24.07 203.29 227.36 NOTE
r-devel-linux-x86_64-fedora-clang 0.54 424.07 NOTE
r-devel-linux-x86_64-fedora-gcc 0.54 406.21 NOTE
r-devel-windows-x86_64 0.54 42.00 259.00 301.00 NOTE
r-patched-linux-x86_64 0.54 30.99 267.45 298.44 NOTE
r-release-linux-x86_64 0.54 35.91 268.14 304.05 NOTE
r-release-macos-arm64 0.54 71.00 NOTE
r-release-macos-x86_64 0.54 102.00 NOTE
r-release-windows-x86_64 0.54 44.00 275.00 319.00 NOTE
r-oldrel-macos-arm64 0.54 38.00 NOTE
r-oldrel-macos-x86_64 0.54 73.00 NOTE
r-oldrel-windows-ix86+x86_64 0.54 66.00 271.00 337.00 NOTE

Check Details

Version: 0.54
Check: LazyData
Result: NOTE
     'LazyData' is specified without a 'data' directory
Flavors: r-devel-linux-x86_64-debian-clang, r-devel-linux-x86_64-debian-gcc, r-devel-linux-x86_64-fedora-clang, r-devel-linux-x86_64-fedora-gcc, r-devel-windows-x86_64, r-patched-linux-x86_64, r-release-linux-x86_64, r-release-macos-arm64, r-release-macos-x86_64, r-release-windows-x86_64, r-oldrel-macos-arm64, r-oldrel-macos-x86_64, r-oldrel-windows-ix86+x86_64