CRAN Package Check Results for Package meteoland

Last updated on 2021-12-08 23:49:23 CET.

Flavor Version Tinstall Tcheck Ttotal Status Flags
r-devel-linux-x86_64-debian-clang 1.0.1 126.43 407.76 534.19 OK
r-devel-linux-x86_64-debian-gcc 1.0.1 97.75 307.72 405.47 OK
r-devel-linux-x86_64-fedora-clang 1.0.1 692.47 NOTE
r-devel-linux-x86_64-fedora-gcc 1.0.1 655.83 NOTE
r-devel-windows-x86_64-new-UL 1.0.1 179.00 499.00 678.00 OK
r-devel-windows-x86_64-new-TK 1.0.1 NOTE
r-devel-windows-x86_64-old 1.0.1 178.00 333.00 511.00 OK
r-patched-linux-x86_64 1.0.1 112.34 393.30 505.64 OK
r-release-linux-x86_64 1.0.1 86.36 389.51 475.87 OK
r-release-macos-arm64 1.0.1 NOTE
r-release-macos-x86_64 1.0.1 NOTE
r-release-windows-ix86+x86_64 1.0.1 227.00 516.00 743.00 NOTE
r-oldrel-macos-x86_64 1.0.1 NOTE
r-oldrel-windows-ix86+x86_64 1.0.1 216.00 589.00 805.00 NOTE

Check Details

Version: 1.0.1
Check: installed package size
Result: NOTE
     installed size is 5.8Mb
     sub-directories of 1Mb or more:
     R 1.1Mb
     libs 3.3Mb
Flavors: r-devel-linux-x86_64-fedora-clang, r-release-macos-arm64, r-release-macos-x86_64, r-release-windows-ix86+x86_64, r-oldrel-macos-x86_64, r-oldrel-windows-ix86+x86_64

Version: 1.0.1
Check: data for non-ASCII characters
Result: NOTE
     Note: found 2 marked UTF-8 strings
Flavors: r-devel-linux-x86_64-fedora-clang, r-devel-linux-x86_64-fedora-gcc, r-devel-windows-x86_64-new-TK, r-release-macos-arm64, r-release-macos-x86_64, r-oldrel-macos-x86_64