Last updated on 2024-08-16 11:49:44 CEST.
Flavor | Version | Tinstall | Tcheck | Ttotal | Status | Flags |
---|---|---|---|---|---|---|
r-devel-linux-x86_64-debian-clang | 1.3.4 | 287.90 | 436.88 | 724.78 | OK | |
r-devel-linux-x86_64-debian-gcc | 1.3.4 | 191.24 | 302.47 | 493.71 | OK | |
r-devel-linux-x86_64-fedora-clang | 1.3.4 | 1172.64 | NOTE | |||
r-devel-linux-x86_64-fedora-gcc | 1.3.4 | 1240.01 | OK | |||
r-devel-windows-x86_64 | 1.3.4 | 270.00 | 440.00 | 710.00 | NOTE | |
r-patched-linux-x86_64 | 1.3.4 | 271.37 | 413.51 | 684.88 | OK | |
r-release-linux-x86_64 | 1.3.4 | 266.46 | 417.83 | 684.29 | OK | |
r-release-macos-arm64 | 1.3.4 | 327.00 | NOTE | |||
r-release-macos-x86_64 | 1.3.4 | 444.00 | NOTE | |||
r-release-windows-x86_64 | 1.3.4 | 271.00 | 444.00 | 715.00 | NOTE | |
r-oldrel-macos-arm64 | 1.3.4 | 302.00 | NOTE | |||
r-oldrel-macos-x86_64 | 1.3.4 | 609.00 | NOTE | |||
r-oldrel-windows-x86_64 | 1.3.4 | 321.00 | 576.00 | 897.00 | NOTE |
Version: 1.3.4
Check: installed package size
Result: NOTE
installed size is 8.6Mb
sub-directories of 1Mb or more:
R 1.7Mb
doc 2.8Mb
libs 2.2Mb
Flavors: r-devel-linux-x86_64-fedora-clang, r-devel-windows-x86_64, r-release-macos-arm64, r-release-macos-x86_64, r-release-windows-x86_64, r-oldrel-macos-arm64, r-oldrel-macos-x86_64, r-oldrel-windows-x86_64