Last updated on 2025-01-17 11:49:54 CET.
Flavor | Version | Tinstall | Tcheck | Ttotal | Status | Flags |
---|---|---|---|---|---|---|
r-devel-linux-x86_64-debian-clang | 1.3.5 | 291.54 | 494.57 | 786.11 | OK | |
r-devel-linux-x86_64-debian-gcc | 1.3.5 | 195.10 | 353.79 | 548.89 | OK | |
r-devel-linux-x86_64-fedora-clang | 1.3.5 | 1098.93 | OK | |||
r-devel-linux-x86_64-fedora-gcc | 1.3.5 | 1428.54 | OK | |||
r-devel-windows-x86_64 | 1.3.5 | 266.00 | 499.00 | 765.00 | OK | |
r-patched-linux-x86_64 | 1.3.5 | 279.94 | 473.26 | 753.20 | OK | |
r-release-linux-x86_64 | 1.3.5 | 281.88 | 462.30 | 744.18 | OK | |
r-release-macos-arm64 | 1.3.5 | 321.00 | NOTE | |||
r-release-macos-x86_64 | 1.3.5 | 645.00 | NOTE | |||
r-release-windows-x86_64 | 1.3.5 | 246.00 | 467.00 | 713.00 | NOTE | |
r-oldrel-macos-arm64 | 1.3.5 | 324.00 | NOTE | |||
r-oldrel-macos-x86_64 | 1.3.5 | 602.00 | NOTE | |||
r-oldrel-windows-x86_64 | 1.3.5 | 219.00 | 516.00 | 735.00 | NOTE |
Version: 1.3.5
Check: installed package size
Result: NOTE
installed size is 29.0Mb
sub-directories of 1Mb or more:
R 2.0Mb
doc 3.6Mb
libs 21.4Mb
Flavors: r-release-macos-arm64, r-release-macos-x86_64, r-release-windows-x86_64, r-oldrel-macos-arm64, r-oldrel-macos-x86_64, r-oldrel-windows-x86_64