CRAN Package Check Results for Package metsyn

Last updated on 2022-09-27 11:51:18 CEST.

Flavor Version Tinstall Tcheck Ttotal Status Flags
r-devel-linux-x86_64-debian-clang 0.1.2 4.31 40.82 45.13 NOTE
r-devel-linux-x86_64-debian-gcc 0.1.2 3.85 30.71 34.56 NOTE
r-devel-linux-x86_64-fedora-clang 0.1.2 66.54 NOTE
r-devel-linux-x86_64-fedora-gcc 0.1.2 62.26 NOTE
r-devel-windows-x86_64 0.1.2 9.00 66.00 75.00 NOTE
r-patched-linux-x86_64 0.1.2 4.51 38.63 43.14 NOTE
r-release-linux-x86_64 0.1.2 4.90 38.63 43.53 NOTE
r-release-macos-arm64 0.1.2 21.00 NOTE
r-release-macos-x86_64 0.1.2 34.00 NOTE
r-release-windows-x86_64 0.1.2 8.00 66.00 74.00 NOTE
r-oldrel-macos-arm64 0.1.2 23.00 NOTE
r-oldrel-macos-x86_64 0.1.2 27.00 NOTE
r-oldrel-windows-ix86+x86_64 0.1.2 11.00 62.00 73.00 NOTE

Check Details

Version: 0.1.2
Check: LazyData
Result: NOTE
     'LazyData' is specified without a 'data' directory
Flavors: r-devel-linux-x86_64-debian-clang, r-devel-linux-x86_64-debian-gcc, r-devel-linux-x86_64-fedora-clang, r-devel-linux-x86_64-fedora-gcc, r-devel-windows-x86_64, r-patched-linux-x86_64, r-release-linux-x86_64, r-release-macos-arm64, r-release-macos-x86_64, r-release-windows-x86_64, r-oldrel-macos-arm64, r-oldrel-macos-x86_64, r-oldrel-windows-ix86+x86_64