CRAN Package Check Results for Package metsyn

Last updated on 2023-09-28 05:56:53 CEST.

Flavor Version Tinstall Tcheck Ttotal Status Flags
r-devel-linux-x86_64-debian-clang 0.1.2 4.12 39.09 43.21 NOTE
r-devel-linux-x86_64-debian-gcc 0.1.2 3.92 29.56 33.48 NOTE
r-devel-linux-x86_64-fedora-clang 0.1.2 52.63 NOTE
r-devel-linux-x86_64-fedora-gcc 0.1.2 51.53 NOTE
r-devel-windows-x86_64 0.1.2 5.00 51.00 56.00 NOTE
r-patched-linux-x86_64 0.1.2 2.96 37.53 40.49 NOTE
r-release-linux-x86_64 0.1.2 2.98 37.13 40.11 NOTE
r-release-macos-arm64 0.1.2 21.00 NOTE
r-release-macos-x86_64 0.1.2 29.00 NOTE
r-release-windows-x86_64 0.1.2 7.00 52.00 59.00 NOTE
r-oldrel-macos-arm64 0.1.2 21.00 NOTE
r-oldrel-macos-x86_64 0.1.2 34.00 NOTE
r-oldrel-windows-x86_64 0.1.2 6.00 58.00 64.00 NOTE

Check Details

Version: 0.1.2
Check: LazyData
Result: NOTE
     'LazyData' is specified without a 'data' directory
Flavors: r-devel-linux-x86_64-debian-clang, r-devel-linux-x86_64-debian-gcc, r-devel-linux-x86_64-fedora-clang, r-devel-linux-x86_64-fedora-gcc, r-devel-windows-x86_64, r-patched-linux-x86_64, r-release-linux-x86_64, r-release-macos-arm64, r-release-macos-x86_64, r-release-windows-x86_64, r-oldrel-macos-arm64, r-oldrel-macos-x86_64, r-oldrel-windows-x86_64