CRAN Package Check Results for Package mev

Last updated on 2019-04-19 11:51:59 CEST.

Flavor Version Tinstall Tcheck Ttotal Status Flags
r-devel-linux-x86_64-debian-clang 1.11 100.22 154.40 254.62 ERROR
r-devel-linux-x86_64-debian-gcc 1.11 77.60 116.40 194.00 ERROR
r-devel-linux-x86_64-fedora-clang 1.11 323.99 NOTE
r-devel-linux-x86_64-fedora-gcc 1.11 295.74 OK
r-devel-windows-ix86+x86_64 1.11 218.00 287.00 505.00 OK
r-patched-linux-x86_64 1.11 87.04 151.53 238.57 ERROR
r-patched-solaris-x86 1.11 362.20 OK
r-release-linux-x86_64 1.11 84.85 146.46 231.31 OK
r-release-windows-ix86+x86_64 1.11 145.00 246.00 391.00 OK
r-release-osx-x86_64 1.11 NOTE
r-oldrel-windows-ix86+x86_64 1.11 162.00 287.00 449.00 OK
r-oldrel-osx-x86_64 1.11 NOTE

Check Details

Version: 1.11
Check: examples
Result: ERROR
    Running examples in 'mev-Ex.R' failed
    The error most likely occurred in:
    
    > base::assign(".ptime", proc.time(), pos = "CheckExEnv")
    > ### Name: rmev
    > ### Title: Exact simulations of multivariate extreme value distributions
    > ### Aliases: rmev
    >
    > ### ** Examples
    >
    > set.seed(1)
    > rmev(n=100, d=3, param=2.5, model="log", alg="ef")
     [,1] [,2] [,3]
     [1,] 1.3241844 2.7993629 1.0646407
     [2,] 0.8080132 1.6992939 0.7179083
     [3,] 26.8322925 23.0714108 37.5944866
     [4,] 4.2548221 3.3191385 3.0360654
     [5,] 1.7926629 2.8146683 1.9201000
     [6,] 0.3436559 0.2275397 0.1736779
     [7,] 4.1524779 1.6554806 1.1395523
     [8,] 0.6924634 1.6015045 0.4729466
     [9,] 0.7722329 1.0479223 0.6663154
     [10,] 0.9734914 2.2388627 1.2705100
     [11,] 9.3166649 5.0719498 4.3993434
     [12,] 1.6068357 2.0191002 2.5851826
     [13,] 1.7208045 6.4176355 2.0864478
     [14,] 0.7217394 3.6688121 1.2280653
     [15,] 0.2550256 0.3148263 0.3432364
     [16,] 1.4594709 2.6277023 1.2050499
     [17,] 0.7952011 0.9130174 0.7408276
     [18,] 5.6864751 10.8918433 9.1068160
     [19,] 0.6507906 0.5649713 2.5489719
     [20,] 0.2943543 0.3187133 0.3552160
     [21,] 3.9921646 5.2547137 4.3501015
     [22,] 45.4919358 44.1298669 53.0023479
     [23,] 9.2109274 14.1265549 14.8903439
     [24,] 6.5100218 2.3194623 5.4323191
     [25,] 0.7788335 1.5107596 0.8286699
     [26,] 0.4689831 0.3076351 0.2766227
     [27,] 2.2297072 4.5375915 2.9498290
     [28,] 3.5158139 8.9986099 2.1972200
     [29,] 1.1075761 0.7893003 0.4072057
     [30,] 4.4474789 3.5740845 1.3516939
     [31,] 0.1880307 0.7157074 0.3655790
     [32,] 4.1948912 3.6034486 2.4692792
     [33,] 2.4452410 2.0918579 1.7233233
     [34,] 2.1078167 1.9527438 2.3825863
     [35,] 20.6483841 7.3692035 12.9039323
     [36,] 5.7910208 0.9927368 1.6359326
     [37,] 0.4405659 0.5622922 0.2563285
     [38,] 0.2737696 0.4675466 0.8151963
     [39,] 1.9077606 1.3977859 3.2930667
     [40,] 518.7965587 654.0947432 559.9352772
     [41,] 0.5044269 0.4816114 0.5386546
     [42,] 0.6525537 0.6020635 0.6410463
     [43,] 0.8297775 0.3931504 0.5103706
     [44,] 5.5615656 9.4178517 2.5822721
     [45,] 0.8782299 0.6859625 0.8512454
     [46,] 0.7255494 0.5939896 0.8462600
     [47,] 32.9434266 24.5289388 76.1289342
     [48,] 0.8242095 0.7357299 0.9947758
     [49,] 0.7569966 0.3463297 1.0311805
     [50,] 4.4421658 6.2614536 3.0787288
     [51,] 2.0389109 0.8444871 1.2737657
     [52,] 6.7758576 4.8729472 2.8735788
     [53,] 5.6882860 5.4424085 4.8457198
     [54,] 0.6472684 0.8741934 0.8616940
     [55,] 1.0202678 1.8892189 2.9672814
     [56,] 1.5625309 1.5043384 0.8932051
     [57,] 5.3784519 4.7888378 2.3316439
     [58,] 2.7429866 6.5206491 5.7368401
     [59,] 0.4239659 0.3392086 0.3693929
     [60,] 1.4285849 1.1103833 0.8652395
     [61,] 0.5262386 0.4187189 0.4797577
     [62,] 1.4667154 0.7042429 2.1704179
     [63,] 0.3941662 0.5197489 0.3099264
     [64,] 0.5009843 1.8451471 0.6201354
     [65,] 0.2289987 1.7555116 0.4913419
     [66,] 0.7424231 1.3076994 1.1753006
     [67,] 0.3944793 1.0649244 0.4124939
     [68,] 0.3826278 0.5261374 0.5137356
     [69,] 2.5422436 1.9500485 1.8923649
     [70,] 5.2454130 10.4540583 7.5350216
     [71,] 6.8215580 1.6971728 1.5727520
     [72,] 2.4431299 0.9174740 1.1897401
     [73,] 0.2947914 0.2014534 0.7053788
     [74,] 9.8183223 7.4168505 28.9644807
     [75,] 2.0977387 1.4587730 1.2596296
     [76,] 2.1063441 0.6056433 0.7216470
     [77,] 0.3791312 0.4946861 1.2087285
     [78,] 1.4132108 1.6579087 1.3394142
     [79,] 1.7290945 4.4431699 1.3579806
     [80,] 6.3547801 5.0884003 15.6788521
     [81,] 1.8221446 1.1368440 3.6184991
     [82,] 3.4655900 3.2022965 4.4324373
     [83,] 10.2291760 9.8751531 13.2110210
     [84,] 2.5906485 6.9595485 5.9532892
     [85,] 0.5516058 1.2833323 0.5715908
     [86,] 0.7759360 0.6456412 0.7055688
     [87,] 0.5620228 0.5964398 0.7658183
     [88,] 1.5912064 3.0733047 5.5349735
     [89,] 3.1445205 0.6125466 0.6581886
     [90,] 1.4322970 2.4934474 0.9413238
     [91,] 0.4132584 1.7433116 1.4005017
     [92,] 4.2212600 6.5874352 3.4886966
     [93,] 2.6039127 2.2772943 1.1978808
     [94,] 0.6981758 0.7403026 5.6111802
     [95,] 1.6999919 1.0957491 1.3305272
     [96,] 4.2275592 4.1182303 2.7306551
     [97,] 0.9989890 3.1715032 3.0418132
     [98,] 0.2552138 0.2086764 0.3668845
     [99,] 6.0318994 3.3560933 2.2229644
    [100,] 0.3473329 0.4059501 0.5636032
    > rmev(n=100, d=4, param=c(0.2,0.1,0.9,0.5), model="bilog", alg="sm")
     [,1] [,2] [,3] [,4]
     [1,] 1.1884635 1.7856587 2.8667964 2.2733176
     [2,] 0.9032010 0.6720215 1.2541370 0.8445604
     [3,] 1.7075216 1.9608242 0.3366486 0.9901735
     [4,] 0.4156491 0.3476536 0.1668837 0.2283162
     [5,] 1.1298928 0.5550409 4.6648697 0.4910048
     [6,] 0.3224053 0.4380449 9.6972984 0.4065408
     [7,] 1.7367523 2.3840136 2.1111006 1.6840591
     [8,] 1.9166787 2.4495006 1.6636824 3.1150988
     [9,] 0.5067202 0.4726854 0.2515280 0.4411369
     [10,] 11.7437015 13.4095504 1.6479289 10.8853319
     [11,] 0.6995022 0.6393852 0.3757318 0.8326771
     [12,] 0.3800904 0.3449422 1.1407585 0.2197184
     [13,] 3.7710060 3.7483615 0.7849528 3.7461276
     [14,] 1.7425539 2.3762805 0.5773511 1.4901389
     [15,] 0.3480587 0.2756752 0.7426411 0.3763338
     [16,] 4.4209590 4.4931624 1.4037907 4.7047912
     [17,] 0.6159474 0.3805702 1.9014536 2.6146804
     [18,] 7.0803539 8.0412040 1.1650497 6.5926116
     [19,] 4.5906471 4.9678162 1.4667451 1.8034935
     [20,] 2.2942669 1.5583731 1.4383188 0.9897646
     [21,] 56.9384856 43.5959255 21.7835460 23.4911680
     [22,] 3.1496360 3.5144286 2.2835179 1.5948546
     [23,] 1.4426739 1.7089270 4.2473665 3.3691313
     [24,] 2.6630914 2.2005614 0.7211449 3.3945207
     [25,] 0.8094212 0.8864928 0.7710882 0.4694609
     [26,] 1.5989515 1.7162134 0.3248020 1.2279848
     [27,] 0.4937936 0.7036582 0.6242557 0.4632328
     [28,] 0.6923108 1.1141193 0.3119199 1.6666024
     [29,] 0.9973205 0.9246299 0.3460527 0.5627246
     [30,] 0.4002020 0.3645767 169.3113196 0.3172569
     [31,] 0.3530947 0.4394674 1.5978777 0.6109954
     [32,] 4.7824812 3.5195027 0.7250942 2.5419976
     [33,] 1.5728188 1.6341189 5.1859387 1.7909067
     [34,] 0.3429683 0.4285018 3.7552176 0.3764642
     [35,] 21.4590685 13.4515813 13.0075224 27.2801653
     [36,] 1.5529179 1.8094334 9.2302150 1.0811398
     [37,] 0.3387633 0.2861620 5.5813367 0.5004467
     [38,] 1.3000031 1.6151976 1.2505467 1.8911989
     [39,] 5.2531148 2.4354263 133.3924922 1.0389956
     [40,] 0.7605952 0.7120925 0.8856417 0.4306784
     [41,] 0.5705526 0.6126565 1.0061543 0.4820991
     [42,] 2.2220782 2.8037560 0.9964778 3.2412322
     [43,] 0.8132851 0.6505220 0.4941494 1.3546971
     [44,] 1.4475011 1.4125120 0.6792525 0.4936465
     [45,] 0.7393947 0.8615995 1.0265909 0.5293244
     [46,] 0.9569868 0.9507842 1.0416360 0.9049183
     [47,] 0.4854348 0.3900925 0.4753514 0.5542988
     [48,] 1.3934476 1.7967266 1.3667497 1.5258232
     [49,] 0.6879177 0.6372396 3.3790040 0.5296521
     [50,] 1.6948870 1.4645749 0.8877760 1.4178395
     [51,] 14.7184457 9.2388045 8.8106998 10.2894886
     [52,] 0.5881312 0.6773375 1.7791944 0.9337532
     [53,] 2.1488720 2.2719036 1.5975857 1.0084198
     [54,] 9.5549346 8.8806253 1.3528289 6.1275327
     [55,] 0.5989547 0.6636190 0.6192832 3.6334874
     [56,] 1.7850294 0.9748040 0.6469666 0.7049369
     [57,] 33.6368542 42.4667696 26.0254380 22.1432179
     [58,] 0.9651103 0.9931536 1.0563475 0.6784568
     [59,] 0.6457674 0.4758477 0.9404102 0.3763188
     [60,] 2.5029137 2.2874233 1.0633913 2.2840566
     [61,] 0.8395874 0.7187367 2.2695518 0.4581007
     [62,] 0.7556948 0.7349402 0.6403012 0.7347460
     [63,] 16.1254142 14.6595358 6.2462223 11.7277311
     [64,] 8.5763334 11.7596210 4.1187242 13.1519686
     [65,] 1.4075540 1.5583706 5.4806099 3.8322557
     [66,] 0.7773871 0.8902242 0.7012725 0.8922112
     [67,] 3.1252387 4.1993378 1.7147613 1.7754124
     [68,] 28.4086749 18.3648855 2.0059032 30.5148516
     [69,] 0.6330372 0.7132324 0.4107640 3.8127257
     [70,] 3.2438869 3.4645575 2.5188149 6.5789334
     [71,] 0.3310286 0.3428823 5.2519884 0.6023043
     [72,] 8.5553953 6.6879366 2.8070044 3.6172843
     [73,] 0.5212343 1.1856712 0.8254436 0.4810649
     [74,] 1.6063783 1.7594667 0.4895264 1.6241634
     [75,] 0.4783367 0.5442460 0.8207148 0.2072106
     [76,] 0.7711092 0.7460709 0.8061218 3.7351572
     [77,] 14.5657010 16.0249078 4.8870310 12.0103480
     [78,] 2.5828553 2.6662212 0.6794608 3.0703792
     [79,] 1.8446194 2.3708271 0.7091086 1.2919117
     [80,] 3.8542471 3.5560984 1.3017582 8.5111474
     [81,] 0.4397355 0.4484222 2.8764417 0.2363978
     [82,] 0.4210346 0.5019033 0.5087373 2.5070201
     [83,] 3.1001613 3.3345045 1.2804778 1.9047906
     [84,] 0.3857180 0.4356819 12.4961168 1.2548797
     [85,] 0.7289760 0.9559479 2.2172534 0.6009609
     [86,] 0.2960657 0.3088411 1.2612274 0.6581833
     [87,] 2.7655550 2.4564235 4.0441158 1.3555999
     [88,] 3.6246254 3.3613546 0.7627075 4.4099907
     [89,] 2.8719349 2.3708033 6.8367612 7.4823751
     [90,] 0.6752532 0.5590593 1.3493152 0.5473113
     [91,] 3.3226255 3.2965453 2.4067569 2.0675351
     [92,] 0.6707315 0.8748905 1.3554857 1.3167451
     [93,] 0.8514512 0.7275407 3.7170197 0.5119197
     [94,] 6.9704161 9.0544583 1.5059288 10.7108686
     [95,] 7.8529006 9.4703257 6.2684291 11.9846924
     [96,] 0.9038928 0.7684667 0.6516356 1.3644579
     [97,] 6.2625974 5.5626443 2.3676784 5.0974838
     [98,] 1.4696896 1.9987126 1.4589666 1.5832782
     [99,] 0.8136669 0.7285609 1.0887153 0.7871845
    [100,] 0.3300757 0.3073172 1.8663563 0.2142376
    > ## Spatial example using power variogram
    > #NEW: Variogram must take distance as argument
    > vario <- function(x, scale, alpha){ scale*x^alpha }
    > #grid specification
    > grid.loc <- as.matrix(expand.grid(runif(4), runif(4)))
    > rmev(n=100, vario=vario,loc=grid.loc, model="br", scale = 0.5, alpha = 1)
     [,1] [,2] [,3] [,4] [,5]
     [1,] 0.8426083 0.7183762 0.8458060 1.4761723 0.8382025
     [2,] 1.0793269 0.8896812 1.0685176 0.5920519 1.0517348
     [3,] 1.8110468 1.8673564 1.1476304 2.4309661 1.8188302
     [4,] 1.6896883 1.9116731 2.1795428 2.5183696 1.6933987
     [5,] 4.5725574 3.9472256 2.5360879 4.4181320 4.6253257
     [6,] 0.3898418 0.3335242 0.3238391 0.3361466 0.3900589
     [7,] 5.7028974 5.8432115 3.3508454 6.9695014 5.8015363
     [8,] 1.2066090 1.2059670 0.8775286 0.7623109 1.1843481
     [9,] 7.4913085 6.5019530 4.0321900 8.0899778 7.4376232
     [10,] 1.6792003 1.6924147 1.1443678 1.6339260 1.6238972
     [11,] 2.4762317 1.8510484 1.2347221 3.0256986 2.4485783
     [12,] 1.1577616 1.2503838 1.1523640 0.9856164 1.1936437
     [13,] 1.6121091 2.1227195 2.3225723 0.8035750 1.5749734
     [14,] 0.2625354 0.2764104 0.3181475 0.2886408 0.2639645
     [15,] 1.0952645 0.9147131 1.4105764 1.4467870 1.1131122
     [16,] 2.4512950 2.6855075 2.3167196 2.8462065 2.3910500
     [17,] 4.8355554 4.7162576 6.4255079 2.6611347 4.8902838
     [18,] 1.2086445 1.2515007 0.6798939 1.0532130 1.2296564
     [19,] 0.3923909 0.4691922 0.3546474 0.4289708 0.3856951
     [20,] 0.2272122 0.2476068 0.2278102 0.3023769 0.2310368
     [21,] 6.6471210 7.2764482 5.6686436 8.1449893 6.7642808
     [22,] 4.7263562 5.4412626 6.3343958 6.6841369 4.9070582
     [23,] 0.7392546 0.9272128 0.9888794 0.6468059 0.7320691
     [24,] 1.9737361 1.4489823 1.1398761 1.7404808 1.9674293
     [25,] 0.7432799 0.6025136 0.8102344 0.7893631 0.7205881
     [26,] 0.7849343 0.7162966 0.8940805 0.7358940 0.7753985
     [27,] 16.4601657 15.0028351 12.9789310 11.4285349 16.7793449
     [28,] 1.1436936 0.9610234 1.3065609 0.8522676 1.1436334
     [29,] 0.5547986 0.4976018 0.4252762 0.4634538 0.5670204
     [30,] 0.4687782 0.5900817 0.8638792 0.5353927 0.4703519
     [31,] 1.2591640 1.3152050 0.8114575 0.8370573 1.2112972
     [32,] 62.5832903 67.2889088 54.5985764 67.5638245 62.5196314
     [33,] 1.7496654 1.5007948 1.0441163 1.0788038 1.7243144
     [34,] 2.0045390 2.0688908 2.0482934 1.7007148 1.9738399
     [35,] 0.2234286 0.2762139 0.2737513 0.2856450 0.2241591
     [36,] 0.9188512 0.8664906 0.9598086 0.4577840 0.9233478
     [37,] 0.6902152 0.8072386 1.3149270 0.8084370 0.6874880
     [38,] 0.6080892 0.7104511 0.7012283 0.5382961 0.6027767
     [39,] 1.9869379 1.6704320 2.8782440 1.4681634 1.9249385
     [40,] 0.5290929 0.5879541 0.4563295 0.8715017 0.5357464
     [41,] 0.6993847 0.7960273 1.0837335 0.3262048 0.6891442
     [42,] 0.1887258 0.1509375 0.1731223 0.1735325 0.1915242
     [43,] 2922.7207001 2808.3197653 2299.1252803 1444.2878685 2945.5039443
     [44,] 0.8109509 0.7988731 1.3328749 1.2756105 0.8024526
     [45,] 1.1889524 1.3031139 1.7775561 1.6323060 1.1608846
     [46,] 0.6374321 0.5479933 0.5553012 0.5876860 0.6330644
     [47,] 1.1371998 0.7573157 0.3841456 0.9526438 1.1333579
     [48,] 1.0619980 1.0340198 1.5293122 0.8170637 1.0073636
     [49,] 1.5553716 1.9252883 1.6966495 1.7333799 1.5395727
     [50,] 0.3768281 0.4420310 0.7184777 0.3943395 0.3776475
     [51,] 4.7626721 4.7650587 4.5487196 4.3204911 4.6865321
     [52,] 2.3592216 2.6589654 1.5997060 3.9485421 2.3943668
     [53,] 8.4551342 9.8111536 5.3047817 7.6900175 8.1961614
     [54,] 0.6547241 0.8890661 1.0741652 0.4658485 0.6478169
     [55,] 0.5520284 0.5892935 0.6789521 1.2098030 0.5456483
     [56,] 0.4468292 0.4662242 0.4317603 0.4485375 0.4363494
     [57,] 5.3310625 4.4152218 4.1548667 3.0298305 5.2645293
     [58,] 0.4530683 0.4974916 0.6844690 0.4394969 0.4740145
     [59,] 2.6724466 2.6321987 5.0133740 3.5876360 2.7067889
     [60,] 5.2436949 4.8641654 7.1467684 4.0594100 5.2176624
     [61,] 0.4805429 0.4507106 0.4642352 0.6133827 0.4843649
     [62,] 6.2635810 7.3283207 3.3167848 4.6719290 6.3021543
     [63,] 0.6060265 0.6418134 0.5646588 0.3778626 0.5892075
     [64,] 0.2547327 0.2757415 0.3323397 0.2912954 0.2579807
     [65,] 0.8663694 0.7476107 0.7558322 0.6061190 0.8486500
     [66,] 3.0016459 2.8994318 3.2719878 2.1346551 3.0521405
     [67,] 3.0576501 2.7473541 4.2419755 2.8772489 3.0846127
     [68,] 0.2967511 0.2534175 0.1961746 0.3522424 0.3045514
     [69,] 0.3928907 0.3370779 0.3809516 0.4331888 0.3969883
     [70,] 0.5806425 0.7315035 0.8943574 0.7085902 0.5881177
     [71,] 1.9111536 1.7685265 1.6614767 1.8836345 1.8781703
     [72,] 0.6351524 0.6124252 0.9839813 0.9138561 0.6296122
     [73,] 0.4116818 0.3864752 0.2915533 0.3453196 0.4012463
     [74,] 0.4148877 0.4579063 0.2773323 0.6202773 0.4020716
     [75,] 1.0511206 1.4469203 1.3584702 0.8255077 1.0724679
     [76,] 8.9313846 7.8555795 12.7145828 5.6986079 8.9411488
     [77,] 1.1924498 1.1201844 0.8622524 1.3685341 1.2290227
     [78,] 30.1395152 29.2551176 13.1918218 39.0218251 29.8464247
     [79,] 0.2891088 0.2373173 0.2331459 0.2663107 0.2821242
     [80,] 0.7562254 0.7743485 0.7242146 0.4131622 0.7498205
     [81,] 4.5484489 3.9600041 4.3889824 3.0628746 4.5018775
     [82,] 0.8354150 0.9469202 0.7994697 0.7902655 0.8457794
     [83,] 1.7956986 1.6025864 2.0688191 2.3580565 1.8204477
     [84,] 1.4431794 1.2019684 1.7495873 1.6986619 1.4343545
     [85,] 0.3054107 0.1862359 0.1706865 0.3369070 0.3056444
     [86,] 0.4037213 0.3833117 0.3953735 0.4169169 0.4033430
     [87,] 0.5919455 0.5577378 0.3498619 0.5009878 0.5953541
     [88,] 1.6463782 1.2856293 1.2339615 1.3410819 1.6439824
     [89,] 0.4528376 0.4196472 0.3209558 0.4134159 0.4484853
     [90,] 0.5174986 0.4007593 0.5601009 0.4445789 0.5066039
     [91,] 1.6770498 2.0470842 1.5358680 2.1367451 1.7078711
     [92,] 3.1648952 2.7573554 3.0818939 3.7178779 3.2138071
     [93,] 9.0122766 10.8277839 12.7009437 4.6944336 8.7861687
     [94,] 3.8705833 4.2316931 5.0329301 4.0963587 3.8617900
     [95,] 0.3984031 0.4699337 0.3040180 0.5145247 0.3949319
     [96,] 0.5387053 0.6065894 0.4331995 0.4501728 0.5323846
     [97,] 0.3529877 0.2919522 0.2211062 0.3994558 0.3600986
     [98,] 0.7176182 0.9336020 2.4320758 1.0122584 0.6821617
     [99,] 0.5236875 0.3268291 0.3327935 0.4885329 0.5168520
    [100,] 1.4480296 1.7002368 1.9642832 0.8051547 1.4436468
     [,6] [,7] [,8] [,9] [,10]
     [1,] 0.7209952 0.8088100 1.4599890 0.6226231 0.5653472
     [2,] 0.8927116 1.1121391 0.5871340 0.7064393 0.6398950
     [3,] 1.8685050 1.1300284 2.3993117 2.2737835 2.5048724
     [4,] 1.9308677 2.2199366 2.4457933 2.4599575 2.5445370
     [5,] 3.9205995 2.5542494 4.3902988 6.7765111 7.6730740
     [6,] 0.3341802 0.3183192 0.3289423 0.2664915 0.2946344
     [7,] 5.7026179 3.4136266 6.5750364 1.1012204 0.9567705
     [8,] 1.2283462 0.8768290 0.7585276 0.6977449 0.6171152
     [9,] 6.6635114 4.1053501 8.1142299 3.1353500 3.0123494
     [10,] 1.6891627 1.1450571 1.6724741 1.2418715 1.0775806
     [11,] 1.8022931 1.2308179 3.0550396 3.7923018 3.9156002
     [12,] 1.2506386 1.1391140 0.9760759 1.2086721 1.5568716
     [13,] 2.1772272 2.2778707 0.7988054 1.3612607 1.1376995
     [14,] 0.2824415 0.3221699 0.2808871 0.2049392 0.2467717
     [15,] 0.9088704 1.4225170 1.4601918 2.3607690 2.9833268
     [16,] 2.6589224 2.2882459 2.7927272 4.6500959 3.7106495
     [17,] 4.6922089 6.3733998 2.6613530 4.8933407 5.0298120
     [18,] 1.2840208 0.6836921 1.0568216 0.3552680 0.4304794
     [19,] 0.4868343 0.3574865 0.4296527 0.3632506 0.3006898
     [20,] 0.2466066 0.2274755 0.3054379 0.1867899 0.2094103
     [21,] 7.3294841 5.7049369 8.0481853 3.2081942 2.2881752
     [22,] 5.5183123 6.3432934 6.6379272 39.5532063 43.6584953
     [23,] 0.9250717 1.0072309 0.6528442 0.5137431 0.4348953
     [24,] 1.4374088 1.1157867 1.7660256 3.0407354 2.0767200
     [25,] 0.5995714 0.8241267 0.7825575 0.4608385 0.5573500
     [26,] 0.7165309 0.8933213 0.7359211 0.7010975 0.6544182
     [27,] 15.1939505 13.1298454 11.5486313 9.0301432 14.7924769
     [28,] 0.9660772 1.2915386 0.8624948 0.8587896 1.0257450
     [29,] 0.4882489 0.4288506 0.4591915 1.4771280 1.6021169
     [30,] 0.6069667 0.8795573 0.5575637 0.2940897 0.3289970
     [31,] 1.2829866 0.8361102 0.8640758 2.1929073 2.2010915
     [32,] 67.5577325 53.5481248 66.9458821 57.0335207 45.1186389
     [33,] 1.5021472 1.0544426 1.0570242 2.5412688 2.5590168
     [34,] 2.0037707 2.0475105 1.7535969 1.8522776 1.8126020
     [35,] 0.2745175 0.2759682 0.2797147 0.3102307 0.3413006
     [36,] 0.8602408 0.9765333 0.4453057 0.4742218 0.6504092
     [37,] 0.7758137 1.3185773 0.8252017 0.4093761 0.4431490
     [38,] 0.7356664 0.6954559 0.5372044 0.6045971 0.6256953
     [39,] 1.6337071 2.8772170 1.5281787 10.7990516 7.7533972
     [40,] 0.5723680 0.4554393 0.8481021 0.3384782 0.3561761
     [41,] 0.7768093 1.0929625 0.3347997 0.4926912 0.4234920
     [42,] 0.1530440 0.1715902 0.1645338 0.2111993 0.2073666
     [43,] 2813.4063959 2236.0682903 1422.0087240 1148.5958442 1142.7241515
     [44,] 0.8005432 1.3120684 1.2765856 1.3803602 1.2930464
     [45,] 1.3275179 1.7714021 1.6130233 0.8849173 0.9505053
     [46,] 0.5458168 0.5619509 0.5826710 0.3558879 0.3181522
     [47,] 0.7589750 0.4097753 0.9383070 1.4976480 1.3149429
     [48,] 1.0200146 1.5020029 0.8280507 2.6526622 2.1819686
     [49,] 1.8775911 1.6717274 1.7424942 1.8254154 2.0295853
     [50,] 0.4426827 0.7030382 0.3957548 0.5416599 0.4790052
     [51,] 4.8592297 4.6967066 4.3903903 2.3113077 2.3077291
     [52,] 2.6939640 1.6560858 3.8549610 3.2915080 3.1929812
     [53,] 9.6127412 5.1661614 7.5702444 3.4320552 3.6800267
     [54,] 0.8888320 1.0866119 0.4697834 1.1078552 1.0011066
     [55,] 0.5698380 0.6607837 1.2248814 1.1231478 1.1311278
     [56,] 0.4565723 0.4265903 0.4611558 0.6065900 0.8126214
     [57,] 4.4371565 4.1680862 3.0692697 17.4344847 15.9794216
     [58,] 0.4912378 0.6947850 0.4483905 0.6284117 0.6376083
     [59,] 2.6899215 5.0375312 3.6120557 1.7149778 1.6482999
     [60,] 4.8370609 7.2010151 4.1441199 2.8375133 2.7238564
     [61,] 0.4425075 0.4554818 0.5882802 0.4308382 0.5240519
     [62,] 7.6371874 3.3011009 4.6726438 2.4186186 2.5110235
     [63,] 0.6340869 0.5526148 0.3704974 0.4795508 0.5257108
     [64,] 0.2668403 0.3289348 0.2982281 0.4606497 0.3758645
     [65,] 0.7637149 0.7573593 0.6102896 0.7303447 0.7796264
     [66,] 2.9216425 3.3136891 2.0698239 0.9479264 0.8564287
     [67,] 2.8381528 4.0796418 2.8459495 0.8236737 0.8751883
     [68,] 0.2576017 0.1983204 0.3618187 0.1803454 0.1634807
     [69,] 0.3359632 0.3831874 0.4453494 0.3157612 0.3494161
     [70,] 0.7398803 0.8928860 0.7423630 0.5343332 0.4761832
     [71,] 1.8398417 1.6298073 1.7621255 2.8782617 3.1661054
     [72,] 0.6226235 0.9828841 0.9009630 0.6758111 0.6941936
     [73,] 0.3840780 0.2830112 0.3417594 0.2607390 0.3625031
     [74,] 0.4612260 0.2815219 0.6151114 0.4391470 0.5659449
     [75,] 1.4573611 1.3496318 0.8231159 4.6123086 5.4829342
     [76,] 8.1229709 12.7847091 5.7039736 10.9766757 13.6223570
     [77,] 1.1242064 0.8643211 1.3361741 1.8353076 1.8877112
     [78,] 29.9196411 13.2233313 39.0878655 6.3362660 5.9598513
     [79,] 0.2364535 0.2335839 0.2627116 0.2641747 0.1929595
     [80,] 0.7646498 0.7194700 0.4039029 0.3183204 0.2694583
     [81,] 3.9166583 4.4400060 3.1480225 2.3325590 1.9020272
     [82,] 0.9823283 0.8162085 0.7735831 2.4499486 2.6629688
     [83,] 1.5875717 2.0514526 2.4302948 3.3040904 3.4295979
     [84,] 1.2568970 1.7776901 1.7265529 0.7983966 0.9167945
     [85,] 0.1919308 0.1668794 0.3277143 0.2241019 0.2655305
     [86,] 0.3742362 0.3958522 0.4183260 0.5225383 0.4730277
     [87,] 0.5500667 0.3383903 0.5105159 0.6355223 0.7091540
     [88,] 1.2981336 1.2569331 1.3107472 1.5635459 1.4425350
     [89,] 0.4355734 0.3181101 0.4231915 0.4135880 0.3993934
     [90,] 0.3984109 0.5770123 0.4479381 0.2950206 0.3244224
     [91,] 2.0902394 1.5416175 2.1435382 2.2061342 1.8968207
     [92,] 2.7875806 3.1106816 3.5194719 3.6428981 3.8271775
     [93,] 10.9538791 12.6091299 4.6820579 6.8516287 9.5754991
     [94,] 4.2279166 5.0311040 4.1247469 1.5294827 1.5838960
     [95,] 0.4674113 0.3051657 0.5086001 0.3051995 0.3003075
     [96,] 0.5928216 0.4313188 0.4488409 1.0972927 1.1230253
     [97,] 0.2878270 0.2251974 0.3973576 0.3234227 0.2576123
     [98,] 0.9436400 2.4731399 0.9870558 0.6067445 0.7703723
     [99,] 0.3231778 0.3267052 0.4884967 0.7798095 0.9496831
    [100,] 1.6603638 1.9247162 0.8121967 0.6041543 0.6135301
     [,11] [,12] [,13] [,14] [,15]
     [1,] 0.7012377 1.0797695 0.7072259 0.9807714 0.6338706
     [2,] 0.8256655 0.8134150 0.4458701 0.5201199 0.5168373
     [3,] 1.6152811 2.5237783 1.6055944 1.6226912 1.5673086
     [4,] 1.7690412 1.6370100 3.0070694 3.0360744 3.1377007
     [5,] 7.0907131 7.2383437 4.9192133 6.4200376 3.1055864
     [6,] 0.2986907 0.2626100 0.2822614 0.2400170 0.2302294
     [7,] 1.4849957 1.4082952 1.4176928 1.4324803 1.5842965
     [8,] 1.0576468 0.7955479 1.0527247 1.0591272 1.6900940
     [9,] 3.1943560 5.1806286 3.4000738 3.9123468 4.3133611
     [10,] 1.2151937 1.4349423 1.1286182 1.1803850 1.1844626
     [11,] 2.5571846 2.2962831 1.8756492 2.4876864 2.0986799
     [12,] 1.3599660 1.2393850 1.9544162 1.6710576 1.9679682
     [13,] 0.9155273 1.9299204 1.3053833 1.2365627 0.6723513
     [14,] 0.2936519 0.2414222 0.2403074 0.2616421 0.3024146
     [15,] 5.8382626 1.8290973 2.3544806 2.2027981 3.9096245
     [16,] 2.4488703 3.8712490 2.8439965 2.5564545 2.7761472
     [17,] 6.2731225 3.0424477 4.8077733 5.9069793 7.7640923
     [18,] 0.3483791 0.3649731 0.4120377 0.4993672 0.4717684
     [19,] 0.5840540 0.6858725 0.3543208 0.2806050 0.4922410
     [20,] 0.2778217 0.1790593 0.1936006 0.2142882 0.3189043
     [21,] 2.4154184 2.9594105 3.0606031 3.0560693 3.3903821
     [22,] 25.6893905 15.7835397 14.3497884 20.0813655 15.2944999
     [23,] 0.3868169 0.7485754 0.4129125 0.3754706 0.4336806
     [24,] 2.4052800 3.7855949 5.3253892 3.8192341 2.6033237
     [25,] 0.8100168 0.4850233 1.0200483 0.9128722 0.9041171
     [26,] 0.7742590 0.6990075 1.1041048 0.8670882 0.7650698
     [27,] 10.9032011 9.5021988 18.9358741 18.9339756 10.2005437
     [28,] 0.7556302 0.7528420 0.7063515 0.7843559 0.9896121
     [29,] 1.6408851 1.8489716 1.3334985 1.5477839 1.1703485
     [30,] 0.4392932 0.3063401 0.3773557 0.3249358 0.5965956
     [31,] 1.4726929 1.5843041 1.3997651 1.3815040 1.4040658
     [32,] 48.2865361 64.6322001 57.4658530 41.0111118 38.6151221
     [33,] 1.8798533 2.8845352 1.3263809 1.2131617 1.3881963
     [34,] 2.0431168 1.5127737 1.7521813 1.7193111 1.8612660
     [35,] 0.3247986 0.2125383 0.2440896 0.2866111 0.2641095
     [36,] 0.6861451 0.4521643 0.4095948 0.6087000 0.7138914
     [37,] 0.6049200 0.5055568 0.3743574 0.4316360 0.6594691
     [38,] 0.4666519 0.9615697 0.7146217 0.6570295 0.4938792
     [39,] 6.8940868 7.5949342 4.9042829 5.5417672 6.1429470
     [40,] 0.3118299 0.2926567 0.3956627 0.4060968 0.3187449
     [41,] 0.5321013 0.7129816 0.6267067 0.4512748 0.4703625
     [42,] 0.2113304 0.2545250 0.2360473 0.1981038 0.1701209
     [43,] 722.7964457 1136.8896131 1894.9208773 1744.7916038 1771.2434358
     [44,] 1.3746856 1.1781793 1.0356126 1.1276518 1.4549616
     [45,] 0.9217198 1.0021320 1.4452470 0.8921183 1.4837178
     [46,] 0.3678946 0.3131252 0.3903139 0.2835556 0.2721456
     [47,] 1.2902121 1.6615205 1.7064750 1.9967565 0.9549928
     [48,] 2.9648410 2.3704606 1.9881138 1.8578153 2.5668687
     [49,] 3.3869674 1.7146389 2.0304650 1.9776889 2.3458727
     [50,] 0.5294362 0.4796481 0.5298160 0.5818245 0.4914879
     [51,] 1.3249529 2.4743419 2.4063952 2.2225966 1.3290987
     [52,] 3.7903800 2.5890930 2.1182122 2.6375756 4.0630971
     [53,] 3.2642389 4.6801653 2.8287896 2.8874275 4.3386925
     [54,] 1.3443930 1.1555423 1.6320668 1.8117283 1.3824621
     [55,] 0.7583889 1.0498736 0.7125332 0.7576604 0.6785254
     [56,] 0.6383660 0.5049439 0.6160853 0.6177119 0.4209646
     [57,] 8.7875614 6.0796887 7.2517813 7.2801029 8.4513431
     [58,] 0.5661238 0.5562307 0.4833524 0.6290834 0.6803312
     [59,] 2.1784248 2.6356652 2.3907643 2.1594459 2.8581673
     [60,] 3.1779247 1.9636023 2.6544537 3.3543344 5.0184035
     [61,] 0.4189048 0.6266668 0.4187699 0.3883593 0.3684164
     [62,] 1.1267238 2.3109339 3.6890310 2.8179432 1.5853451
     [63,] 0.6659764 0.5293806 0.7482802 0.7122645 0.6681223
     [64,] 0.2473360 0.4690699 0.3939803 0.2988390 0.2504610
     [65,] 0.9207982 1.1683338 1.1276030 1.0461897 1.0280107
     [66,] 0.8386311 1.0412716 1.0066178 1.0924788 1.1548597
     [67,] 1.5035705 0.8583101 1.0819281 0.9373730 1.1355773
     [68,] 0.2379685 0.1402686 0.1567744 0.1774348 0.2466721
     [69,] 0.4502318 0.3213863 0.1593773 0.1706759 0.2035943
     [70,] 0.5782074 0.6603285 0.7282697 0.6948833 0.6090890
     [71,] 2.8493233 3.8550800 3.4401764 2.5682709 1.9220105
     [72,] 0.4259651 0.4205402 0.5934658 0.7929424 0.5442158
     [73,] 0.4921973 0.3255081 0.1924351 0.2396579 0.3496381
     [74,] 0.4874297 0.4658198 0.3776492 0.3698591 0.3696152
     [75,] 10.3214124 2.9149637 3.7540477 4.3187720 4.5485655
     [76,] 12.9148183 11.7928499 10.7142352 8.8998062 11.3571520
     [77,] 1.4906162 1.3127214 2.4210989 2.2293670 2.5702825
     [78,] 8.3215938 4.6848710 8.0256723 9.9481678 7.0659737
     [79,] 0.2506471 0.2981345 0.2165514 0.1961178 0.2510169
     [80,] 0.3190645 0.3009296 0.1827768 0.2085578 0.2130685
     [81,] 1.3666345 1.3458231 1.3795812 1.6369671 1.6282340
     [82,] 2.8671056 1.5001606 1.9356599 1.8031748 2.3592237
     [83,] 2.3812365 2.2385089 2.3588618 2.3044055 4.1546833
     [84,] 0.9258705 0.8129158 1.2507511 1.1492716 1.4753829
     [85,] 0.3231905 0.3636717 0.3620189 0.4761192 0.4278251
     [86,] 0.3808890 0.6666837 0.5414748 0.4548461 0.4508593
     [87,] 0.8344469 0.4478396 0.6577737 0.6320874 0.8655783
     [88,] 1.6092762 1.5837976 1.3420911 1.4098001 1.8496487
     [89,] 0.4077651 0.4049585 0.3022156 0.3343227 0.4487570
     [90,] 0.4695281 0.4402321 0.3640770 0.4333577 0.8368347
     [91,] 2.4348446 2.8854232 1.9496994 1.8197405 2.2097660
     [92,] 4.1925869 3.7575214 3.1153512 3.0811239 3.7797314
     [93,] 8.3682594 5.9388442 5.8828515 7.2974871 13.7186441
     [94,] 1.9173877 1.8895241 3.2015319 2.7219844 2.3905578
     [95,] 0.2937884 0.3810557 0.5986704 0.4826252 0.2727011
     [96,] 1.6075733 1.1372961 1.8440352 1.8172999 1.4845172
     [97,] 0.4957580 0.3589801 0.3158250 0.3005041 0.3726720
     [98,] 0.6850006 0.4831176 1.2052013 0.8964336 0.6054799
     [99,] 0.5934324 0.7389534 0.8383702 0.5665147 0.8326344
    [100,] 0.6682468 0.4953131 0.5170625 0.5191930 0.7228304
     [,16]
     [1,] 0.6109809
     [2,] 0.6793175
     [3,] 1.4267058
     [4,] 2.8979391
     [5,] 3.7589199
     [6,] 0.2894166
     [7,] 1.5523385
     [8,] 1.0897171
     [9,] 3.8773535
     [10,] 1.2046205
     [11,] 2.5022980
     [12,] 1.6462412
     [13,] 1.6200853
     [14,] 0.1871071
     [15,] 1.3992885
     [16,] 3.1698094
     [17,] 1.8743227
     [18,] 0.6989574
     [19,] 0.3534797
     [20,] 0.1673230
     [21,] 3.0431612
     [22,] 19.5429660
     [23,] 0.4887363
     [24,] 6.7766260
     [25,] 0.5085531
     [26,] 1.3293450
     [27,] 11.9613331
     [28,] 1.0160099
     [29,] 1.7834215
     [30,] 0.3856657
     [31,] 1.0611352
     [32,] 77.4432251
     [33,] 1.7005950
     [34,] 2.0326324
     [35,] 0.2397435
     [36,] 0.5195942
     [37,] 0.3797572
     [38,] 1.2126718
     [39,] 7.1777842
     [40,] 0.4411627
     [41,] 0.5781555
     [42,] 0.2446890
     [43,] 1717.3809358
     [44,] 1.3199140
     [45,] 1.4074704
     [46,] 0.3406171
     [47,] 1.2671036
     [48,] 2.1011264
     [49,] 2.2831853
     [50,] 0.6442478
     [51,] 4.4580227
     [52,] 1.4657502
     [53,] 1.9545892
     [54,] 1.4549420
     [55,] 1.0294155
     [56,] 0.3810399
     [57,] 6.0275017
     [58,] 0.5770402
     [59,] 2.2765074
     [60,] 4.2953633
     [61,] 0.4423324
     [62,] 2.9232164
     [63,] 0.6103417
     [64,] 0.7071028
     [65,] 1.8273519
     [66,] 1.2520201
     [67,] 1.0347088
     [68,] 0.2233283
     [69,] 0.2365434
     [70,] 0.7227154
     [71,] 4.1775609
     [72,] 0.6177074
     [73,] 0.2192528
     [74,] 0.5003900
     [75,] 4.2286023
     [76,] 11.5893434
     [77,] 2.3429383
     [78,] 6.1816015
     [79,] 0.1675286
     [80,] 0.2411991
     [81,] 1.6604261
     [82,] 2.6933073
     [83,] 2.6729861
     [84,] 1.1598823
     [85,] 0.3064656
     [86,] 1.1437191
     [87,] 0.4135493
     [88,] 0.8400901
     [89,] 0.5417195
     [90,] 0.4853661
     [91,] 2.0182012
     [92,] 3.7816953
     [93,] 5.8933979
     [94,] 4.2042889
     [95,] 0.4203802
     [96,] 1.4420050
     [97,] 0.3167345
     [98,] 0.7621424
     [99,] 0.7666995
    [100,] 0.5974108
    > vario2cov <- function(loc, ...){
    + sapply(1:nrow(loc), function(i) sapply(1:nrow(loc), function(j)
    + vario(sqrt(sum((loc[i,])^2)), ...) +
    + vario(sqrt(sum((loc[j,])^2)), ...) -
    + vario(sqrt(sum((loc[i,]-loc[j,])^2)), ...)))
    + }
    > rmev(n=100, sigma=vario2cov(grid.loc, scale = 0.5, alpha = 1), model="br")
     [,1] [,2] [,3] [,4] [,5] [,6]
     [1,] 0.4947088 0.5005149 0.4886068 0.6147863 0.4925529 0.4977967
     [2,] 2.2252349 2.4110792 2.2169003 1.6369562 2.1928453 2.4181295
     [3,] 26.1946919 28.6354073 32.6712133 25.7876501 26.4377237 28.9997571
     [4,] 0.3421610 0.3772631 0.3585565 0.3467980 0.3427219 0.3742381
     [5,] 2.0147042 1.9344417 2.8809876 3.4393428 1.9844643 1.9592086
     [6,] 0.3846251 0.3575485 0.4943034 0.5146607 0.3903801 0.3517598
     [7,] 7.1252167 6.2703258 5.6851481 4.1331184 7.2648736 6.2114114
     [8,] 2.6034581 2.6421333 2.4648854 1.5886408 2.5807373 2.6836263
     [9,] 0.9985322 0.8587436 1.2267912 1.0295121 1.0185467 0.8561839
     [10,] 11.8948119 11.7403332 23.0489734 14.4975071 12.0785788 11.8800014
     [11,] 1.7781379 1.8686326 1.7938945 2.6509657 1.7755899 1.8919040
     [12,] 9.0803630 8.6636025 7.4410881 8.7422896 9.1874053 8.5939604
     [13,] 2.3603454 2.4733083 2.0243580 1.8073352 2.3362893 2.5175336
     [14,] 3.2842146 3.7333838 3.1032109 2.8641483 3.3274194 3.6853500
     [15,] 0.6028224 0.6919738 0.7526364 0.9428234 0.5979694 0.6993574
     [16,] 4.2566140 4.6692088 2.5829530 4.0937209 4.2943568 4.5981199
     [17,] 6.2958937 7.1430964 9.0892669 9.8626598 6.3492624 7.1838752
     [18,] 1.5849153 1.7006524 2.0409552 1.4837812 1.5804880 1.7317504
     [19,] 7.6882049 7.5960553 7.0805336 8.0609378 7.6161136 7.5138497
     [20,] 8.4906947 7.6888344 7.5940242 9.5040570 8.8077174 7.7556116
     [21,] 2.3441513 1.8327375 1.0710302 1.4691613 2.3357747 1.8087792
     [22,] 0.8551876 0.8298145 1.2779479 0.9468206 0.8763368 0.8229148
     [23,] 4.0263560 2.9354154 3.4493146 3.4882884 4.0450101 2.8900350
     [24,] 3.0080357 2.2081020 2.2054695 2.2511290 3.0208767 2.2322358
     [25,] 22.8600517 27.3440340 22.9391523 29.5583205 22.9635028 27.1382223
     [26,] 0.6395394 0.6564271 0.7326886 0.6948411 0.6363871 0.6621940
     [27,] 4.6148354 4.3342668 3.4814131 4.5239161 4.5363643 4.3025045
     [28,] 0.2581561 0.2719750 0.3535887 0.1547905 0.2556328 0.2724829
     [29,] 0.6922177 0.7011108 0.7572802 0.7615852 0.6836509 0.6793181
     [30,] 0.6975739 0.8098515 0.6329506 0.7815324 0.6996793 0.7829375
     [31,] 1.3031649 1.4050180 1.3308867 1.4004292 1.3250294 1.4069410
     [32,] 0.6683147 0.5552631 0.8800786 0.7580478 0.6703392 0.5522464
     [33,] 1.2877502 1.3234503 0.9564146 1.5611702 1.2778160 1.3412136
     [34,] 4.7852135 5.5971612 5.5140606 8.1450644 4.8223657 5.7579409
     [35,] 7.6612075 8.5599272 7.5484376 7.0464034 7.5931752 8.7203504
     [36,] 30.3996196 29.0169553 21.2224884 30.7208332 30.5839896 29.3387496
     [37,] 1.2960048 1.4698566 1.6619180 0.9775659 1.3082282 1.4852829
     [38,] 1.4975716 1.2846795 1.4983845 1.4226937 1.5096776 1.3011188
     [39,] 0.2760526 0.2926294 0.3444040 0.2727229 0.2782576 0.2935642
     [40,] 2.8916577 3.0620297 3.5046721 2.2575593 2.9224642 3.0697813
     [41,] 2.5191461 2.6001799 2.2774149 2.0748585 2.4843560 2.5734119
     [42,] 1.7860076 1.5535981 1.8889829 1.9865089 1.7657936 1.5537918
     [43,] 37.4571988 27.9722147 20.0697077 35.9751730 36.9910812 28.4990076
     [44,] 1.8840722 1.8180928 2.2506974 2.3854746 1.8903159 1.8051567
     [45,] 3.1005319 3.6194743 4.4157099 1.8335679 3.0774389 3.6169871
     [46,] 0.5565127 0.5617380 0.4643947 0.6205619 0.5531277 0.5714937
     [47,] 4.3022414 4.4124898 3.3805598 4.1376793 4.2326174 4.4117380
     [48,] 1.7576956 1.6158468 1.1457992 1.8981619 1.7652827 1.6115031
     [49,] 0.7173371 0.6978054 0.5638316 1.0887352 0.7157248 0.7012074
     [50,] 0.6371326 0.6685641 0.8017075 0.5115972 0.6278760 0.6553607
     [51,] 1.0694758 1.1711092 1.1274643 1.3789604 1.0606347 1.1607798
     [52,] 1.5761177 1.7362253 1.1093308 1.5158737 1.5574145 1.7021739
     [53,] 0.7337643 0.8170755 0.6909886 1.1255119 0.7376773 0.8295553
     [54,] 68.4437394 80.7396553 38.4896077 63.8602063 66.9859694 80.1720561
     [55,] 0.7995594 1.0415513 1.6355644 1.1824394 0.7900438 1.0347482
     [56,] 0.2795639 0.2142285 0.1761256 0.2676935 0.2829471 0.2138605
     [57,] 0.7612119 0.7197375 0.9083769 0.7885853 0.7550411 0.7017516
     [58,] 2.0810313 2.0599009 1.5120697 2.5622633 2.1589253 2.0311635
     [59,] 0.7331234 0.6854249 0.4819824 0.4679721 0.7187299 0.6942427
     [60,] 1.4774354 1.5864269 1.4668306 1.7914207 1.4486607 1.6041523
     [61,] 12.0662464 12.6402110 14.5758107 10.4925087 12.0388094 12.3573903
     [62,] 0.3781151 0.4003641 0.3700839 0.3829367 0.3778793 0.3981951
     [63,] 1.5832746 1.6866275 1.8618187 1.9695944 1.6400302 1.6903679
     [64,] 0.6808894 0.7944142 0.6794115 1.3122053 0.6847166 0.8005561
     [65,] 20.6070299 22.7843633 24.1376588 18.7428471 20.7013192 23.0720511
     [66,] 0.3672705 0.3296175 0.5700272 0.2873629 0.3603036 0.3283822
     [67,] 1.4768634 1.2985229 1.5597351 1.5679782 1.4707704 1.2957437
     [68,] 1.4734607 1.5107013 1.7816632 1.9876024 1.4678056 1.5191291
     [69,] 0.8012186 0.7453422 0.6484428 0.8334127 0.8191760 0.7514954
     [70,] 128.9580630 128.9862397 175.0466029 112.4617438 129.1478029 129.0511043
     [71,] 2.4140846 2.8828856 1.8691034 2.0577123 2.3834425 2.8985271
     [72,] 0.9700741 1.0218576 1.4275568 0.7408130 0.9849353 1.0258277
     [73,] 0.9775895 0.7964800 0.8361965 0.7821492 0.9826335 0.7961950
     [74,] 4.1809121 3.7478986 6.1162629 3.9405998 4.1502068 3.7632534
     [75,] 0.2299612 0.2283878 0.3353765 0.3263061 0.2321417 0.2284846
     [76,] 8.6522737 7.2482925 8.8285719 8.9546004 8.5305567 7.3692234
     [77,] 0.6107953 0.5723775 0.7237249 0.9063493 0.6251898 0.5645291
     [78,] 0.7496470 0.6558990 0.4857475 0.6576910 0.7274528 0.6544438
     [79,] 0.9730015 0.9317377 1.2735919 0.7791829 0.9607486 0.9482049
     [80,] 4.7596709 4.8426811 5.7357198 4.6121319 4.7540751 4.7682699
     [81,] 0.6435052 0.6304784 0.4449007 0.4575104 0.6453109 0.6269576
     [82,] 0.5599509 0.5705237 0.9001234 0.6449034 0.5674814 0.5665668
     [83,] 1.1744550 1.1295748 1.6450967 1.2031076 1.1667781 1.1152816
     [84,] 0.5668828 0.5508869 0.5800950 0.4501850 0.5661504 0.5445048
     [85,] 0.5374503 0.5493660 0.5265658 0.4140290 0.5415324 0.5441468
     [86,] 1.1134317 1.2065778 1.2351395 1.3840088 1.1331821 1.1905246
     [87,] 1.8283996 1.6944455 2.7952323 2.2314486 1.8260716 1.6713395
     [88,] 2.1498081 1.7959055 1.8247275 2.4389533 2.1208476 1.7993805
     [89,] 0.6945094 0.6359586 0.5794764 0.8082875 0.6901531 0.6286613
     [90,] 2.0933509 2.0569501 2.3671325 1.9930872 2.0675119 2.0741360
     [91,] 14.3606549 19.2500330 16.0114419 18.5203527 14.2326503 19.2475527
     [92,] 0.8525050 0.7976444 0.7645386 1.1243420 0.8573333 0.8024153
     [93,] 0.7537036 0.7160785 0.7130288 0.5544173 0.7607355 0.7316317
     [94,] 4.1068720 3.5973963 2.5386579 4.1239737 4.0770260 3.5634646
     [95,] 7.6974946 7.6094303 5.1269383 11.2039712 7.6571075 7.6474936
     [96,] 24.4188913 26.9515947 23.2131989 31.3433368 24.4774477 26.9719803
     [97,] 5.2635117 4.9319815 3.3842529 4.1406877 5.1747363 4.9965546
     [98,] 221.1622675 240.4453754 189.5728961 363.2714583 219.5711140 240.7008966
     [99,] 0.5187197 0.4932639 0.4818668 0.5352497 0.5153449 0.4892610
    [100,] 19.4227677 18.3032435 9.7147296 12.6095119 19.9028153 18.1486027
     [,7] [,8] [,9] [,10] [,11] [,12]
     [1,] 0.4779662 0.6086907 0.9904266 0.9735801 0.9499003 1.3397517
     [2,] 2.1495852 1.6482379 1.6109282 1.5964009 1.9701089 1.5103682
     [3,] 32.9493965 25.6144675 37.4160018 36.6813630 38.7863924 31.1252453
     [4,] 0.3523676 0.3492822 0.3640763 0.4242151 0.3790839 0.4242656
     [5,] 2.8400793 3.4127053 3.9435149 4.1946074 4.5684139 3.5620719
     [6,] 0.4965692 0.5219831 0.4255417 0.4733203 0.5088326 0.4280032
     [7,] 5.6939635 4.0852567 13.6816242 12.5327951 11.2873024 8.9396319
     [8,] 2.4888800 1.5755382 0.9836715 1.1300997 1.1766528 1.1955908
     [9,] 1.2518036 1.0328336 1.2075999 1.2006846 1.4450341 1.1251174
     [10,] 23.3938054 14.5055245 16.3021407 14.4506783 27.1892284 18.0769804
     [11,] 1.8039961 2.7075003 1.9584250 1.7411070 1.1919628 3.3818022
     [12,] 7.3549162 8.6881235 7.1491866 6.6203915 6.8242009 5.8093799
     [13,] 2.0226455 1.7820775 1.8652375 2.1850867 2.1595651 2.1719109
     [14,] 3.0788144 2.8348956 1.2710726 1.0774045 1.2099501 1.8365431
     [15,] 0.7503978 0.9471198 0.9488523 0.9313589 0.6973560 0.8430404
     [16,] 2.5784159 4.1300244 3.5410567 3.7369064 3.2252855 2.9432374
     [17,] 9.0491603 9.8152213 14.6214593 15.8874333 16.7474722 13.2619684
     [18,] 2.0510246 1.4687929 1.5534227 1.3483672 1.5149895 1.9009694
     [19,] 7.0369291 8.1536389 9.7899604 8.5922611 7.9020981 7.8813023
     [20,] 7.6059047 9.2965079 5.4909341 6.6877986 7.3037474 4.4686165
     [21,] 1.0693710 1.4810042 0.9332878 0.9096424 0.8288117 0.8580025
     [22,] 1.2600701 0.9473884 0.8186861 0.8143188 0.7961639 0.8673779
     [23,] 3.5035648 3.4707535 2.8029748 2.4741633 2.0358207 3.2563786
     [24,] 2.2211195 2.2850273 1.8873991 1.8669194 2.0655690 2.6956932
     [25,] 22.8804248 29.9803943 13.5247659 15.4618780 17.0654970 14.5179190
     [26,] 0.7361479 0.6788437 0.7220504 0.6672663 0.5793387 0.3858031
     [27,] 3.5132821 4.4442947 19.5683283 17.3163958 14.4236810 19.7343816
     [28,] 0.3470378 0.1536420 0.5719983 0.5142295 0.5644151 0.5778135
     [29,] 0.7515049 0.7578206 0.6860934 0.6271496 0.4404424 0.8791203
     [30,] 0.6462796 0.7690318 0.8399755 0.8483388 0.6743749 0.6458747
     [31,] 1.3101978 1.3777131 3.5144930 4.0796397 3.4759873 2.8448489
     [32,] 0.8759628 0.7689147 0.8018365 0.9347760 0.7961210 0.9743988
     [33,] 0.9513899 1.5472077 0.8280861 0.9729475 1.2337292 1.0049068
     [34,] 5.5948855 8.0950680 3.7148949 3.9752369 4.0701602 4.5231015
     [35,] 7.5666138 6.9703155 10.7003138 9.8654502 17.3793589 16.3140728
     [36,] 20.9871307 30.8410830 13.8134039 11.4527224 15.0807273 13.0827061
     [37,] 1.6470368 0.9721300 1.0900651 1.0939798 0.9778715 0.8435260
     [38,] 1.5114466 1.4537324 0.6804118 0.7724209 0.9111166 0.7967966
     [39,] 0.3475746 0.2752838 0.4419896 0.4294212 0.4729679 0.4062300
     [40,] 3.5459681 2.3110755 2.2668402 2.8559044 2.7925107 2.3104000
     [41,] 2.2606386 2.0521644 2.1417404 2.0953219 1.9670040 2.1648057
     [42,] 1.8649342 2.0202822 1.6005121 1.4555810 1.0738269 1.2958470
     [43,] 20.0819482 35.8661791 13.2322736 13.6045711 19.6285360 16.5299157
     [44,] 2.2306697 2.4337493 2.5967829 2.7055432 2.4704644 3.0546878
     [45,] 4.3640647 1.8154901 1.4485950 1.4038784 1.4960319 1.7656742
     [46,] 0.4665219 0.6236774 0.5255493 0.4651792 0.6649515 0.5025431
     [47,] 3.3939130 4.1460880 6.7343069 6.7809864 5.6611801 5.9288888
     [48,] 1.1457544 1.8942220 2.7375324 2.5428001 3.3318001 2.3939295
     [49,] 0.5670272 1.0828852 0.5963750 0.6300047 0.6587808 0.6189717
     [50,] 0.7917666 0.5145768 0.7212274 0.7458023 0.7974574 0.8330003
     [51,] 1.1243750 1.3730807 0.9171509 0.8303802 0.9935413 0.8068068
     [52,] 1.1188276 1.5138861 1.7333672 1.7697653 1.2741130 1.6636186
     [53,] 0.6981401 1.1442512 1.0319814 0.7772347 0.6884142 1.3732381
     [54,] 37.9126060 63.4927178 40.5689366 44.0189888 49.0750907 42.6061142
     [55,] 1.6200302 1.2055621 1.0972353 1.1045771 0.9229503 1.2554760
     [56,] 0.1743510 0.2682582 0.2537655 0.2416434 0.2104085 0.3628098
     [57,] 0.8994340 0.7920514 1.0217456 1.0174512 1.0158656 1.5063626
     [58,] 1.5094508 2.5586188 2.6000808 2.3073038 1.4578191 2.3056507
     [59,] 0.4848758 0.4704319 0.6209831 0.5120518 0.5244309 0.5973953
     [60,] 1.4645810 1.7657304 1.8516657 1.7666378 1.9621167 2.3570088
     [61,] 14.4626251 10.4727085 18.3222168 18.7902142 15.9648343 21.7474530
     [62,] 0.3646699 0.3735500 0.2801732 0.2630846 0.3115769 0.2902517
     [63,] 1.8116148 1.9864512 1.7702251 1.7608996 1.9517055 1.7773640
     [64,] 0.7025034 1.2947115 0.6188456 0.5679471 0.6556873 0.6233192
     [65,] 24.8383478 18.5184881 37.4944582 41.7057487 47.9532482 33.4993608
     [66,] 0.5715352 0.2881901 0.3923443 0.3215101 0.2748530 0.3118933
     [67,] 1.5749863 1.5719689 0.8391876 0.9258618 0.8940179 0.7683668
     [68,] 1.7695039 2.0361804 1.8516059 2.0739017 2.0218937 1.7813558
     [69,] 0.6528111 0.8328284 0.5756851 0.4819079 0.5727619 0.6319501
     [70,] 176.3225757 110.6227387 113.9332958 119.9881453 97.9286585 94.3052038
     [71,] 1.8986050 2.0897019 2.5271995 2.2699353 2.0755496 1.8168452
     [72,] 1.4221071 0.7536972 0.7426090 0.7701203 1.0315810 0.7164888
     [73,] 0.8245963 0.7858666 0.6796733 0.6839098 0.7569319 0.6194449
     [74,] 6.1472975 3.9673559 2.7651100 3.0634479 3.0294761 3.4598584
     [75,] 0.3308851 0.3188324 0.2452610 0.2076585 0.2544190 0.2485559
     [76,] 9.0354225 8.8972384 18.4101230 17.4616869 19.7281665 21.4886340
     [77,] 0.7167815 0.9220709 0.6165957 0.5417291 0.6176932 0.5395668
     [78,] 0.4827022 0.6541922 0.6834475 0.8032131 0.5117030 0.6397511
     [79,] 1.2940926 0.7640170 1.2362724 1.0833089 1.3379258 1.0354766
     [80,] 5.7338756 4.6080812 1.6737245 2.0137924 2.3124399 1.9876718
     [81,] 0.4444790 0.4629869 0.3988810 0.3479001 0.5059983 0.5180075
     [82,] 0.8980218 0.6419917 0.8039594 0.8693185 1.2466064 0.8188601
     [83,] 1.6440303 1.2161781 1.3155267 1.4674315 0.8472094 1.3352886
     [84,] 0.5812855 0.4431366 0.4498513 0.5445772 0.6650135 0.5529108
     [85,] 0.5319807 0.4141429 0.5926641 0.5194638 0.4058816 0.5728868
     [86,] 1.2457413 1.3811537 2.1552495 1.9786247 1.4435092 2.6120212
     [87,] 2.8094728 2.2728754 2.8685387 2.4819941 2.9892100 2.7425290
     [88,] 1.8447841 2.4444427 3.0686059 3.8800712 3.4779385 2.4533984
     [89,] 0.5923088 0.7911791 1.2708557 1.0958321 1.1323668 1.6958832
     [90,] 2.3613103 1.9981991 4.8074072 4.5151045 3.1703684 5.1505050
     [91,] 15.8779445 18.2954626 12.5106501 15.7328525 12.1694221 11.7693515
     [92,] 0.7729093 1.1227781 1.1247554 1.1009057 1.6539006 1.0924809
     [93,] 0.7116019 0.5540154 0.3520876 0.3585261 0.4618071 0.3857826
     [94,] 2.5474600 4.1609046 5.7348610 5.1474227 6.2321967 3.4906030
     [95,] 5.0647632 10.9684923 4.5393061 4.7227545 4.6795577 5.1973657
     [96,] 23.7478954 31.1141387 9.7926635 9.6248709 17.9279521 14.5495254
     [97,] 3.3843192 4.0961636 1.8140032 1.8887219 2.9689200 2.7892297
     [98,] 193.6257102 364.0953396 62.1644568 60.4900797 63.6875805 75.8851121
     [99,] 0.4828678 0.5391775 0.4888305 0.4389989 0.4537741 0.2925491
    [100,] 9.6237367 12.6164270 17.1629491 13.8193508 12.8417791 16.1004129
     [,13] [,14] [,15] [,16]
     [1,] 1.0002585 0.9757789 0.9277669 1.1691543
     [2,] 1.4260213 1.7308951 1.9707609 1.5122148
     [3,] 22.4803928 21.9277601 27.9792821 23.3926301
     [4,] 0.3901631 0.4152121 0.3762294 0.2995208
     [5,] 4.1598299 3.8222238 3.1196764 3.4872833
     [6,] 0.4377835 0.4033081 0.5093353 0.3606927
     [7,] 8.7975076 10.6255781 8.3927732 7.9795076
     [8,] 1.3125491 1.3655458 1.2936067 1.1317239
     [9,] 1.5842752 1.2425890 1.2294172 1.0845965
     [10,] 16.0714467 15.2659903 18.5031820 16.1109502
     [11,] 1.6354464 1.2668934 1.2233054 2.0841579
     [12,] 6.7147138 7.6127494 5.5247562 6.0484357
     [13,] 1.6872705 1.8186675 1.7308805 1.5476847
     [14,] 1.6288159 1.9043255 1.6165171 2.1736891
     [15,] 0.8595807 0.7181766 0.8657327 0.7218825
     [16,] 2.6480568 3.4730148 2.8086549 2.9885485
     [17,] 11.5927347 10.8625767 11.4671823 9.2021006
     [18,] 1.0599704 1.0327757 1.1464260 1.5935560
     [19,] 7.6924302 6.7895023 6.2485771 5.8093627
     [20,] 4.3564739 4.0807916 6.2747256 5.2876344
     [21,] 1.1022042 1.1215517 0.9616697 0.8228497
     [22,] 0.6959913 0.6327297 0.6949186 0.7201968
     [23,] 3.0094324 2.8037907 2.1182735 3.3954871
     [24,] 2.0899817 2.5108086 2.2235992 2.7144174
     [25,] 23.7583309 24.0873653 19.8872885 22.4679241
     [26,] 0.8772806 0.8031183 0.5341682 0.6312607
     [27,] 10.8624306 13.5592555 10.1180868 10.7492478
     [28,] 0.6886565 0.5822409 0.4873739 0.6080063
     [29,] 0.6910588 0.6606328 0.7591748 0.8082395
     [30,] 0.6326086 0.6808207 0.7990934 0.8174148
     [31,] 2.1326873 2.1249092 2.3912140 2.0262415
     [32,] 1.0586401 1.1480385 0.9394380 0.9523571
     [33,] 1.1793390 1.3724831 1.1654764 0.8698426
     [34,] 5.1244118 4.9142893 5.4061366 5.9688294
     [35,] 12.7375171 13.2284382 13.8029770 9.4657842
     [36,] 16.6369518 18.9005296 11.7979031 17.0070857
     [37,] 0.9736671 1.0227513 1.0586292 0.9126507
     [38,] 0.9218057 0.9677093 0.9764101 0.8005038
     [39,] 0.3235196 0.3835656 0.3897988 0.3080210
     [40,] 2.2043508 2.3825113 3.5079101 2.9424065
     [41,] 1.6025758 1.9030538 2.1885228 2.3297807
     [42,] 1.8832585 1.7086744 1.2512034 1.1868737
     [43,] 16.8562606 15.0319081 17.3190858 20.1903937
     [44,] 2.3893274 2.3226185 2.6302947 3.0337924
     [45,] 1.2291133 1.4576761 1.9281054 1.5419282
     [46,] 0.6725204 0.6678569 0.5609585 0.6084823
     [47,] 6.8229564 6.8298550 6.4753312 6.5831743
     [48,] 2.6730741 2.4877153 2.5070021 2.8645880
     [49,] 0.6509150 0.8041232 0.4867821 0.7261184
     [50,] 0.7465754 0.5846094 0.6712264 0.7105715
     [51,] 1.0915094 1.1243315 1.0881101 1.1771574
     [52,] 1.8501417 2.0481765 1.5326530 1.8080702
     [53,] 0.8344726 0.7617544 0.6945195 1.2804837
     [54,] 60.9275454 56.0429773 53.5003717 53.4055547
     [55,] 0.8480860 0.9379853 1.3441549 0.9519619
     [56,] 0.3714718 0.3160290 0.2057792 0.5043078
     [57,] 1.2229230 1.1541260 1.0748974 1.0815320
     [58,] 2.5259404 2.0154693 1.7198809 2.4720689
     [59,] 0.3898682 0.3705309 0.3960915 0.3669750
     [60,] 1.5993220 1.7109725 1.8130332 2.5712978
     [61,] 23.2417036 22.6266361 26.2326411 20.5674385
     [62,] 0.2994016 0.2950116 0.2863507 0.2406033
     [63,] 1.9044578 1.5609176 1.6199186 2.1959297
     [64,] 0.7194208 0.6594999 0.7378770 0.5536637
     [65,] 46.6149708 53.6023662 42.1919459 38.9800205
     [66,] 0.3136829 0.3432717 0.3531689 0.2905494
     [67,] 0.8830465 1.1063528 1.2384070 0.9338676
     [68,] 2.5423956 2.5272900 1.9865941 2.6428803
     [69,] 0.6272510 0.5641766 0.4716972 0.8077365
     [70,] 86.2136251 101.4777177 77.0995305 112.8356125
     [71,] 2.1635417 3.1383750 2.3078944 1.9710776
     [72,] 0.7953872 0.8036638 0.8765391 0.8111118
     [73,] 0.6131268 0.5478108 0.5297484 0.6362822
     [74,] 3.0348674 2.8769167 3.5127124 2.6431087
     [75,] 0.2198925 0.1925546 0.1914919 0.2472822
     [76,] 14.1002062 12.1564595 11.2415640 14.5382121
     [77,] 0.5436821 0.5457482 0.5443976 0.6844881
     [78,] 0.6707653 0.6505780 0.5815577 0.8709725
     [79,] 1.1424956 1.2005704 1.1954963 1.1365303
     [80,] 2.8261817 3.2963358 1.7214516 1.4501175
     [81,] 0.4239257 0.4603825 0.5093436 0.6527131
     [82,] 1.2569066 1.3668114 1.0943400 0.9745073
     [83,] 1.3611725 1.4083989 1.0064182 1.2002289
     [84,] 0.5818978 0.5283938 0.5473708 0.5842278
     [85,] 0.4793947 0.5566062 0.3032636 0.4509166
     [86,] 1.7460373 1.8603371 1.8624408 1.7247331
     [87,] 2.7897609 2.8574183 2.9114238 2.9903643
     [88,] 2.6370452 2.6212140 3.1035124 2.8371962
     [89,] 1.2875514 1.1988569 1.1899431 1.4713208
     [90,] 3.4410438 2.9083814 2.3194676 3.0066763
     [91,] 9.1912554 10.9371400 13.6416810 8.4728481
     [92,] 1.0847003 1.3248126 1.6764705 0.9538539
     [93,] 0.2881954 0.3134121 0.3602954 0.3727298
     [94,] 5.1516203 5.9612142 7.0106234 4.1794241
     [95,] 4.6434539 4.6007825 3.8109588 5.1876403
     [96,] 18.3236953 18.2583443 21.0576841 16.6410208
     [97,] 2.1411531 2.3629600 2.2685778 1.7662675
     [98,] 80.3331050 76.1988478 81.1928601 93.8526590
     [99,] 0.4903385 0.4376677 0.4404912 0.3680297
    [100,] 10.5686681 11.1932264 10.4969204 10.4825829
    > #Example with a grid (generating an array)
    > rmev(n=10, sigma=cbind(c(2,1),c(1,3)), loc=cbind(runif(4),runif(4)),model="smith", grid=TRUE)
    Error in .rmevA2(n = n, d = d, para = param, model = mod, Sigma = sigma, :
     BLAS/LAPACK routine 'DTRTI2' gave error code -1
    Calls: rmev -> array -> t -> .rmevA2
    Execution halted
Flavor: r-devel-linux-x86_64-debian-clang

Version: 1.11
Check: examples
Result: ERROR
    Running examples in ‘mev-Ex.R’ failed
    The error most likely occurred in:
    
    > base::assign(".ptime", proc.time(), pos = "CheckExEnv")
    > ### Name: rmev
    > ### Title: Exact simulations of multivariate extreme value distributions
    > ### Aliases: rmev
    >
    > ### ** Examples
    >
    > set.seed(1)
    > rmev(n=100, d=3, param=2.5, model="log", alg="ef")
     [,1] [,2] [,3]
     [1,] 1.3241844 2.7993629 1.0646407
     [2,] 0.8080132 1.6992939 0.7179083
     [3,] 26.8322925 23.0714108 37.5944866
     [4,] 4.2548221 3.3191385 3.0360654
     [5,] 1.7926629 2.8146683 1.9201000
     [6,] 0.3436559 0.2275397 0.1736779
     [7,] 4.1524779 1.6554806 1.1395523
     [8,] 0.6924634 1.6015045 0.4729466
     [9,] 0.7722329 1.0479223 0.6663154
     [10,] 0.9734914 2.2388627 1.2705100
     [11,] 9.3166649 5.0719498 4.3993434
     [12,] 1.6068357 2.0191002 2.5851826
     [13,] 1.7208045 6.4176355 2.0864478
     [14,] 0.7217394 3.6688121 1.2280653
     [15,] 0.2550256 0.3148263 0.3432364
     [16,] 1.4594709 2.6277023 1.2050499
     [17,] 0.7952011 0.9130174 0.7408276
     [18,] 5.6864751 10.8918433 9.1068160
     [19,] 0.6507906 0.5649713 2.5489719
     [20,] 0.2943543 0.3187133 0.3552160
     [21,] 3.9921646 5.2547137 4.3501015
     [22,] 45.4919358 44.1298669 53.0023479
     [23,] 9.2109274 14.1265549 14.8903439
     [24,] 6.5100218 2.3194623 5.4323191
     [25,] 0.7788335 1.5107596 0.8286699
     [26,] 0.4689831 0.3076351 0.2766227
     [27,] 2.2297072 4.5375915 2.9498290
     [28,] 3.5158139 8.9986099 2.1972200
     [29,] 1.1075761 0.7893003 0.4072057
     [30,] 4.4474789 3.5740845 1.3516939
     [31,] 0.1880307 0.7157074 0.3655790
     [32,] 4.1948912 3.6034486 2.4692792
     [33,] 2.4452410 2.0918579 1.7233233
     [34,] 2.1078167 1.9527438 2.3825863
     [35,] 20.6483841 7.3692035 12.9039323
     [36,] 5.7910208 0.9927368 1.6359326
     [37,] 0.4405659 0.5622922 0.2563285
     [38,] 0.2737696 0.4675466 0.8151963
     [39,] 1.9077606 1.3977859 3.2930667
     [40,] 518.7965587 654.0947432 559.9352772
     [41,] 0.5044269 0.4816114 0.5386546
     [42,] 0.6525537 0.6020635 0.6410463
     [43,] 0.8297775 0.3931504 0.5103706
     [44,] 5.5615656 9.4178517 2.5822721
     [45,] 0.8782299 0.6859625 0.8512454
     [46,] 0.7255494 0.5939896 0.8462600
     [47,] 32.9434266 24.5289388 76.1289342
     [48,] 0.8242095 0.7357299 0.9947758
     [49,] 0.7569966 0.3463297 1.0311805
     [50,] 4.4421658 6.2614536 3.0787288
     [51,] 2.0389109 0.8444871 1.2737657
     [52,] 6.7758576 4.8729472 2.8735788
     [53,] 5.6882860 5.4424085 4.8457198
     [54,] 0.6472684 0.8741934 0.8616940
     [55,] 1.0202678 1.8892189 2.9672814
     [56,] 1.5625309 1.5043384 0.8932051
     [57,] 5.3784519 4.7888378 2.3316439
     [58,] 2.7429866 6.5206491 5.7368401
     [59,] 0.4239659 0.3392086 0.3693929
     [60,] 1.4285849 1.1103833 0.8652395
     [61,] 0.5262386 0.4187189 0.4797577
     [62,] 1.4667154 0.7042429 2.1704179
     [63,] 0.3941662 0.5197489 0.3099264
     [64,] 0.5009843 1.8451471 0.6201354
     [65,] 0.2289987 1.7555116 0.4913419
     [66,] 0.7424231 1.3076994 1.1753006
     [67,] 0.3944793 1.0649244 0.4124939
     [68,] 0.3826278 0.5261374 0.5137356
     [69,] 2.5422436 1.9500485 1.8923649
     [70,] 5.2454130 10.4540583 7.5350216
     [71,] 6.8215580 1.6971728 1.5727520
     [72,] 2.4431299 0.9174740 1.1897401
     [73,] 0.2947914 0.2014534 0.7053788
     [74,] 9.8183223 7.4168505 28.9644807
     [75,] 2.0977387 1.4587730 1.2596296
     [76,] 2.1063441 0.6056433 0.7216470
     [77,] 0.3791312 0.4946861 1.2087285
     [78,] 1.4132108 1.6579087 1.3394142
     [79,] 1.7290945 4.4431699 1.3579806
     [80,] 6.3547801 5.0884003 15.6788521
     [81,] 1.8221446 1.1368440 3.6184991
     [82,] 3.4655900 3.2022965 4.4324373
     [83,] 10.2291760 9.8751531 13.2110210
     [84,] 2.5906485 6.9595485 5.9532892
     [85,] 0.5516058 1.2833323 0.5715908
     [86,] 0.7759360 0.6456412 0.7055688
     [87,] 0.5620228 0.5964398 0.7658183
     [88,] 1.5912064 3.0733047 5.5349735
     [89,] 3.1445205 0.6125466 0.6581886
     [90,] 1.4322970 2.4934474 0.9413238
     [91,] 0.4132584 1.7433116 1.4005017
     [92,] 4.2212600 6.5874352 3.4886966
     [93,] 2.6039127 2.2772943 1.1978808
     [94,] 0.6981758 0.7403026 5.6111802
     [95,] 1.6999919 1.0957491 1.3305272
     [96,] 4.2275592 4.1182303 2.7306551
     [97,] 0.9989890 3.1715032 3.0418132
     [98,] 0.2552138 0.2086764 0.3668845
     [99,] 6.0318994 3.3560933 2.2229644
    [100,] 0.3473329 0.4059501 0.5636032
    > rmev(n=100, d=4, param=c(0.2,0.1,0.9,0.5), model="bilog", alg="sm")
     [,1] [,2] [,3] [,4]
     [1,] 1.1884635 1.7856587 2.8667964 2.2733176
     [2,] 0.9032010 0.6720215 1.2541370 0.8445604
     [3,] 1.7075216 1.9608242 0.3366486 0.9901735
     [4,] 0.4156491 0.3476536 0.1668837 0.2283162
     [5,] 1.1298928 0.5550409 4.6648697 0.4910048
     [6,] 0.3224053 0.4380449 9.6972984 0.4065408
     [7,] 1.7367523 2.3840136 2.1111006 1.6840591
     [8,] 1.9166787 2.4495006 1.6636824 3.1150988
     [9,] 0.5067202 0.4726854 0.2515280 0.4411369
     [10,] 11.7437015 13.4095504 1.6479289 10.8853319
     [11,] 0.6995022 0.6393852 0.3757318 0.8326771
     [12,] 0.3800904 0.3449422 1.1407585 0.2197184
     [13,] 3.7710060 3.7483615 0.7849528 3.7461276
     [14,] 1.7425539 2.3762805 0.5773511 1.4901389
     [15,] 0.3480587 0.2756752 0.7426411 0.3763338
     [16,] 4.4209590 4.4931624 1.4037907 4.7047912
     [17,] 0.6159474 0.3805702 1.9014536 2.6146804
     [18,] 7.0803539 8.0412040 1.1650497 6.5926116
     [19,] 4.5906471 4.9678162 1.4667451 1.8034935
     [20,] 2.2942669 1.5583731 1.4383188 0.9897646
     [21,] 56.9384856 43.5959255 21.7835460 23.4911680
     [22,] 3.1496360 3.5144286 2.2835179 1.5948546
     [23,] 1.4426739 1.7089270 4.2473665 3.3691313
     [24,] 2.6630914 2.2005614 0.7211449 3.3945207
     [25,] 0.8094212 0.8864928 0.7710882 0.4694609
     [26,] 1.5989515 1.7162134 0.3248020 1.2279848
     [27,] 0.4937936 0.7036582 0.6242557 0.4632328
     [28,] 0.6923108 1.1141193 0.3119199 1.6666024
     [29,] 0.9973205 0.9246299 0.3460527 0.5627246
     [30,] 0.4002020 0.3645767 169.3113196 0.3172569
     [31,] 0.3530947 0.4394674 1.5978777 0.6109954
     [32,] 4.7824812 3.5195027 0.7250942 2.5419976
     [33,] 1.5728188 1.6341189 5.1859387 1.7909067
     [34,] 0.3429683 0.4285018 3.7552176 0.3764642
     [35,] 21.4590685 13.4515813 13.0075224 27.2801653
     [36,] 1.5529179 1.8094334 9.2302150 1.0811398
     [37,] 0.3387633 0.2861620 5.5813367 0.5004467
     [38,] 1.3000031 1.6151976 1.2505467 1.8911989
     [39,] 5.2531148 2.4354263 133.3924922 1.0389956
     [40,] 0.7605952 0.7120925 0.8856417 0.4306784
     [41,] 0.5705526 0.6126565 1.0061543 0.4820991
     [42,] 2.2220782 2.8037560 0.9964778 3.2412322
     [43,] 0.8132851 0.6505220 0.4941494 1.3546971
     [44,] 1.4475011 1.4125120 0.6792525 0.4936465
     [45,] 0.7393947 0.8615995 1.0265909 0.5293244
     [46,] 0.9569868 0.9507842 1.0416360 0.9049183
     [47,] 0.4854348 0.3900925 0.4753514 0.5542988
     [48,] 1.3934476 1.7967266 1.3667497 1.5258232
     [49,] 0.6879177 0.6372396 3.3790040 0.5296521
     [50,] 1.6948870 1.4645749 0.8877760 1.4178395
     [51,] 14.7184457 9.2388045 8.8106998 10.2894886
     [52,] 0.5881312 0.6773375 1.7791944 0.9337532
     [53,] 2.1488720 2.2719036 1.5975857 1.0084198
     [54,] 9.5549346 8.8806253 1.3528289 6.1275327
     [55,] 0.5989547 0.6636190 0.6192832 3.6334874
     [56,] 1.7850294 0.9748040 0.6469666 0.7049369
     [57,] 33.6368542 42.4667696 26.0254380 22.1432179
     [58,] 0.9651103 0.9931536 1.0563475 0.6784568
     [59,] 0.6457674 0.4758477 0.9404102 0.3763188
     [60,] 2.5029137 2.2874233 1.0633913 2.2840566
     [61,] 0.8395874 0.7187367 2.2695518 0.4581007
     [62,] 0.7556948 0.7349402 0.6403012 0.7347460
     [63,] 16.1254142 14.6595358 6.2462223 11.7277311
     [64,] 8.5763334 11.7596210 4.1187242 13.1519686
     [65,] 1.4075540 1.5583706 5.4806099 3.8322557
     [66,] 0.7773871 0.8902242 0.7012725 0.8922112
     [67,] 3.1252387 4.1993378 1.7147613 1.7754124
     [68,] 28.4086749 18.3648855 2.0059032 30.5148516
     [69,] 0.6330372 0.7132324 0.4107640 3.8127257
     [70,] 3.2438869 3.4645575 2.5188149 6.5789334
     [71,] 0.3310286 0.3428823 5.2519884 0.6023043
     [72,] 8.5553953 6.6879366 2.8070044 3.6172843
     [73,] 0.5212343 1.1856712 0.8254436 0.4810649
     [74,] 1.6063783 1.7594667 0.4895264 1.6241634
     [75,] 0.4783367 0.5442460 0.8207148 0.2072106
     [76,] 0.7711092 0.7460709 0.8061218 3.7351572
     [77,] 14.5657010 16.0249078 4.8870310 12.0103480
     [78,] 2.5828553 2.6662212 0.6794608 3.0703792
     [79,] 1.8446194 2.3708271 0.7091086 1.2919117
     [80,] 3.8542471 3.5560984 1.3017582 8.5111474
     [81,] 0.4397355 0.4484222 2.8764417 0.2363978
     [82,] 0.4210346 0.5019033 0.5087373 2.5070201
     [83,] 3.1001613 3.3345045 1.2804778 1.9047906
     [84,] 0.3857180 0.4356819 12.4961168 1.2548797
     [85,] 0.7289760 0.9559479 2.2172534 0.6009609
     [86,] 0.2960657 0.3088411 1.2612274 0.6581833
     [87,] 2.7655550 2.4564235 4.0441158 1.3555999
     [88,] 3.6246254 3.3613546 0.7627075 4.4099907
     [89,] 2.8719349 2.3708033 6.8367612 7.4823751
     [90,] 0.6752532 0.5590593 1.3493152 0.5473113
     [91,] 3.3226255 3.2965453 2.4067569 2.0675351
     [92,] 0.6707315 0.8748905 1.3554857 1.3167451
     [93,] 0.8514512 0.7275407 3.7170197 0.5119197
     [94,] 6.9704161 9.0544583 1.5059288 10.7108686
     [95,] 7.8529006 9.4703257 6.2684291 11.9846924
     [96,] 0.9038928 0.7684667 0.6516356 1.3644579
     [97,] 6.2625974 5.5626443 2.3676784 5.0974838
     [98,] 1.4696896 1.9987126 1.4589666 1.5832782
     [99,] 0.8136669 0.7285609 1.0887153 0.7871845
    [100,] 0.3300757 0.3073172 1.8663563 0.2142376
    > ## Spatial example using power variogram
    > #NEW: Variogram must take distance as argument
    > vario <- function(x, scale, alpha){ scale*x^alpha }
    > #grid specification
    > grid.loc <- as.matrix(expand.grid(runif(4), runif(4)))
    > rmev(n=100, vario=vario,loc=grid.loc, model="br", scale = 0.5, alpha = 1)
     [,1] [,2] [,3] [,4] [,5]
     [1,] 0.8426083 0.7183762 0.8458060 1.4761723 0.8382025
     [2,] 1.0793269 0.8896812 1.0685176 0.5920519 1.0517348
     [3,] 1.8110468 1.8673564 1.1476304 2.4309661 1.8188302
     [4,] 1.6896883 1.9116731 2.1795428 2.5183696 1.6933987
     [5,] 4.5725574 3.9472256 2.5360879 4.4181320 4.6253257
     [6,] 0.3898418 0.3335242 0.3238391 0.3361466 0.3900589
     [7,] 5.7028974 5.8432115 3.3508454 6.9695014 5.8015363
     [8,] 1.2066090 1.2059670 0.8775286 0.7623109 1.1843481
     [9,] 7.4913085 6.5019530 4.0321900 8.0899778 7.4376232
     [10,] 1.6792003 1.6924147 1.1443678 1.6339260 1.6238972
     [11,] 2.4762317 1.8510484 1.2347221 3.0256986 2.4485783
     [12,] 1.1577616 1.2503838 1.1523640 0.9856164 1.1936437
     [13,] 1.6121091 2.1227195 2.3225723 0.8035750 1.5749734
     [14,] 0.2625354 0.2764104 0.3181475 0.2886408 0.2639645
     [15,] 1.0952645 0.9147131 1.4105764 1.4467870 1.1131122
     [16,] 2.4512950 2.6855075 2.3167196 2.8462065 2.3910500
     [17,] 4.8355554 4.7162576 6.4255079 2.6611347 4.8902838
     [18,] 1.2086445 1.2515007 0.6798939 1.0532130 1.2296564
     [19,] 0.3923909 0.4691922 0.3546474 0.4289708 0.3856951
     [20,] 0.2272122 0.2476068 0.2278102 0.3023769 0.2310368
     [21,] 6.6471210 7.2764482 5.6686436 8.1449893 6.7642808
     [22,] 4.7263562 5.4412626 6.3343958 6.6841369 4.9070582
     [23,] 0.7392546 0.9272128 0.9888794 0.6468059 0.7320691
     [24,] 1.9737361 1.4489823 1.1398761 1.7404808 1.9674293
     [25,] 0.7432799 0.6025136 0.8102344 0.7893631 0.7205881
     [26,] 0.7849343 0.7162966 0.8940805 0.7358940 0.7753985
     [27,] 16.4601657 15.0028351 12.9789310 11.4285349 16.7793449
     [28,] 1.1436936 0.9610234 1.3065609 0.8522676 1.1436334
     [29,] 0.5547986 0.4976018 0.4252762 0.4634538 0.5670204
     [30,] 0.4687782 0.5900817 0.8638792 0.5353927 0.4703519
     [31,] 1.2591640 1.3152050 0.8114575 0.8370573 1.2112972
     [32,] 62.5832903 67.2889088 54.5985764 67.5638245 62.5196314
     [33,] 1.7496654 1.5007948 1.0441163 1.0788038 1.7243144
     [34,] 2.0045390 2.0688908 2.0482934 1.7007148 1.9738399
     [35,] 0.2234286 0.2762139 0.2737513 0.2856450 0.2241591
     [36,] 0.9188512 0.8664906 0.9598086 0.4577840 0.9233478
     [37,] 0.6902152 0.8072386 1.3149270 0.8084370 0.6874880
     [38,] 0.6080892 0.7104511 0.7012283 0.5382961 0.6027767
     [39,] 1.9869379 1.6704320 2.8782440 1.4681634 1.9249385
     [40,] 0.5290929 0.5879541 0.4563295 0.8715017 0.5357464
     [41,] 0.6993847 0.7960273 1.0837335 0.3262048 0.6891442
     [42,] 0.1887258 0.1509375 0.1731223 0.1735325 0.1915242
     [43,] 2922.7207001 2808.3197653 2299.1252803 1444.2878685 2945.5039443
     [44,] 0.8109509 0.7988731 1.3328749 1.2756105 0.8024526
     [45,] 1.1889524 1.3031139 1.7775561 1.6323060 1.1608846
     [46,] 0.6374321 0.5479933 0.5553012 0.5876860 0.6330644
     [47,] 1.1371998 0.7573157 0.3841456 0.9526438 1.1333579
     [48,] 1.0619980 1.0340198 1.5293122 0.8170637 1.0073636
     [49,] 1.5553716 1.9252883 1.6966495 1.7333799 1.5395727
     [50,] 0.3768281 0.4420310 0.7184777 0.3943395 0.3776475
     [51,] 4.7626721 4.7650587 4.5487196 4.3204911 4.6865321
     [52,] 2.3592216 2.6589654 1.5997060 3.9485421 2.3943668
     [53,] 8.4551342 9.8111536 5.3047817 7.6900175 8.1961614
     [54,] 0.6547241 0.8890661 1.0741652 0.4658485 0.6478169
     [55,] 0.5520284 0.5892935 0.6789521 1.2098030 0.5456483
     [56,] 0.4468292 0.4662242 0.4317603 0.4485375 0.4363494
     [57,] 5.3310625 4.4152218 4.1548667 3.0298305 5.2645293
     [58,] 0.4530683 0.4974916 0.6844690 0.4394969 0.4740145
     [59,] 2.6724466 2.6321987 5.0133740 3.5876360 2.7067889
     [60,] 5.2436949 4.8641654 7.1467684 4.0594100 5.2176624
     [61,] 0.4805429 0.4507106 0.4642352 0.6133827 0.4843649
     [62,] 6.2635810 7.3283207 3.3167848 4.6719290 6.3021543
     [63,] 0.6060265 0.6418134 0.5646588 0.3778626 0.5892075
     [64,] 0.2547327 0.2757415 0.3323397 0.2912954 0.2579807
     [65,] 0.8663694 0.7476107 0.7558322 0.6061190 0.8486500
     [66,] 3.0016459 2.8994318 3.2719878 2.1346551 3.0521405
     [67,] 3.0576501 2.7473541 4.2419755 2.8772489 3.0846127
     [68,] 0.2967511 0.2534175 0.1961746 0.3522424 0.3045514
     [69,] 0.3928907 0.3370779 0.3809516 0.4331888 0.3969883
     [70,] 0.5806425 0.7315035 0.8943574 0.7085902 0.5881177
     [71,] 1.9111536 1.7685265 1.6614767 1.8836345 1.8781703
     [72,] 0.6351524 0.6124252 0.9839813 0.9138561 0.6296122
     [73,] 0.4116818 0.3864752 0.2915533 0.3453196 0.4012463
     [74,] 0.4148877 0.4579063 0.2773323 0.6202773 0.4020716
     [75,] 1.0511206 1.4469203 1.3584702 0.8255077 1.0724679
     [76,] 8.9313846 7.8555795 12.7145828 5.6986079 8.9411488
     [77,] 1.1924498 1.1201844 0.8622524 1.3685341 1.2290227
     [78,] 30.1395152 29.2551176 13.1918218 39.0218251 29.8464247
     [79,] 0.2891088 0.2373173 0.2331459 0.2663107 0.2821242
     [80,] 0.7562254 0.7743485 0.7242146 0.4131622 0.7498205
     [81,] 4.5484489 3.9600041 4.3889824 3.0628746 4.5018775
     [82,] 0.8354150 0.9469202 0.7994697 0.7902655 0.8457794
     [83,] 1.7956986 1.6025864 2.0688191 2.3580565 1.8204477
     [84,] 1.4431794 1.2019684 1.7495873 1.6986619 1.4343545
     [85,] 0.3054107 0.1862359 0.1706865 0.3369070 0.3056444
     [86,] 0.4037213 0.3833117 0.3953735 0.4169169 0.4033430
     [87,] 0.5919455 0.5577378 0.3498619 0.5009878 0.5953541
     [88,] 1.6463782 1.2856293 1.2339615 1.3410819 1.6439824
     [89,] 0.4528376 0.4196472 0.3209558 0.4134159 0.4484853
     [90,] 0.5174986 0.4007593 0.5601009 0.4445789 0.5066039
     [91,] 1.6770498 2.0470842 1.5358680 2.1367451 1.7078711
     [92,] 3.1648952 2.7573554 3.0818939 3.7178779 3.2138071
     [93,] 9.0122766 10.8277839 12.7009437 4.6944336 8.7861687
     [94,] 3.8705833 4.2316931 5.0329301 4.0963587 3.8617900
     [95,] 0.3984031 0.4699337 0.3040180 0.5145247 0.3949319
     [96,] 0.5387053 0.6065894 0.4331995 0.4501728 0.5323846
     [97,] 0.3529877 0.2919522 0.2211062 0.3994558 0.3600986
     [98,] 0.7176182 0.9336020 2.4320758 1.0122584 0.6821617
     [99,] 0.5236875 0.3268291 0.3327935 0.4885329 0.5168520
    [100,] 1.4480296 1.7002368 1.9642832 0.8051547 1.4436468
     [,6] [,7] [,8] [,9] [,10]
     [1,] 0.7209952 0.8088100 1.4599890 0.6226231 0.5653472
     [2,] 0.8927116 1.1121391 0.5871340 0.7064393 0.6398950
     [3,] 1.8685050 1.1300284 2.3993117 2.2737835 2.5048724
     [4,] 1.9308677 2.2199366 2.4457933 2.4599575 2.5445370
     [5,] 3.9205995 2.5542494 4.3902988 6.7765111 7.6730740
     [6,] 0.3341802 0.3183192 0.3289423 0.2664915 0.2946344
     [7,] 5.7026179 3.4136266 6.5750364 1.1012204 0.9567705
     [8,] 1.2283462 0.8768290 0.7585276 0.6977449 0.6171152
     [9,] 6.6635114 4.1053501 8.1142299 3.1353500 3.0123494
     [10,] 1.6891627 1.1450571 1.6724741 1.2418715 1.0775806
     [11,] 1.8022931 1.2308179 3.0550396 3.7923018 3.9156002
     [12,] 1.2506386 1.1391140 0.9760759 1.2086721 1.5568716
     [13,] 2.1772272 2.2778707 0.7988054 1.3612607 1.1376995
     [14,] 0.2824415 0.3221699 0.2808871 0.2049392 0.2467717
     [15,] 0.9088704 1.4225170 1.4601918 2.3607690 2.9833268
     [16,] 2.6589224 2.2882459 2.7927272 4.6500959 3.7106495
     [17,] 4.6922089 6.3733998 2.6613530 4.8933407 5.0298120
     [18,] 1.2840208 0.6836921 1.0568216 0.3552680 0.4304794
     [19,] 0.4868343 0.3574865 0.4296527 0.3632506 0.3006898
     [20,] 0.2466066 0.2274755 0.3054379 0.1867899 0.2094103
     [21,] 7.3294841 5.7049369 8.0481853 3.2081942 2.2881752
     [22,] 5.5183123 6.3432934 6.6379272 39.5532063 43.6584953
     [23,] 0.9250717 1.0072309 0.6528442 0.5137431 0.4348953
     [24,] 1.4374088 1.1157867 1.7660256 3.0407354 2.0767200
     [25,] 0.5995714 0.8241267 0.7825575 0.4608385 0.5573500
     [26,] 0.7165309 0.8933213 0.7359211 0.7010975 0.6544182
     [27,] 15.1939505 13.1298454 11.5486313 9.0301432 14.7924769
     [28,] 0.9660772 1.2915386 0.8624948 0.8587896 1.0257450
     [29,] 0.4882489 0.4288506 0.4591915 1.4771280 1.6021169
     [30,] 0.6069667 0.8795573 0.5575637 0.2940897 0.3289970
     [31,] 1.2829866 0.8361102 0.8640758 2.1929073 2.2010915
     [32,] 67.5577325 53.5481248 66.9458821 57.0335207 45.1186389
     [33,] 1.5021472 1.0544426 1.0570242 2.5412688 2.5590168
     [34,] 2.0037707 2.0475105 1.7535969 1.8522776 1.8126020
     [35,] 0.2745175 0.2759682 0.2797147 0.3102307 0.3413006
     [36,] 0.8602408 0.9765333 0.4453057 0.4742218 0.6504092
     [37,] 0.7758137 1.3185773 0.8252017 0.4093761 0.4431490
     [38,] 0.7356664 0.6954559 0.5372044 0.6045971 0.6256953
     [39,] 1.6337071 2.8772170 1.5281787 10.7990516 7.7533972
     [40,] 0.5723680 0.4554393 0.8481021 0.3384782 0.3561761
     [41,] 0.7768093 1.0929625 0.3347997 0.4926912 0.4234920
     [42,] 0.1530440 0.1715902 0.1645338 0.2111993 0.2073666
     [43,] 2813.4063959 2236.0682903 1422.0087240 1148.5958442 1142.7241515
     [44,] 0.8005432 1.3120684 1.2765856 1.3803602 1.2930464
     [45,] 1.3275179 1.7714021 1.6130233 0.8849173 0.9505053
     [46,] 0.5458168 0.5619509 0.5826710 0.3558879 0.3181522
     [47,] 0.7589750 0.4097753 0.9383070 1.4976480 1.3149429
     [48,] 1.0200146 1.5020029 0.8280507 2.6526622 2.1819686
     [49,] 1.8775911 1.6717274 1.7424942 1.8254154 2.0295853
     [50,] 0.4426827 0.7030382 0.3957548 0.5416599 0.4790052
     [51,] 4.8592297 4.6967066 4.3903903 2.3113077 2.3077291
     [52,] 2.6939640 1.6560858 3.8549610 3.2915080 3.1929812
     [53,] 9.6127412 5.1661614 7.5702444 3.4320552 3.6800267
     [54,] 0.8888320 1.0866119 0.4697834 1.1078552 1.0011066
     [55,] 0.5698380 0.6607837 1.2248814 1.1231478 1.1311278
     [56,] 0.4565723 0.4265903 0.4611558 0.6065900 0.8126214
     [57,] 4.4371565 4.1680862 3.0692697 17.4344847 15.9794216
     [58,] 0.4912378 0.6947850 0.4483905 0.6284117 0.6376083
     [59,] 2.6899215 5.0375312 3.6120557 1.7149778 1.6482999
     [60,] 4.8370609 7.2010151 4.1441199 2.8375133 2.7238564
     [61,] 0.4425075 0.4554818 0.5882802 0.4308382 0.5240519
     [62,] 7.6371874 3.3011009 4.6726438 2.4186186 2.5110235
     [63,] 0.6340869 0.5526148 0.3704974 0.4795508 0.5257108
     [64,] 0.2668403 0.3289348 0.2982281 0.4606497 0.3758645
     [65,] 0.7637149 0.7573593 0.6102896 0.7303447 0.7796264
     [66,] 2.9216425 3.3136891 2.0698239 0.9479264 0.8564287
     [67,] 2.8381528 4.0796418 2.8459495 0.8236737 0.8751883
     [68,] 0.2576017 0.1983204 0.3618187 0.1803454 0.1634807
     [69,] 0.3359632 0.3831874 0.4453494 0.3157612 0.3494161
     [70,] 0.7398803 0.8928860 0.7423630 0.5343332 0.4761832
     [71,] 1.8398417 1.6298073 1.7621255 2.8782617 3.1661054
     [72,] 0.6226235 0.9828841 0.9009630 0.6758111 0.6941936
     [73,] 0.3840780 0.2830112 0.3417594 0.2607390 0.3625031
     [74,] 0.4612260 0.2815219 0.6151114 0.4391470 0.5659449
     [75,] 1.4573611 1.3496318 0.8231159 4.6123086 5.4829342
     [76,] 8.1229709 12.7847091 5.7039736 10.9766757 13.6223570
     [77,] 1.1242064 0.8643211 1.3361741 1.8353076 1.8877112
     [78,] 29.9196411 13.2233313 39.0878655 6.3362660 5.9598513
     [79,] 0.2364535 0.2335839 0.2627116 0.2641747 0.1929595
     [80,] 0.7646498 0.7194700 0.4039029 0.3183204 0.2694583
     [81,] 3.9166583 4.4400060 3.1480225 2.3325590 1.9020272
     [82,] 0.9823283 0.8162085 0.7735831 2.4499486 2.6629688
     [83,] 1.5875717 2.0514526 2.4302948 3.3040904 3.4295979
     [84,] 1.2568970 1.7776901 1.7265529 0.7983966 0.9167945
     [85,] 0.1919308 0.1668794 0.3277143 0.2241019 0.2655305
     [86,] 0.3742362 0.3958522 0.4183260 0.5225383 0.4730277
     [87,] 0.5500667 0.3383903 0.5105159 0.6355223 0.7091540
     [88,] 1.2981336 1.2569331 1.3107472 1.5635459 1.4425350
     [89,] 0.4355734 0.3181101 0.4231915 0.4135880 0.3993934
     [90,] 0.3984109 0.5770123 0.4479381 0.2950206 0.3244224
     [91,] 2.0902394 1.5416175 2.1435382 2.2061342 1.8968207
     [92,] 2.7875806 3.1106816 3.5194719 3.6428981 3.8271775
     [93,] 10.9538791 12.6091299 4.6820579 6.8516287 9.5754991
     [94,] 4.2279166 5.0311040 4.1247469 1.5294827 1.5838960
     [95,] 0.4674113 0.3051657 0.5086001 0.3051995 0.3003075
     [96,] 0.5928216 0.4313188 0.4488409 1.0972927 1.1230253
     [97,] 0.2878270 0.2251974 0.3973576 0.3234227 0.2576123
     [98,] 0.9436400 2.4731399 0.9870558 0.6067445 0.7703723
     [99,] 0.3231778 0.3267052 0.4884967 0.7798095 0.9496831
    [100,] 1.6603638 1.9247162 0.8121967 0.6041543 0.6135301
     [,11] [,12] [,13] [,14] [,15]
     [1,] 0.7012377 1.0797695 0.7072259 0.9807714 0.6338706
     [2,] 0.8256655 0.8134150 0.4458701 0.5201199 0.5168373
     [3,] 1.6152811 2.5237783 1.6055944 1.6226912 1.5673086
     [4,] 1.7690412 1.6370100 3.0070694 3.0360744 3.1377007
     [5,] 7.0907131 7.2383437 4.9192133 6.4200376 3.1055864
     [6,] 0.2986907 0.2626100 0.2822614 0.2400170 0.2302294
     [7,] 1.4849957 1.4082952 1.4176928 1.4324803 1.5842965
     [8,] 1.0576468 0.7955479 1.0527247 1.0591272 1.6900940
     [9,] 3.1943560 5.1806286 3.4000738 3.9123468 4.3133611
     [10,] 1.2151937 1.4349423 1.1286182 1.1803850 1.1844626
     [11,] 2.5571846 2.2962831 1.8756492 2.4876864 2.0986799
     [12,] 1.3599660 1.2393850 1.9544162 1.6710576 1.9679682
     [13,] 0.9155273 1.9299204 1.3053833 1.2365627 0.6723513
     [14,] 0.2936519 0.2414222 0.2403074 0.2616421 0.3024146
     [15,] 5.8382626 1.8290973 2.3544806 2.2027981 3.9096245
     [16,] 2.4488703 3.8712490 2.8439965 2.5564545 2.7761472
     [17,] 6.2731225 3.0424477 4.8077733 5.9069793 7.7640923
     [18,] 0.3483791 0.3649731 0.4120377 0.4993672 0.4717684
     [19,] 0.5840540 0.6858725 0.3543208 0.2806050 0.4922410
     [20,] 0.2778217 0.1790593 0.1936006 0.2142882 0.3189043
     [21,] 2.4154184 2.9594105 3.0606031 3.0560693 3.3903821
     [22,] 25.6893905 15.7835397 14.3497884 20.0813655 15.2944999
     [23,] 0.3868169 0.7485754 0.4129125 0.3754706 0.4336806
     [24,] 2.4052800 3.7855949 5.3253892 3.8192341 2.6033237
     [25,] 0.8100168 0.4850233 1.0200483 0.9128722 0.9041171
     [26,] 0.7742590 0.6990075 1.1041048 0.8670882 0.7650698
     [27,] 10.9032011 9.5021988 18.9358741 18.9339756 10.2005437
     [28,] 0.7556302 0.7528420 0.7063515 0.7843559 0.9896121
     [29,] 1.6408851 1.8489716 1.3334985 1.5477839 1.1703485
     [30,] 0.4392932 0.3063401 0.3773557 0.3249358 0.5965956
     [31,] 1.4726929 1.5843041 1.3997651 1.3815040 1.4040658
     [32,] 48.2865361 64.6322001 57.4658530 41.0111118 38.6151221
     [33,] 1.8798533 2.8845352 1.3263809 1.2131617 1.3881963
     [34,] 2.0431168 1.5127737 1.7521813 1.7193111 1.8612660
     [35,] 0.3247986 0.2125383 0.2440896 0.2866111 0.2641095
     [36,] 0.6861451 0.4521643 0.4095948 0.6087000 0.7138914
     [37,] 0.6049200 0.5055568 0.3743574 0.4316360 0.6594691
     [38,] 0.4666519 0.9615697 0.7146217 0.6570295 0.4938792
     [39,] 6.8940868 7.5949342 4.9042829 5.5417672 6.1429470
     [40,] 0.3118299 0.2926567 0.3956627 0.4060968 0.3187449
     [41,] 0.5321013 0.7129816 0.6267067 0.4512748 0.4703625
     [42,] 0.2113304 0.2545250 0.2360473 0.1981038 0.1701209
     [43,] 722.7964457 1136.8896131 1894.9208773 1744.7916038 1771.2434358
     [44,] 1.3746856 1.1781793 1.0356126 1.1276518 1.4549616
     [45,] 0.9217198 1.0021320 1.4452470 0.8921183 1.4837178
     [46,] 0.3678946 0.3131252 0.3903139 0.2835556 0.2721456
     [47,] 1.2902121 1.6615205 1.7064750 1.9967565 0.9549928
     [48,] 2.9648410 2.3704606 1.9881138 1.8578153 2.5668687
     [49,] 3.3869674 1.7146389 2.0304650 1.9776889 2.3458727
     [50,] 0.5294362 0.4796481 0.5298160 0.5818245 0.4914879
     [51,] 1.3249529 2.4743419 2.4063952 2.2225966 1.3290987
     [52,] 3.7903800 2.5890930 2.1182122 2.6375756 4.0630971
     [53,] 3.2642389 4.6801653 2.8287896 2.8874275 4.3386925
     [54,] 1.3443930 1.1555423 1.6320668 1.8117283 1.3824621
     [55,] 0.7583889 1.0498736 0.7125332 0.7576604 0.6785254
     [56,] 0.6383660 0.5049439 0.6160853 0.6177119 0.4209646
     [57,] 8.7875614 6.0796887 7.2517813 7.2801029 8.4513431
     [58,] 0.5661238 0.5562307 0.4833524 0.6290834 0.6803312
     [59,] 2.1784248 2.6356652 2.3907643 2.1594459 2.8581673
     [60,] 3.1779247 1.9636023 2.6544537 3.3543344 5.0184035
     [61,] 0.4189048 0.6266668 0.4187699 0.3883593 0.3684164
     [62,] 1.1267238 2.3109339 3.6890310 2.8179432 1.5853451
     [63,] 0.6659764 0.5293806 0.7482802 0.7122645 0.6681223
     [64,] 0.2473360 0.4690699 0.3939803 0.2988390 0.2504610
     [65,] 0.9207982 1.1683338 1.1276030 1.0461897 1.0280107
     [66,] 0.8386311 1.0412716 1.0066178 1.0924788 1.1548597
     [67,] 1.5035705 0.8583101 1.0819281 0.9373730 1.1355773
     [68,] 0.2379685 0.1402686 0.1567744 0.1774348 0.2466721
     [69,] 0.4502318 0.3213863 0.1593773 0.1706759 0.2035943
     [70,] 0.5782074 0.6603285 0.7282697 0.6948833 0.6090890
     [71,] 2.8493233 3.8550800 3.4401764 2.5682709 1.9220105
     [72,] 0.4259651 0.4205402 0.5934658 0.7929424 0.5442158
     [73,] 0.4921973 0.3255081 0.1924351 0.2396579 0.3496381
     [74,] 0.4874297 0.4658198 0.3776492 0.3698591 0.3696152
     [75,] 10.3214124 2.9149637 3.7540477 4.3187720 4.5485655
     [76,] 12.9148183 11.7928499 10.7142352 8.8998062 11.3571520
     [77,] 1.4906162 1.3127214 2.4210989 2.2293670 2.5702825
     [78,] 8.3215938 4.6848710 8.0256723 9.9481678 7.0659737
     [79,] 0.2506471 0.2981345 0.2165514 0.1961178 0.2510169
     [80,] 0.3190645 0.3009296 0.1827768 0.2085578 0.2130685
     [81,] 1.3666345 1.3458231 1.3795812 1.6369671 1.6282340
     [82,] 2.8671056 1.5001606 1.9356599 1.8031748 2.3592237
     [83,] 2.3812365 2.2385089 2.3588618 2.3044055 4.1546833
     [84,] 0.9258705 0.8129158 1.2507511 1.1492716 1.4753829
     [85,] 0.3231905 0.3636717 0.3620189 0.4761192 0.4278251
     [86,] 0.3808890 0.6666837 0.5414748 0.4548461 0.4508593
     [87,] 0.8344469 0.4478396 0.6577737 0.6320874 0.8655783
     [88,] 1.6092762 1.5837976 1.3420911 1.4098001 1.8496487
     [89,] 0.4077651 0.4049585 0.3022156 0.3343227 0.4487570
     [90,] 0.4695281 0.4402321 0.3640770 0.4333577 0.8368347
     [91,] 2.4348446 2.8854232 1.9496994 1.8197405 2.2097660
     [92,] 4.1925869 3.7575214 3.1153512 3.0811239 3.7797314
     [93,] 8.3682594 5.9388442 5.8828515 7.2974871 13.7186441
     [94,] 1.9173877 1.8895241 3.2015319 2.7219844 2.3905578
     [95,] 0.2937884 0.3810557 0.5986704 0.4826252 0.2727011
     [96,] 1.6075733 1.1372961 1.8440352 1.8172999 1.4845172
     [97,] 0.4957580 0.3589801 0.3158250 0.3005041 0.3726720
     [98,] 0.6850006 0.4831176 1.2052013 0.8964336 0.6054799
     [99,] 0.5934324 0.7389534 0.8383702 0.5665147 0.8326344
    [100,] 0.6682468 0.4953131 0.5170625 0.5191930 0.7228304
     [,16]
     [1,] 0.6109809
     [2,] 0.6793175
     [3,] 1.4267058
     [4,] 2.8979391
     [5,] 3.7589199
     [6,] 0.2894166
     [7,] 1.5523385
     [8,] 1.0897171
     [9,] 3.8773535
     [10,] 1.2046205
     [11,] 2.5022980
     [12,] 1.6462412
     [13,] 1.6200853
     [14,] 0.1871071
     [15,] 1.3992885
     [16,] 3.1698094
     [17,] 1.8743227
     [18,] 0.6989574
     [19,] 0.3534797
     [20,] 0.1673230
     [21,] 3.0431612
     [22,] 19.5429660
     [23,] 0.4887363
     [24,] 6.7766260
     [25,] 0.5085531
     [26,] 1.3293450
     [27,] 11.9613331
     [28,] 1.0160099
     [29,] 1.7834215
     [30,] 0.3856657
     [31,] 1.0611352
     [32,] 77.4432251
     [33,] 1.7005950
     [34,] 2.0326324
     [35,] 0.2397435
     [36,] 0.5195942
     [37,] 0.3797572
     [38,] 1.2126718
     [39,] 7.1777842
     [40,] 0.4411627
     [41,] 0.5781555
     [42,] 0.2446890
     [43,] 1717.3809358
     [44,] 1.3199140
     [45,] 1.4074704
     [46,] 0.3406171
     [47,] 1.2671036
     [48,] 2.1011264
     [49,] 2.2831853
     [50,] 0.6442478
     [51,] 4.4580227
     [52,] 1.4657502
     [53,] 1.9545892
     [54,] 1.4549420
     [55,] 1.0294155
     [56,] 0.3810399
     [57,] 6.0275017
     [58,] 0.5770402
     [59,] 2.2765074
     [60,] 4.2953633
     [61,] 0.4423324
     [62,] 2.9232164
     [63,] 0.6103417
     [64,] 0.7071028
     [65,] 1.8273519
     [66,] 1.2520201
     [67,] 1.0347088
     [68,] 0.2233283
     [69,] 0.2365434
     [70,] 0.7227154
     [71,] 4.1775609
     [72,] 0.6177074
     [73,] 0.2192528
     [74,] 0.5003900
     [75,] 4.2286023
     [76,] 11.5893434
     [77,] 2.3429383
     [78,] 6.1816015
     [79,] 0.1675286
     [80,] 0.2411991
     [81,] 1.6604261
     [82,] 2.6933073
     [83,] 2.6729861
     [84,] 1.1598823
     [85,] 0.3064656
     [86,] 1.1437191
     [87,] 0.4135493
     [88,] 0.8400901
     [89,] 0.5417195
     [90,] 0.4853661
     [91,] 2.0182012
     [92,] 3.7816953
     [93,] 5.8933979
     [94,] 4.2042889
     [95,] 0.4203802
     [96,] 1.4420050
     [97,] 0.3167345
     [98,] 0.7621424
     [99,] 0.7666995
    [100,] 0.5974108
    > vario2cov <- function(loc, ...){
    + sapply(1:nrow(loc), function(i) sapply(1:nrow(loc), function(j)
    + vario(sqrt(sum((loc[i,])^2)), ...) +
    + vario(sqrt(sum((loc[j,])^2)), ...) -
    + vario(sqrt(sum((loc[i,]-loc[j,])^2)), ...)))
    + }
    > rmev(n=100, sigma=vario2cov(grid.loc, scale = 0.5, alpha = 1), model="br")
     [,1] [,2] [,3] [,4] [,5] [,6]
     [1,] 0.4947088 0.5005149 0.4886068 0.6147863 0.4925529 0.4977967
     [2,] 2.2252349 2.4110792 2.2169003 1.6369562 2.1928453 2.4181295
     [3,] 26.1946919 28.6354073 32.6712133 25.7876501 26.4377237 28.9997571
     [4,] 0.3421610 0.3772631 0.3585565 0.3467980 0.3427219 0.3742381
     [5,] 2.0147042 1.9344417 2.8809876 3.4393428 1.9844643 1.9592086
     [6,] 0.3846251 0.3575485 0.4943034 0.5146607 0.3903801 0.3517598
     [7,] 7.1252167 6.2703258 5.6851481 4.1331184 7.2648736 6.2114114
     [8,] 2.6034581 2.6421333 2.4648854 1.5886408 2.5807373 2.6836263
     [9,] 0.9985322 0.8587436 1.2267912 1.0295121 1.0185467 0.8561839
     [10,] 11.8948119 11.7403332 23.0489734 14.4975071 12.0785788 11.8800014
     [11,] 1.7781379 1.8686326 1.7938945 2.6509657 1.7755899 1.8919040
     [12,] 9.0803630 8.6636025 7.4410881 8.7422896 9.1874053 8.5939604
     [13,] 2.3603454 2.4733083 2.0243580 1.8073352 2.3362893 2.5175336
     [14,] 3.2842146 3.7333838 3.1032109 2.8641483 3.3274194 3.6853500
     [15,] 0.6028224 0.6919738 0.7526364 0.9428234 0.5979694 0.6993574
     [16,] 4.2566140 4.6692088 2.5829530 4.0937209 4.2943568 4.5981199
     [17,] 6.2958937 7.1430964 9.0892669 9.8626598 6.3492624 7.1838752
     [18,] 1.5849153 1.7006524 2.0409552 1.4837812 1.5804880 1.7317504
     [19,] 7.6882049 7.5960553 7.0805336 8.0609378 7.6161136 7.5138497
     [20,] 8.4906947 7.6888344 7.5940242 9.5040570 8.8077174 7.7556116
     [21,] 2.3441513 1.8327375 1.0710302 1.4691613 2.3357747 1.8087792
     [22,] 0.8551876 0.8298145 1.2779479 0.9468206 0.8763368 0.8229148
     [23,] 4.0263560 2.9354154 3.4493146 3.4882884 4.0450101 2.8900350
     [24,] 3.0080357 2.2081020 2.2054695 2.2511290 3.0208767 2.2322358
     [25,] 22.8600517 27.3440340 22.9391523 29.5583205 22.9635028 27.1382223
     [26,] 0.6395394 0.6564271 0.7326886 0.6948411 0.6363871 0.6621940
     [27,] 4.6148354 4.3342668 3.4814131 4.5239161 4.5363643 4.3025045
     [28,] 0.2581561 0.2719750 0.3535887 0.1547905 0.2556328 0.2724829
     [29,] 0.6922177 0.7011108 0.7572802 0.7615852 0.6836509 0.6793181
     [30,] 0.6975739 0.8098515 0.6329506 0.7815324 0.6996793 0.7829375
     [31,] 1.3031649 1.4050180 1.3308867 1.4004292 1.3250294 1.4069410
     [32,] 0.6683147 0.5552631 0.8800786 0.7580478 0.6703392 0.5522464
     [33,] 1.2877502 1.3234503 0.9564146 1.5611702 1.2778160 1.3412136
     [34,] 4.7852135 5.5971612 5.5140606 8.1450644 4.8223657 5.7579409
     [35,] 7.6612075 8.5599272 7.5484376 7.0464034 7.5931752 8.7203504
     [36,] 30.3996196 29.0169553 21.2224884 30.7208332 30.5839896 29.3387496
     [37,] 1.2960048 1.4698566 1.6619180 0.9775659 1.3082282 1.4852829
     [38,] 1.4975716 1.2846795 1.4983845 1.4226937 1.5096776 1.3011188
     [39,] 0.2760526 0.2926294 0.3444040 0.2727229 0.2782576 0.2935642
     [40,] 2.8916577 3.0620297 3.5046721 2.2575593 2.9224642 3.0697813
     [41,] 2.5191461 2.6001799 2.2774149 2.0748585 2.4843560 2.5734119
     [42,] 1.7860076 1.5535981 1.8889829 1.9865089 1.7657936 1.5537918
     [43,] 37.4571988 27.9722147 20.0697077 35.9751730 36.9910812 28.4990076
     [44,] 1.8840722 1.8180928 2.2506974 2.3854746 1.8903159 1.8051567
     [45,] 3.1005319 3.6194743 4.4157099 1.8335679 3.0774389 3.6169871
     [46,] 0.5565127 0.5617380 0.4643947 0.6205619 0.5531277 0.5714937
     [47,] 4.3022414 4.4124898 3.3805598 4.1376793 4.2326174 4.4117380
     [48,] 1.7576956 1.6158468 1.1457992 1.8981619 1.7652827 1.6115031
     [49,] 0.7173371 0.6978054 0.5638316 1.0887352 0.7157248 0.7012074
     [50,] 0.6371326 0.6685641 0.8017075 0.5115972 0.6278760 0.6553607
     [51,] 1.0694758 1.1711092 1.1274643 1.3789604 1.0606347 1.1607798
     [52,] 1.5761177 1.7362253 1.1093308 1.5158737 1.5574145 1.7021739
     [53,] 0.7337643 0.8170755 0.6909886 1.1255119 0.7376773 0.8295553
     [54,] 68.4437394 80.7396553 38.4896077 63.8602063 66.9859694 80.1720561
     [55,] 0.7995594 1.0415513 1.6355644 1.1824394 0.7900438 1.0347482
     [56,] 0.2795639 0.2142285 0.1761256 0.2676935 0.2829471 0.2138605
     [57,] 0.7612119 0.7197375 0.9083769 0.7885853 0.7550411 0.7017516
     [58,] 2.0810313 2.0599009 1.5120697 2.5622633 2.1589253 2.0311635
     [59,] 0.7331234 0.6854249 0.4819824 0.4679721 0.7187299 0.6942427
     [60,] 1.4774354 1.5864269 1.4668306 1.7914207 1.4486607 1.6041523
     [61,] 12.0662464 12.6402110 14.5758107 10.4925087 12.0388094 12.3573903
     [62,] 0.3781151 0.4003641 0.3700839 0.3829367 0.3778793 0.3981951
     [63,] 1.5832746 1.6866275 1.8618187 1.9695944 1.6400302 1.6903679
     [64,] 0.6808894 0.7944142 0.6794115 1.3122053 0.6847166 0.8005561
     [65,] 20.6070299 22.7843633 24.1376588 18.7428471 20.7013192 23.0720511
     [66,] 0.3672705 0.3296175 0.5700272 0.2873629 0.3603036 0.3283822
     [67,] 1.4768634 1.2985229 1.5597351 1.5679782 1.4707704 1.2957437
     [68,] 1.4734607 1.5107013 1.7816632 1.9876024 1.4678056 1.5191291
     [69,] 0.8012186 0.7453422 0.6484428 0.8334127 0.8191760 0.7514954
     [70,] 128.9580630 128.9862397 175.0466029 112.4617438 129.1478029 129.0511043
     [71,] 2.4140846 2.8828856 1.8691034 2.0577123 2.3834425 2.8985271
     [72,] 0.9700741 1.0218576 1.4275568 0.7408130 0.9849353 1.0258277
     [73,] 0.9775895 0.7964800 0.8361965 0.7821492 0.9826335 0.7961950
     [74,] 4.1809121 3.7478986 6.1162629 3.9405998 4.1502068 3.7632534
     [75,] 0.2299612 0.2283878 0.3353765 0.3263061 0.2321417 0.2284846
     [76,] 8.6522737 7.2482925 8.8285719 8.9546004 8.5305567 7.3692234
     [77,] 0.6107953 0.5723775 0.7237249 0.9063493 0.6251898 0.5645291
     [78,] 0.7496470 0.6558990 0.4857475 0.6576910 0.7274528 0.6544438
     [79,] 0.9730015 0.9317377 1.2735919 0.7791829 0.9607486 0.9482049
     [80,] 4.7596709 4.8426811 5.7357198 4.6121319 4.7540751 4.7682699
     [81,] 0.6435052 0.6304784 0.4449007 0.4575104 0.6453109 0.6269576
     [82,] 0.5599509 0.5705237 0.9001234 0.6449034 0.5674814 0.5665668
     [83,] 1.1744550 1.1295748 1.6450967 1.2031076 1.1667781 1.1152816
     [84,] 0.5668828 0.5508869 0.5800950 0.4501850 0.5661504 0.5445048
     [85,] 0.5374503 0.5493660 0.5265658 0.4140290 0.5415324 0.5441468
     [86,] 1.1134317 1.2065778 1.2351395 1.3840088 1.1331821 1.1905246
     [87,] 1.8283996 1.6944455 2.7952323 2.2314486 1.8260716 1.6713395
     [88,] 2.1498081 1.7959055 1.8247275 2.4389533 2.1208476 1.7993805
     [89,] 0.6945094 0.6359586 0.5794764 0.8082875 0.6901531 0.6286613
     [90,] 2.0933509 2.0569501 2.3671325 1.9930872 2.0675119 2.0741360
     [91,] 14.3606549 19.2500330 16.0114419 18.5203527 14.2326503 19.2475527
     [92,] 0.8525050 0.7976444 0.7645386 1.1243420 0.8573333 0.8024153
     [93,] 0.7537036 0.7160785 0.7130288 0.5544173 0.7607355 0.7316317
     [94,] 4.1068720 3.5973963 2.5386579 4.1239737 4.0770260 3.5634646
     [95,] 7.6974946 7.6094303 5.1269383 11.2039712 7.6571075 7.6474936
     [96,] 24.4188913 26.9515947 23.2131989 31.3433368 24.4774477 26.9719803
     [97,] 5.2635117 4.9319815 3.3842529 4.1406877 5.1747363 4.9965546
     [98,] 221.1622675 240.4453754 189.5728961 363.2714583 219.5711140 240.7008966
     [99,] 0.5187197 0.4932639 0.4818668 0.5352497 0.5153449 0.4892610
    [100,] 19.4227677 18.3032435 9.7147296 12.6095119 19.9028153 18.1486027
     [,7] [,8] [,9] [,10] [,11] [,12]
     [1,] 0.4779662 0.6086907 0.9904266 0.9735801 0.9499003 1.3397517
     [2,] 2.1495852 1.6482379 1.6109282 1.5964009 1.9701089 1.5103682
     [3,] 32.9493965 25.6144675 37.4160018 36.6813630 38.7863924 31.1252453
     [4,] 0.3523676 0.3492822 0.3640763 0.4242151 0.3790839 0.4242656
     [5,] 2.8400793 3.4127053 3.9435149 4.1946074 4.5684139 3.5620719
     [6,] 0.4965692 0.5219831 0.4255417 0.4733203 0.5088326 0.4280032
     [7,] 5.6939635 4.0852567 13.6816242 12.5327951 11.2873024 8.9396319
     [8,] 2.4888800 1.5755382 0.9836715 1.1300997 1.1766528 1.1955908
     [9,] 1.2518036 1.0328336 1.2075999 1.2006846 1.4450341 1.1251174
     [10,] 23.3938054 14.5055245 16.3021407 14.4506783 27.1892284 18.0769804
     [11,] 1.8039961 2.7075003 1.9584250 1.7411070 1.1919628 3.3818022
     [12,] 7.3549162 8.6881235 7.1491866 6.6203915 6.8242009 5.8093799
     [13,] 2.0226455 1.7820775 1.8652375 2.1850867 2.1595651 2.1719109
     [14,] 3.0788144 2.8348956 1.2710726 1.0774045 1.2099501 1.8365431
     [15,] 0.7503978 0.9471198 0.9488523 0.9313589 0.6973560 0.8430404
     [16,] 2.5784159 4.1300244 3.5410567 3.7369064 3.2252855 2.9432374
     [17,] 9.0491603 9.8152213 14.6214593 15.8874333 16.7474722 13.2619684
     [18,] 2.0510246 1.4687929 1.5534227 1.3483672 1.5149895 1.9009694
     [19,] 7.0369291 8.1536389 9.7899604 8.5922611 7.9020981 7.8813023
     [20,] 7.6059047 9.2965079 5.4909341 6.6877986 7.3037474 4.4686165
     [21,] 1.0693710 1.4810042 0.9332878 0.9096424 0.8288117 0.8580025
     [22,] 1.2600701 0.9473884 0.8186861 0.8143188 0.7961639 0.8673779
     [23,] 3.5035648 3.4707535 2.8029748 2.4741633 2.0358207 3.2563786
     [24,] 2.2211195 2.2850273 1.8873991 1.8669194 2.0655690 2.6956932
     [25,] 22.8804248 29.9803943 13.5247659 15.4618780 17.0654970 14.5179190
     [26,] 0.7361479 0.6788437 0.7220504 0.6672663 0.5793387 0.3858031
     [27,] 3.5132821 4.4442947 19.5683283 17.3163958 14.4236810 19.7343816
     [28,] 0.3470378 0.1536420 0.5719983 0.5142295 0.5644151 0.5778135
     [29,] 0.7515049 0.7578206 0.6860934 0.6271496 0.4404424 0.8791203
     [30,] 0.6462796 0.7690318 0.8399755 0.8483388 0.6743749 0.6458747
     [31,] 1.3101978 1.3777131 3.5144930 4.0796397 3.4759873 2.8448489
     [32,] 0.8759628 0.7689147 0.8018365 0.9347760 0.7961210 0.9743988
     [33,] 0.9513899 1.5472077 0.8280861 0.9729475 1.2337292 1.0049068
     [34,] 5.5948855 8.0950680 3.7148949 3.9752369 4.0701602 4.5231015
     [35,] 7.5666138 6.9703155 10.7003138 9.8654502 17.3793589 16.3140728
     [36,] 20.9871307 30.8410830 13.8134039 11.4527224 15.0807273 13.0827061
     [37,] 1.6470368 0.9721300 1.0900651 1.0939798 0.9778715 0.8435260
     [38,] 1.5114466 1.4537324 0.6804118 0.7724209 0.9111166 0.7967966
     [39,] 0.3475746 0.2752838 0.4419896 0.4294212 0.4729679 0.4062300
     [40,] 3.5459681 2.3110755 2.2668402 2.8559044 2.7925107 2.3104000
     [41,] 2.2606386 2.0521644 2.1417404 2.0953219 1.9670040 2.1648057
     [42,] 1.8649342 2.0202822 1.6005121 1.4555810 1.0738269 1.2958470
     [43,] 20.0819482 35.8661791 13.2322736 13.6045711 19.6285360 16.5299157
     [44,] 2.2306697 2.4337493 2.5967829 2.7055432 2.4704644 3.0546878
     [45,] 4.3640647 1.8154901 1.4485950 1.4038784 1.4960319 1.7656742
     [46,] 0.4665219 0.6236774 0.5255493 0.4651792 0.6649515 0.5025431
     [47,] 3.3939130 4.1460880 6.7343069 6.7809864 5.6611801 5.9288888
     [48,] 1.1457544 1.8942220 2.7375324 2.5428001 3.3318001 2.3939295
     [49,] 0.5670272 1.0828852 0.5963750 0.6300047 0.6587808 0.6189717
     [50,] 0.7917666 0.5145768 0.7212274 0.7458023 0.7974574 0.8330003
     [51,] 1.1243750 1.3730807 0.9171509 0.8303802 0.9935413 0.8068068
     [52,] 1.1188276 1.5138861 1.7333672 1.7697653 1.2741130 1.6636186
     [53,] 0.6981401 1.1442512 1.0319814 0.7772347 0.6884142 1.3732381
     [54,] 37.9126060 63.4927178 40.5689366 44.0189888 49.0750907 42.6061142
     [55,] 1.6200302 1.2055621 1.0972353 1.1045771 0.9229503 1.2554760
     [56,] 0.1743510 0.2682582 0.2537655 0.2416434 0.2104085 0.3628098
     [57,] 0.8994340 0.7920514 1.0217456 1.0174512 1.0158656 1.5063626
     [58,] 1.5094508 2.5586188 2.6000808 2.3073038 1.4578191 2.3056507
     [59,] 0.4848758 0.4704319 0.6209831 0.5120518 0.5244309 0.5973953
     [60,] 1.4645810 1.7657304 1.8516657 1.7666378 1.9621167 2.3570088
     [61,] 14.4626251 10.4727085 18.3222168 18.7902142 15.9648343 21.7474530
     [62,] 0.3646699 0.3735500 0.2801732 0.2630846 0.3115769 0.2902517
     [63,] 1.8116148 1.9864512 1.7702251 1.7608996 1.9517055 1.7773640
     [64,] 0.7025034 1.2947115 0.6188456 0.5679471 0.6556873 0.6233192
     [65,] 24.8383478 18.5184881 37.4944582 41.7057487 47.9532482 33.4993608
     [66,] 0.5715352 0.2881901 0.3923443 0.3215101 0.2748530 0.3118933
     [67,] 1.5749863 1.5719689 0.8391876 0.9258618 0.8940179 0.7683668
     [68,] 1.7695039 2.0361804 1.8516059 2.0739017 2.0218937 1.7813558
     [69,] 0.6528111 0.8328284 0.5756851 0.4819079 0.5727619 0.6319501
     [70,] 176.3225757 110.6227387 113.9332958 119.9881453 97.9286585 94.3052038
     [71,] 1.8986050 2.0897019 2.5271995 2.2699353 2.0755496 1.8168452
     [72,] 1.4221071 0.7536972 0.7426090 0.7701203 1.0315810 0.7164888
     [73,] 0.8245963 0.7858666 0.6796733 0.6839098 0.7569319 0.6194449
     [74,] 6.1472975 3.9673559 2.7651100 3.0634479 3.0294761 3.4598584
     [75,] 0.3308851 0.3188324 0.2452610 0.2076585 0.2544190 0.2485559
     [76,] 9.0354225 8.8972384 18.4101230 17.4616869 19.7281665 21.4886340
     [77,] 0.7167815 0.9220709 0.6165957 0.5417291 0.6176932 0.5395668
     [78,] 0.4827022 0.6541922 0.6834475 0.8032131 0.5117030 0.6397511
     [79,] 1.2940926 0.7640170 1.2362724 1.0833089 1.3379258 1.0354766
     [80,] 5.7338756 4.6080812 1.6737245 2.0137924 2.3124399 1.9876718
     [81,] 0.4444790 0.4629869 0.3988810 0.3479001 0.5059983 0.5180075
     [82,] 0.8980218 0.6419917 0.8039594 0.8693185 1.2466064 0.8188601
     [83,] 1.6440303 1.2161781 1.3155267 1.4674315 0.8472094 1.3352886
     [84,] 0.5812855 0.4431366 0.4498513 0.5445772 0.6650135 0.5529108
     [85,] 0.5319807 0.4141429 0.5926641 0.5194638 0.4058816 0.5728868
     [86,] 1.2457413 1.3811537 2.1552495 1.9786247 1.4435092 2.6120212
     [87,] 2.8094728 2.2728754 2.8685387 2.4819941 2.9892100 2.7425290
     [88,] 1.8447841 2.4444427 3.0686059 3.8800712 3.4779385 2.4533984
     [89,] 0.5923088 0.7911791 1.2708557 1.0958321 1.1323668 1.6958832
     [90,] 2.3613103 1.9981991 4.8074072 4.5151045 3.1703684 5.1505050
     [91,] 15.8779445 18.2954626 12.5106501 15.7328525 12.1694221 11.7693515
     [92,] 0.7729093 1.1227781 1.1247554 1.1009057 1.6539006 1.0924809
     [93,] 0.7116019 0.5540154 0.3520876 0.3585261 0.4618071 0.3857826
     [94,] 2.5474600 4.1609046 5.7348610 5.1474227 6.2321967 3.4906030
     [95,] 5.0647632 10.9684923 4.5393061 4.7227545 4.6795577 5.1973657
     [96,] 23.7478954 31.1141387 9.7926635 9.6248709 17.9279521 14.5495254
     [97,] 3.3843192 4.0961636 1.8140032 1.8887219 2.9689200 2.7892297
     [98,] 193.6257102 364.0953396 62.1644568 60.4900797 63.6875805 75.8851121
     [99,] 0.4828678 0.5391775 0.4888305 0.4389989 0.4537741 0.2925491
    [100,] 9.6237367 12.6164270 17.1629491 13.8193508 12.8417791 16.1004129
     [,13] [,14] [,15] [,16]
     [1,] 1.0002585 0.9757789 0.9277669 1.1691543
     [2,] 1.4260213 1.7308951 1.9707609 1.5122148
     [3,] 22.4803928 21.9277601 27.9792821 23.3926301
     [4,] 0.3901631 0.4152121 0.3762294 0.2995208
     [5,] 4.1598299 3.8222238 3.1196764 3.4872833
     [6,] 0.4377835 0.4033081 0.5093353 0.3606927
     [7,] 8.7975076 10.6255781 8.3927732 7.9795076
     [8,] 1.3125491 1.3655458 1.2936067 1.1317239
     [9,] 1.5842752 1.2425890 1.2294172 1.0845965
     [10,] 16.0714467 15.2659903 18.5031820 16.1109502
     [11,] 1.6354464 1.2668934 1.2233054 2.0841579
     [12,] 6.7147138 7.6127494 5.5247562 6.0484357
     [13,] 1.6872705 1.8186675 1.7308805 1.5476847
     [14,] 1.6288159 1.9043255 1.6165171 2.1736891
     [15,] 0.8595807 0.7181766 0.8657327 0.7218825
     [16,] 2.6480568 3.4730148 2.8086549 2.9885485
     [17,] 11.5927347 10.8625767 11.4671823 9.2021006
     [18,] 1.0599704 1.0327757 1.1464260 1.5935560
     [19,] 7.6924302 6.7895023 6.2485771 5.8093627
     [20,] 4.3564739 4.0807916 6.2747256 5.2876344
     [21,] 1.1022042 1.1215517 0.9616697 0.8228497
     [22,] 0.6959913 0.6327297 0.6949186 0.7201968
     [23,] 3.0094324 2.8037907 2.1182735 3.3954871
     [24,] 2.0899817 2.5108086 2.2235992 2.7144174
     [25,] 23.7583309 24.0873653 19.8872885 22.4679241
     [26,] 0.8772806 0.8031183 0.5341682 0.6312607
     [27,] 10.8624306 13.5592555 10.1180868 10.7492478
     [28,] 0.6886565 0.5822409 0.4873739 0.6080063
     [29,] 0.6910588 0.6606328 0.7591748 0.8082395
     [30,] 0.6326086 0.6808207 0.7990934 0.8174148
     [31,] 2.1326873 2.1249092 2.3912140 2.0262415
     [32,] 1.0586401 1.1480385 0.9394380 0.9523571
     [33,] 1.1793390 1.3724831 1.1654764 0.8698426
     [34,] 5.1244118 4.9142893 5.4061366 5.9688294
     [35,] 12.7375171 13.2284382 13.8029770 9.4657842
     [36,] 16.6369518 18.9005296 11.7979031 17.0070857
     [37,] 0.9736671 1.0227513 1.0586292 0.9126507
     [38,] 0.9218057 0.9677093 0.9764101 0.8005038
     [39,] 0.3235196 0.3835656 0.3897988 0.3080210
     [40,] 2.2043508 2.3825113 3.5079101 2.9424065
     [41,] 1.6025758 1.9030538 2.1885228 2.3297807
     [42,] 1.8832585 1.7086744 1.2512034 1.1868737
     [43,] 16.8562606 15.0319081 17.3190858 20.1903937
     [44,] 2.3893274 2.3226185 2.6302947 3.0337924
     [45,] 1.2291133 1.4576761 1.9281054 1.5419282
     [46,] 0.6725204 0.6678569 0.5609585 0.6084823
     [47,] 6.8229564 6.8298550 6.4753312 6.5831743
     [48,] 2.6730741 2.4877153 2.5070021 2.8645880
     [49,] 0.6509150 0.8041232 0.4867821 0.7261184
     [50,] 0.7465754 0.5846094 0.6712264 0.7105715
     [51,] 1.0915094 1.1243315 1.0881101 1.1771574
     [52,] 1.8501417 2.0481765 1.5326530 1.8080702
     [53,] 0.8344726 0.7617544 0.6945195 1.2804837
     [54,] 60.9275454 56.0429773 53.5003717 53.4055547
     [55,] 0.8480860 0.9379853 1.3441549 0.9519619
     [56,] 0.3714718 0.3160290 0.2057792 0.5043078
     [57,] 1.2229230 1.1541260 1.0748974 1.0815320
     [58,] 2.5259404 2.0154693 1.7198809 2.4720689
     [59,] 0.3898682 0.3705309 0.3960915 0.3669750
     [60,] 1.5993220 1.7109725 1.8130332 2.5712978
     [61,] 23.2417036 22.6266361 26.2326411 20.5674385
     [62,] 0.2994016 0.2950116 0.2863507 0.2406033
     [63,] 1.9044578 1.5609176 1.6199186 2.1959297
     [64,] 0.7194208 0.6594999 0.7378770 0.5536637
     [65,] 46.6149708 53.6023662 42.1919459 38.9800205
     [66,] 0.3136829 0.3432717 0.3531689 0.2905494
     [67,] 0.8830465 1.1063528 1.2384070 0.9338676
     [68,] 2.5423956 2.5272900 1.9865941 2.6428803
     [69,] 0.6272510 0.5641766 0.4716972 0.8077365
     [70,] 86.2136251 101.4777177 77.0995305 112.8356125
     [71,] 2.1635417 3.1383750 2.3078944 1.9710776
     [72,] 0.7953872 0.8036638 0.8765391 0.8111118
     [73,] 0.6131268 0.5478108 0.5297484 0.6362822
     [74,] 3.0348674 2.8769167 3.5127124 2.6431087
     [75,] 0.2198925 0.1925546 0.1914919 0.2472822
     [76,] 14.1002062 12.1564595 11.2415640 14.5382121
     [77,] 0.5436821 0.5457482 0.5443976 0.6844881
     [78,] 0.6707653 0.6505780 0.5815577 0.8709725
     [79,] 1.1424956 1.2005704 1.1954963 1.1365303
     [80,] 2.8261817 3.2963358 1.7214516 1.4501175
     [81,] 0.4239257 0.4603825 0.5093436 0.6527131
     [82,] 1.2569066 1.3668114 1.0943400 0.9745073
     [83,] 1.3611725 1.4083989 1.0064182 1.2002289
     [84,] 0.5818978 0.5283938 0.5473708 0.5842278
     [85,] 0.4793947 0.5566062 0.3032636 0.4509166
     [86,] 1.7460373 1.8603371 1.8624408 1.7247331
     [87,] 2.7897609 2.8574183 2.9114238 2.9903643
     [88,] 2.6370452 2.6212140 3.1035124 2.8371962
     [89,] 1.2875514 1.1988569 1.1899431 1.4713208
     [90,] 3.4410438 2.9083814 2.3194676 3.0066763
     [91,] 9.1912554 10.9371400 13.6416810 8.4728481
     [92,] 1.0847003 1.3248126 1.6764705 0.9538539
     [93,] 0.2881954 0.3134121 0.3602954 0.3727298
     [94,] 5.1516203 5.9612142 7.0106234 4.1794241
     [95,] 4.6434539 4.6007825 3.8109588 5.1876403
     [96,] 18.3236953 18.2583443 21.0576841 16.6410208
     [97,] 2.1411531 2.3629600 2.2685778 1.7662675
     [98,] 80.3331050 76.1988478 81.1928601 93.8526590
     [99,] 0.4903385 0.4376677 0.4404912 0.3680297
    [100,] 10.5686681 11.1932264 10.4969204 10.4825829
    > #Example with a grid (generating an array)
    > rmev(n=10, sigma=cbind(c(2,1),c(1,3)), loc=cbind(runif(4),runif(4)),model="smith", grid=TRUE)
    
     *** caught segfault ***
    address 0x1, cause 'memory not mapped'
    
    Traceback:
     1: .rmevA2(n = n, d = d, para = param, model = mod, Sigma = sigma, locat)
     2: t(switch(alg, ef = .rmevA2(n = n, d = d, para = param, model = mod, Sigma = sigma, locat), sm = .rmevA1(n = n, d = d, para = param, model = mod, Sigma = sigma, locat)))
     3: array(t(switch(alg, ef = .rmevA2(n = n, d = d, para = param, model = mod, Sigma = sigma, locat), sm = .rmevA1(n = n, d = d, para = param, model = mod, Sigma = sigma, locat))), dim = c(rep(npdim, ncol(loc)), n))
     4: rmev(n = 10, sigma = cbind(c(2, 1), c(1, 3)), loc = cbind(runif(4), runif(4)), model = "smith", grid = TRUE)
    An irrecoverable exception occurred. R is aborting now ...
    Segmentation fault
Flavors: r-devel-linux-x86_64-debian-gcc, r-patched-linux-x86_64

Version: 1.11
Check: installed package size
Result: NOTE
     installed size is 6.7Mb
     sub-directories of 1Mb or more:
     libs 5.5Mb
Flavors: r-devel-linux-x86_64-fedora-clang, r-release-osx-x86_64, r-oldrel-osx-x86_64