Last updated on 2023-05-28 05:52:12 CEST.
Flavor | Version | Tinstall | Tcheck | Ttotal | Status | Flags |
---|---|---|---|---|---|---|
r-devel-linux-x86_64-debian-clang | 1.15 | 142.73 | 212.09 | 354.82 | OK | |
r-devel-linux-x86_64-debian-gcc | 1.15 | 112.21 | 158.75 | 270.96 | OK | |
r-devel-linux-x86_64-fedora-clang | 1.15 | 471.58 | OK | |||
r-devel-linux-x86_64-fedora-gcc | 1.15 | 465.57 | OK | |||
r-devel-windows-x86_64 | 1.15 | 104.00 | 208.00 | 312.00 | OK | |
r-patched-linux-x86_64 | 1.15 | 125.50 | 201.91 | 327.41 | OK | |
r-release-linux-x86_64 | 1.15 | 120.88 | 204.76 | 325.64 | OK | |
r-release-macos-arm64 | 1.15 | 110.00 | NOTE | |||
r-release-macos-x86_64 | 1.15 | 259.00 | NOTE | |||
r-release-windows-x86_64 | 1.15 | 137.00 | 258.00 | 395.00 | OK | |
r-oldrel-macos-arm64 | 1.15 | 110.00 | ERROR | |||
r-oldrel-macos-x86_64 | 1.15 | 134.00 | ERROR | |||
r-oldrel-windows-x86_64 | 1.15 | 134.00 | 216.00 | 350.00 | OK |
Version: 1.15
Check: installed package size
Result: NOTE
installed size is 8.9Mb
sub-directories of 1Mb or more:
libs 6.9Mb
Flavors: r-release-macos-arm64, r-release-macos-x86_64, r-oldrel-macos-arm64, r-oldrel-macos-x86_64
Version: 1.15
Check: PDF version of manual
Result: WARN
LaTeX errors when creating PDF version.
This typically indicates Rd problems.
LaTeX errors found:
! Misplaced alignment tab character &.
<argument> \left (\begin {matrix} \cos (\rho ) &
\sin (\rho ) \\ - \sigma \s...
l.457 ... \sigma\cos(\rho) \end{matrix} \right)}{}
! Misplaced alignment tab character &.
<argument> ...n (\rho ) \\ - \sigma \sin (\rho ) &
\sigma \cos (\rho ) \end ...
l.457 ... \sigma\cos(\rho) \end{matrix} \right)}{}
Flavors: r-oldrel-macos-arm64, r-oldrel-macos-x86_64
Version: 1.15
Check: PDF version of manual without index
Result: ERROR
Flavors: r-oldrel-macos-arm64, r-oldrel-macos-x86_64