CRAN Package Check Results for Package mev

Last updated on 2019-06-23 11:48:15 CEST.

Flavor Version Tinstall Tcheck Ttotal Status Flags
r-devel-linux-x86_64-debian-clang 1.11 95.23 153.19 248.42 OK
r-devel-linux-x86_64-debian-gcc 1.11 75.36 118.31 193.67 OK
r-devel-linux-x86_64-fedora-clang 1.11 323.62 NOTE
r-devel-linux-x86_64-fedora-gcc 1.11 329.98 OK
r-devel-windows-ix86+x86_64 1.11 229.00 210.00 439.00 OK
r-patched-linux-x86_64 1.11 85.65 148.16 233.81 OK
r-patched-solaris-x86 1.11 335.60 OK
r-release-linux-x86_64 1.11 85.92 152.62 238.54 OK
r-release-windows-ix86+x86_64 1.11 171.00 272.00 443.00 OK
r-release-osx-x86_64 1.11 NOTE
r-oldrel-windows-ix86+x86_64 1.11 158.00 268.00 426.00 OK
r-oldrel-osx-x86_64 1.11 NOTE

Check Details

Version: 1.11
Check: installed package size
Result: NOTE
     installed size is 6.7Mb
     sub-directories of 1Mb or more:
     libs 5.6Mb
Flavors: r-devel-linux-x86_64-fedora-clang, r-release-osx-x86_64, r-oldrel-osx-x86_64