CRAN Package Check Results for Package mev

Last updated on 2020-10-28 11:49:51 CET.

Flavor Version Tinstall Tcheck Ttotal Status Flags
r-devel-linux-x86_64-debian-clang 1.13.1 139.54 178.16 317.70 OK
r-devel-linux-x86_64-debian-gcc 1.13.1 98.25 129.78 228.03 OK
r-devel-linux-x86_64-fedora-clang 1.13.1 397.73 NOTE
r-devel-linux-x86_64-fedora-gcc 1.13.1 373.69 OK
r-devel-windows-ix86+x86_64 1.13.1 263.00 239.00 502.00 OK
r-patched-linux-x86_64 1.13.1 OK
r-patched-solaris-x86 1.13.1 352.20 OK
r-release-linux-x86_64 1.13.1 116.49 157.85 274.34 OK
r-release-macos-x86_64 1.13.1 NOTE
r-release-windows-ix86+x86_64 1.13.1 182.00 178.00 360.00 OK
r-oldrel-macos-x86_64 1.13.1 NOTE
r-oldrel-windows-ix86+x86_64 1.13.1 208.00 219.00 427.00 OK

Check Details

Version: 1.13.1
Check: installed package size
Result: NOTE
     installed size is 8.3Mb
     sub-directories of 1Mb or more:
     libs 6.7Mb
Flavors: r-devel-linux-x86_64-fedora-clang, r-release-macos-x86_64, r-oldrel-macos-x86_64

Version: 1.13.1
Check: Rd cross-references
Result: NOTE
    Undeclared packages ‘hoa’, ‘evir’ in Rd xrefs
Flavor: r-devel-linux-x86_64-fedora-clang