Last updated on 2021-01-22 05:50:33 CET.
Flavor | Version | Tinstall | Tcheck | Ttotal | Status | Flags |
---|---|---|---|---|---|---|
r-devel-linux-x86_64-debian-clang | 0.1.5 | 4.41 | 86.09 | 90.50 | OK | |
r-devel-linux-x86_64-debian-gcc | 0.1.5 | 3.10 | 65.65 | 68.75 | OK | |
r-devel-linux-x86_64-fedora-clang | 0.1.5 | 111.19 | NOTE | |||
r-devel-linux-x86_64-fedora-gcc | 0.1.5 | 104.64 | NOTE | |||
r-devel-windows-ix86+x86_64 | 0.1.5 | 8.00 | 79.00 | 87.00 | OK | |
r-patched-linux-x86_64 | 0.1.5 | 4.00 | 81.28 | 85.28 | OK | |
r-patched-solaris-x86 | 0.1.5 | 139.90 | NOTE | |||
r-release-linux-x86_64 | 0.1.5 | 3.22 | 81.03 | 84.25 | OK | |
r-release-macos-x86_64 | 0.1.5 | NOTE | ||||
r-release-windows-ix86+x86_64 | 0.1.5 | 14.00 | 112.00 | 126.00 | OK | |
r-oldrel-macos-x86_64 | 0.1.5 | NOTE | ||||
r-oldrel-windows-ix86+x86_64 | 0.1.5 | 5.00 | 79.00 | 84.00 | OK |
Version: 0.1.5
Check: dependencies in R code
Result: NOTE
Namespace in Imports field not imported from: ‘ECoL’
All declared Imports should be used.
Flavors: r-devel-linux-x86_64-fedora-clang, r-devel-linux-x86_64-fedora-gcc, r-patched-solaris-x86, r-release-macos-x86_64, r-oldrel-macos-x86_64