CRAN Package Check Results for Package mgcViz

Last updated on 2019-10-10 05:47:40 CEST.

Flavor Version Tinstall Tcheck Ttotal Status Flags
r-devel-linux-x86_64-debian-clang 0.1.4 16.81 249.84 266.65 OK
r-devel-linux-x86_64-debian-gcc 0.1.4 13.51 190.90 204.41 OK
r-devel-linux-x86_64-fedora-clang 0.1.4 313.85 OK
r-devel-linux-x86_64-fedora-gcc 0.1.4 319.00 OK
r-devel-windows-ix86+x86_64 0.1.4 37.00 497.00 534.00 OK
r-patched-linux-x86_64 0.1.4 15.55 240.52 256.07 OK
r-patched-solaris-x86 0.1.4 436.60 NOTE
r-release-linux-x86_64 0.1.4 16.80 237.81 254.61 OK
r-release-windows-ix86+x86_64 0.1.4 46.00 361.00 407.00 OK
r-release-osx-x86_64 0.1.4 OK
r-oldrel-windows-ix86+x86_64 0.1.4 20.00 349.00 369.00 OK
r-oldrel-osx-x86_64 0.1.4 OK

Check Details

Version: 0.1.4
Check: installed package size
Result: NOTE
     installed size is 5.1Mb
     sub-directories of 1Mb or more:
     doc 4.3Mb
Flavor: r-patched-solaris-x86