CRAN Package Check Results for Package mgcv

Last updated on 2020-12-01 17:49:29 CET.

Flavor Version Tinstall Tcheck Ttotal Status Flags
r-devel-linux-x86_64-debian-clang 1.8-33 130.42 496.29 626.71 OK
r-devel-linux-x86_64-debian-gcc 1.8-33 70.72 373.71 444.43 OK
r-devel-linux-x86_64-fedora-clang 1.8-33 718.28 NOTE
r-devel-linux-x86_64-fedora-gcc 1.8-33 706.07 OK
r-devel-windows-ix86+x86_64 1.8-33 162.00 631.00 793.00 OK
r-patched-linux-x86_64 1.8-33 130.10 474.75 604.85 OK
r-patched-solaris-x86 1.8-33 OK
r-release-linux-x86_64 1.8-33 79.43 467.84 547.27 OK
r-release-macos-x86_64 1.8-33 OK
r-release-windows-ix86+x86_64 1.8-33 169.00 635.00 804.00 OK
r-oldrel-macos-x86_64 1.8-33 OK
r-oldrel-windows-ix86+x86_64 1.8-33 131.00 792.00 923.00 OK

Additional issues

rchk

Check Details

Version: 1.8-33
Check: Rd cross-references
Result: NOTE
    Undeclared package ‘gam’ in Rd xrefs
Flavor: r-devel-linux-x86_64-fedora-clang