CRAN Package Check Results for Package mgss

Last updated on 2024-02-29 05:56:21 CET.

Flavor Version Tinstall Tcheck Ttotal Status Flags
r-devel-linux-x86_64-debian-clang 1.2 27.13 77.25 104.38 NOTE
r-devel-linux-x86_64-debian-gcc 1.2 21.89 59.07 80.96 NOTE
r-devel-linux-x86_64-fedora-clang 1.2 136.76 NOTE
r-devel-linux-x86_64-fedora-gcc 1.2 136.41 NOTE
r-devel-windows-x86_64 1.2 23.00 94.00 117.00 NOTE
r-patched-linux-x86_64 1.2 28.58 77.08 105.66 NOTE
r-release-linux-x86_64 1.2 26.93 76.39 103.32 NOTE
r-release-macos-arm64 1.2 47.00 NOTE
r-release-macos-x86_64 1.2 69.00 NOTE
r-release-windows-x86_64 1.2 29.00 109.00 138.00 NOTE
r-oldrel-macos-arm64 1.2 40.00 OK
r-oldrel-windows-x86_64 1.2 30.00 107.00 137.00 OK

Check Details

Version: 1.2
Check: C++ specification
Result: NOTE Specified C++14: please drop specification unless essential Flavors: r-devel-linux-x86_64-debian-clang, r-devel-linux-x86_64-debian-gcc, r-devel-linux-x86_64-fedora-clang, r-devel-linux-x86_64-fedora-gcc, r-devel-windows-x86_64, r-patched-linux-x86_64, r-release-linux-x86_64, r-release-macos-arm64, r-release-macos-x86_64, r-release-windows-x86_64