Last updated on 2024-04-23 17:49:38 CEST.
Flavor | Version | Tinstall | Tcheck | Ttotal | Status | Flags |
---|---|---|---|---|---|---|
r-devel-linux-x86_64-debian-clang | 1.1 | 3.34 | 61.99 | 65.33 | OK | |
r-devel-linux-x86_64-debian-gcc | 1.1 | 3.33 | 47.35 | 50.68 | OK | |
r-devel-linux-x86_64-fedora-clang | 1.1 | 85.03 | NOTE | |||
r-devel-linux-x86_64-fedora-gcc | 1.1 | 92.35 | NOTE | |||
r-prerel-macos-arm64 | 1.1 | 37.00 | OK | |||
r-prerel-macos-x86_64 | 1.1 | 59.00 | OK | |||
r-prerel-windows-x86_64 | 1.1 | 7.00 | 78.00 | 85.00 | OK | |
r-patched-linux-x86_64 | 1.1 | 2.97 | 60.13 | 63.10 | OK | |
r-release-linux-x86_64 | 1.1 | 4.29 | 59.53 | 63.82 | OK | |
r-release-macos-arm64 | 1.1 | 40.00 | NOTE | |||
r-release-macos-x86_64 | 1.1 | 55.00 | NOTE | |||
r-release-windows-x86_64 | 1.1 | 7.00 | 94.00 | 101.00 | OK | |
r-oldrel-macos-arm64 | 1.1 | 24.00 | NOTE | |||
r-oldrel-windows-x86_64 | 1.1 | 7.00 | 95.00 | 102.00 | OK |
Version: 1.1
Check: package dependencies
Result: NOTE
Packages suggested but not available for checking: 'DAPAR', 'ProteoMM'
Flavors: r-devel-linux-x86_64-fedora-clang, r-devel-linux-x86_64-fedora-gcc, r-release-macos-arm64, r-release-macos-x86_64, r-oldrel-macos-arm64