CRAN Package Check Results for Package miRtest

Last updated on 2021-10-21 11:53:08 CEST.

Flavor Version Tinstall Tcheck Ttotal Status Flags
r-devel-linux-x86_64-debian-clang 1.8 29.79 276.77 306.56 NOTE
r-devel-linux-x86_64-debian-gcc 1.8 23.23 205.41 228.64 NOTE
r-devel-linux-x86_64-fedora-clang 1.8 386.83 NOTE
r-devel-linux-x86_64-fedora-gcc 1.8 370.41 NOTE
r-devel-windows-x86_64 1.8 44.00 318.00 362.00 NOTE
r-devel-windows-x86_64-gcc10-UCRT 1.8 NOTE
r-patched-linux-x86_64 1.8 28.14 260.68 288.82 NOTE
r-patched-solaris-x86 1.8 517.60 NOTE
r-release-linux-x86_64 1.8 28.98 259.82 288.80 NOTE
r-release-macos-arm64 1.8 NOTE
r-release-macos-x86_64 1.8 ERROR
r-release-windows-ix86+x86_64 1.8 45.00 319.00 364.00 NOTE
r-oldrel-macos-x86_64 1.8 ERROR
r-oldrel-windows-ix86+x86_64 1.8 63.00 263.00 326.00 NOTE

Check Details

Version: 1.8
Check: DESCRIPTION meta-information
Result: NOTE
    Malformed Description field: should contain one or more complete sentences.
Flavors: r-devel-linux-x86_64-debian-clang, r-devel-linux-x86_64-debian-gcc, r-devel-linux-x86_64-fedora-clang, r-devel-linux-x86_64-fedora-gcc, r-devel-windows-x86_64, r-devel-windows-x86_64-gcc10-UCRT, r-patched-linux-x86_64, r-patched-solaris-x86, r-release-linux-x86_64, r-release-macos-arm64, r-release-windows-ix86+x86_64, r-oldrel-windows-ix86+x86_64

Version: 1.8
Check: R code for possible problems
Result: NOTE
    fisher.combination: no visible global function definition for 'pchisq'
    gs.test: no visible global function definition for 'ks.test'
    gs.test: no visible global function definition for 'wilcox.test'
    gs.test: no visible global function definition for 'fisher.test'
    inverse.normal.combination: no visible global function definition for
     'qnorm'
    inverse.normal.combination: no visible global function definition for
     'pnorm'
    limma.one.sided: no visible global function definition for 'pt'
    Undefined global functions or variables:
     fisher.test ks.test pchisq pnorm pt qnorm wilcox.test
    Consider adding
     importFrom("stats", "fisher.test", "ks.test", "pchisq", "pnorm", "pt",
     "qnorm", "wilcox.test")
    to your NAMESPACE file.
Flavors: r-devel-linux-x86_64-debian-clang, r-devel-linux-x86_64-debian-gcc, r-devel-linux-x86_64-fedora-clang, r-devel-linux-x86_64-fedora-gcc, r-devel-windows-x86_64, r-devel-windows-x86_64-gcc10-UCRT, r-patched-linux-x86_64, r-patched-solaris-x86, r-release-linux-x86_64, r-release-macos-arm64, r-release-windows-ix86+x86_64, r-oldrel-windows-ix86+x86_64

Version: 1.8
Check: package dependencies
Result: ERROR
    Package required but not available: ‘GlobalAncova’
    
    See section ‘The DESCRIPTION file’ in the ‘Writing R Extensions’
    manual.
Flavors: r-release-macos-x86_64, r-oldrel-macos-x86_64