Last updated on 2024-08-16 11:49:45 CEST.
Flavor | Version | Tinstall | Tcheck | Ttotal | Status | Flags |
---|---|---|---|---|---|---|
r-devel-linux-x86_64-debian-clang | 0.4.4 | 12.36 | 134.54 | 146.90 | NOTE | |
r-devel-linux-x86_64-debian-gcc | 0.4.4 | 10.48 | 95.27 | 105.75 | NOTE | |
r-devel-linux-x86_64-fedora-clang | 0.4.4 | 258.24 | NOTE | |||
r-devel-linux-x86_64-fedora-gcc | 0.4.4 | 254.19 | NOTE | |||
r-devel-windows-x86_64 | 0.4.4 | 14.00 | 233.00 | 247.00 | NOTE | |
r-patched-linux-x86_64 | 0.4.4 | 21.24 | 130.03 | 151.27 | OK | |
r-release-linux-x86_64 | 0.4.4 | 12.80 | 128.61 | 141.41 | OK | |
r-release-macos-arm64 | 0.4.4 | 75.00 | OK | |||
r-release-macos-x86_64 | 0.4.4 | 115.00 | OK | |||
r-release-windows-x86_64 | 0.4.4 | 15.00 | 158.00 | 173.00 | OK | |
r-oldrel-macos-arm64 | 0.4.4 | 80.00 | OK | |||
r-oldrel-macos-x86_64 | 0.4.4 | 122.00 | OK | |||
r-oldrel-windows-x86_64 | 0.4.4 | 20.00 | 270.00 | 290.00 | OK |
Version: 0.4.4
Check: Rd cross-references
Result: NOTE
Found the following Rd file(s) with Rd \link{} targets missing package
anchors:
coef.wqs.Rd: glm2
estimate.wqs.Rd: glm2
Please provide package anchors for all Rd \link{} targets not in the
package itself and the base packages.
Flavors: r-devel-linux-x86_64-debian-clang, r-devel-linux-x86_64-debian-gcc, r-devel-windows-x86_64
Version: 0.4.4
Check: for detritus in the temp directory
Result: NOTE
Found the following files/directories:
‘par-7269706c6579’
Flavors: r-devel-linux-x86_64-fedora-clang, r-devel-linux-x86_64-fedora-gcc