CRAN Package Check Results for Package miceadds

Last updated on 2021-09-27 05:51:29 CEST.

Flavor Version Tinstall Tcheck Ttotal Status Flags
r-devel-linux-x86_64-debian-clang 3.11-6 158.61 144.85 303.46 OK
r-devel-linux-x86_64-debian-gcc 3.11-6 107.56 104.44 212.00 OK
r-devel-linux-x86_64-fedora-clang 3.11-6 407.48 NOTE
r-devel-linux-x86_64-fedora-gcc 3.11-6 379.73 OK
r-devel-windows-x86_64 3.11-6 141.00 142.00 283.00 OK
r-devel-windows-x86_64-gcc10-UCRT 3.11-6 OK
r-patched-linux-x86_64 3.11-6 126.00 135.61 261.61 OK
r-patched-solaris-x86 3.11-6 361.30 OK
r-release-linux-x86_64 3.11-6 120.99 135.39 256.38 OK
r-release-macos-arm64 3.11-6 NOTE
r-release-macos-x86_64 3.11-6 NOTE
r-release-windows-ix86+x86_64 3.11-6 348.00 167.00 515.00 OK
r-oldrel-macos-x86_64 3.11-6 NOTE
r-oldrel-windows-ix86+x86_64 3.11-6 270.00 167.00 437.00 OK

Check Details

Version: 3.11-6
Check: installed package size
Result: NOTE
     installed size is 6.9Mb
     sub-directories of 1Mb or more:
     libs 5.3Mb
Flavors: r-devel-linux-x86_64-fedora-clang, r-release-macos-arm64, r-release-macos-x86_64, r-oldrel-macos-x86_64