Last updated on 2023-03-21 05:53:16 CET.
Flavor | Version | Tinstall | Tcheck | Ttotal | Status | Flags |
---|---|---|---|---|---|---|
r-devel-linux-x86_64-debian-clang | 1.0.0 | OK | ||||
r-devel-linux-x86_64-debian-gcc | 1.0.0 | 1.60 | 17.54 | 19.14 | OK | |
r-devel-linux-x86_64-fedora-clang | 1.0.0 | 32.45 | NOTE | |||
r-devel-linux-x86_64-fedora-gcc | 1.0.0 | 40.32 | NOTE | |||
r-patched-linux-x86_64 | 1.0.0 | 1.84 | 22.78 | 24.62 | OK | |
r-release-linux-x86_64 | 1.0.0 | 1.95 | 23.20 | 25.15 | OK | |
r-release-macos-arm64 | 1.0.0 | 14.00 | NOTE | |||
r-release-macos-x86_64 | 1.0.0 | 21.00 | NOTE | |||
r-release-windows-x86_64 | 1.0.0 | 17.00 | 55.00 | 72.00 | OK | |
r-oldrel-macos-arm64 | 1.0.0 | 17.00 | NOTE | |||
r-oldrel-macos-x86_64 | 1.0.0 | 29.00 | NOTE | |||
r-oldrel-windows-ix86+x86_64 | 1.0.0 | 5.00 | 50.00 | 55.00 | OK |
Version: 1.0.0
Check: data for non-ASCII characters
Result: NOTE
Note: found 9345 marked UTF-8 strings
Flavors: r-devel-linux-x86_64-fedora-clang, r-devel-linux-x86_64-fedora-gcc, r-release-macos-arm64, r-release-macos-x86_64, r-oldrel-macos-arm64, r-oldrel-macos-x86_64