CRAN Package Check Results for Package microbenchmark

Last updated on 2021-09-19 11:50:05 CEST.

Flavor Version Tinstall Tcheck Ttotal Status Flags
r-devel-linux-x86_64-debian-clang 1.4-7 5.79 43.27 49.06 WARN
r-devel-linux-x86_64-debian-gcc 1.4-7 3.73 33.84 37.57 WARN
r-devel-linux-x86_64-fedora-clang 1.4-7 64.04 NOTE
r-devel-linux-x86_64-fedora-gcc 1.4-7 53.51 NOTE
r-devel-windows-x86_64 1.4-7 7.00 74.00 81.00 NOTE
r-devel-windows-x86_64-gcc10-UCRT 1.4-7 ERROR
r-patched-linux-x86_64 1.4-7 4.58 41.03 45.61 WARN
r-patched-solaris-x86 1.4-7 85.80 NOTE
r-release-linux-x86_64 1.4-7 4.28 40.91 45.19 WARN
r-release-macos-arm64 1.4-7 NOTE
r-release-macos-x86_64 1.4-7 NOTE
r-release-windows-ix86+x86_64 1.4-7 12.00 91.00 103.00 NOTE
r-oldrel-macos-x86_64 1.4-7 OK
r-oldrel-windows-ix86+x86_64 1.4-7 12.00 92.00 104.00 OK

Check Details

Version: 1.4-7
Check: top-level files
Result: WARN
     Output from running autoreconf:
     configure.ac:40: warning: The macro `AC_TRY_COMPILE' is obsolete.
     configure.ac:40: You should run autoupdate.
     ./lib/autoconf/general.m4:2847: AC_TRY_COMPILE is expanded from...
     configure.ac:40: the top level
     configure.ac:67: warning: The macro `AC_TRY_LINK' is obsolete.
     configure.ac:67: You should run autoupdate.
     ./lib/autoconf/general.m4:2920: AC_TRY_LINK is expanded from...
     lib/m4sugar/m4sh.m4:692: _AS_IF_ELSE is expanded from...
     lib/m4sugar/m4sh.m4:699: AS_IF is expanded from...
     ./lib/autoconf/general.m4:2249: AC_CACHE_VAL is expanded from...
     ./lib/autoconf/general.m4:2270: AC_CACHE_CHECK is expanded from...
     configure.ac:67: the top level
     configure.ac:106: warning: The macro `AC_TRY_COMPILE' is obsolete.
     configure.ac:106: You should run autoupdate.
     ./lib/autoconf/general.m4:2847: AC_TRY_COMPILE is expanded from...
     configure.ac:106: the top level
     configure.ac:132: warning: The macro `AC_TRY_COMPILE' is obsolete.
     configure.ac:132: You should run autoupdate.
     ./lib/autoconf/general.m4:2847: AC_TRY_COMPILE is expanded from...
     configure.ac:132: the top level
Flavors: r-devel-linux-x86_64-debian-clang, r-devel-linux-x86_64-debian-gcc, r-patched-linux-x86_64, r-release-linux-x86_64

Version: 1.4-7
Check: LazyData
Result: NOTE
     'LazyData' is specified without a 'data' directory
Flavors: r-devel-linux-x86_64-debian-clang, r-devel-linux-x86_64-debian-gcc, r-devel-linux-x86_64-fedora-clang, r-devel-linux-x86_64-fedora-gcc, r-devel-windows-x86_64, r-patched-linux-x86_64, r-patched-solaris-x86, r-release-linux-x86_64, r-release-macos-arm64, r-release-macos-x86_64, r-release-windows-ix86+x86_64

Version: 1.4-7
Check: whether package can be installed
Result: ERROR
    Installation failed.
Flavor: r-devel-windows-x86_64-gcc10-UCRT