Last updated on 2024-03-29 11:53:58 CET.
Flavor | Version | Tinstall | Tcheck | Ttotal | Status | Flags |
---|---|---|---|---|---|---|
r-devel-linux-x86_64-debian-clang | 2.1.6 | 51.48 | 61.47 | 112.95 | NOTE | |
r-devel-linux-x86_64-debian-gcc | 2.1.6 | 41.81 | 46.27 | 88.08 | NOTE | |
r-devel-linux-x86_64-fedora-clang | 2.1.6 | 162.50 | NOTE | |||
r-devel-linux-x86_64-fedora-gcc | 2.1.6 | 165.36 | NOTE | |||
r-devel-windows-x86_64 | 2.1.6 | 44.00 | 97.00 | 141.00 | WARN | |
r-patched-linux-x86_64 | 2.1.6 | 52.98 | 59.01 | 111.99 | NOTE | |
r-release-linux-x86_64 | 2.1.6 | 55.66 | 57.38 | 113.04 | OK | |
r-release-macos-arm64 | 2.1.6 | 48.00 | OK | |||
r-release-macos-x86_64 | 2.1.6 | 86.00 | OK | |||
r-release-windows-x86_64 | 2.1.6 | 55.00 | 106.00 | 161.00 | OK | |
r-oldrel-macos-arm64 | 2.1.6 | 47.00 | OK | |||
r-oldrel-windows-x86_64 | 2.1.6 | 50.00 | 107.00 | 157.00 | OK |
Version: 2.1.6
Check: Rd files
Result: NOTE
checkRd: (-1) readFastq.Rd:62: Lost braces
62 | code{\link{readFasta}}.
| ^
Flavors: r-devel-linux-x86_64-debian-clang, r-devel-linux-x86_64-debian-gcc, r-devel-linux-x86_64-fedora-clang, r-devel-linux-x86_64-fedora-gcc, r-devel-windows-x86_64, r-patched-linux-x86_64
Version: 2.1.6
Check: whether package can be installed
Result: WARN
Found the following significant warnings:
Warning: package 'dplyr' was built under R version 4.5.0
See 'd:/Rcompile/CRANpkg/local/4.4/microseq.Rcheck/00install.out' for details.
* used C compiler: 'gcc.exe (GCC) 13.2.0'
* used C++ compiler: 'g++.exe (GCC) 13.2.0'
Flavor: r-devel-windows-x86_64