Last updated on 2024-08-16 11:49:45 CEST.
Flavor | Version | Tinstall | Tcheck | Ttotal | Status | Flags |
---|---|---|---|---|---|---|
r-devel-linux-x86_64-debian-clang | 1.4.3 | 86.05 | 63.02 | 149.07 | NOTE | |
r-devel-linux-x86_64-debian-gcc | 1.4.3 | 64.22 | 46.76 | 110.98 | NOTE | |
r-devel-linux-x86_64-fedora-clang | 1.4.3 | 297.85 | NOTE | |||
r-devel-linux-x86_64-fedora-gcc | 1.4.3 | 289.08 | NOTE | |||
r-devel-windows-x86_64 | 1.4.3 | 102.00 | 93.00 | 195.00 | NOTE | |
r-patched-linux-x86_64 | 1.4.3 | 92.15 | 59.43 | 151.58 | NOTE | |
r-release-linux-x86_64 | 1.4.3 | 92.99 | 60.59 | 153.58 | NOTE | |
r-release-macos-arm64 | 1.4.3 | 65.00 | NOTE | |||
r-release-macos-x86_64 | 1.4.3 | 83.00 | NOTE | |||
r-release-windows-x86_64 | 1.4.3 | 102.00 | 92.00 | 194.00 | NOTE | |
r-oldrel-macos-arm64 | 1.4.3 | 62.00 | NOTE | |||
r-oldrel-macos-x86_64 | 1.4.3 | 90.00 | NOTE | |||
r-oldrel-windows-x86_64 | 1.4.3 | 119.00 | 114.00 | 233.00 | NOTE |
Version: 1.4.3
Check: Rd files
Result: NOTE
checkRd: (-1) RNGStream.Rd:29: Lost braces
29 | item{open}{function to use the current seed}
| ^
checkRd: (-1) RNGStream.Rd:29: Lost braces
29 | item{open}{function to use the current seed}
| ^
checkRd: (-1) RNGStream.Rd:30: Lost braces
30 | item{close}{function to make the current seed equal to .Random.seed}
| ^
checkRd: (-1) RNGStream.Rd:30: Lost braces
30 | item{close}{function to make the current seed equal to .Random.seed}
| ^
checkRd: (-1) RNGStream.Rd:31: Lost braces
31 | item{resetStream}{function to move back to start of stream}
| ^
checkRd: (-1) RNGStream.Rd:31: Lost braces
31 | item{resetStream}{function to move back to start of stream}
| ^
checkRd: (-1) RNGStream.Rd:32: Lost braces
32 | item{resetSubStream}{function to move back to start of sub-stream}
| ^
checkRd: (-1) RNGStream.Rd:32: Lost braces
32 | item{resetSubStream}{function to move back to start of sub-stream}
| ^
checkRd: (-1) RNGStream.Rd:33: Lost braces
33 | item{nextSubStream}{function to move to next sub-stream}
| ^
checkRd: (-1) RNGStream.Rd:33: Lost braces
33 | item{nextSubStream}{function to move to next sub-stream}
| ^
checkRd: (-1) RNGStream.Rd:34: Lost braces
34 | item{nextStream}{function to move to next stream}
| ^
checkRd: (-1) RNGStream.Rd:34: Lost braces
34 | item{nextStream}{function to move to next stream}
| ^
Flavors: r-devel-linux-x86_64-debian-clang, r-devel-linux-x86_64-debian-gcc, r-devel-linux-x86_64-fedora-clang, r-devel-linux-x86_64-fedora-gcc, r-devel-windows-x86_64, r-patched-linux-x86_64, r-release-linux-x86_64, r-release-macos-arm64, r-release-macos-x86_64, r-release-windows-x86_64
Version: 1.4.3
Check: Rd cross-references
Result: NOTE
Found the following Rd file(s) with Rd \link{} targets missing package
anchors:
microsimulation-package.Rd: Rcpp
Please provide package anchors for all Rd \link{} targets not in the
package itself and the base packages.
Flavors: r-devel-linux-x86_64-debian-clang, r-devel-linux-x86_64-debian-gcc, r-devel-windows-x86_64
Version: 1.4.3
Check: installed package size
Result: NOTE
installed size is 8.9Mb
sub-directories of 1Mb or more:
doc 6.2Mb
lib 1.6Mb
Flavors: r-devel-linux-x86_64-fedora-clang, r-devel-windows-x86_64, r-release-macos-arm64, r-release-macos-x86_64, r-release-windows-x86_64, r-oldrel-macos-arm64, r-oldrel-macos-x86_64, r-oldrel-windows-x86_64