CRAN Package Check Results for Package midrangeMCP

Last updated on 2023-03-24 23:52:12 CET.

Flavor Version Tinstall Tcheck Ttotal Status Flags
r-devel-linux-x86_64-debian-clang 3.1.1 6.13 41.13 47.26 NOTE
r-devel-linux-x86_64-debian-gcc 3.1.1 4.17 31.39 35.56 NOTE
r-devel-linux-x86_64-fedora-clang 3.1.1 61.20 NOTE
r-devel-linux-x86_64-fedora-gcc 3.1.1 56.80 NOTE
r-patched-linux-x86_64 3.1.1 6.89 44.39 51.28 NOTE
r-release-linux-x86_64 3.1.1 6.82 45.21 52.03 NOTE
r-release-macos-arm64 3.1.1 33.00 NOTE
r-release-macos-x86_64 3.1.1 42.00 NOTE
r-release-windows-x86_64 3.1.1 8.00 67.00 75.00 NOTE
r-oldrel-macos-arm64 3.1.1 41.00 NOTE
r-oldrel-macos-x86_64 3.1.1 58.00 NOTE
r-oldrel-windows-ix86+x86_64 3.1.1 11.00 68.00 79.00 NOTE

Check Details

Version: 3.1.1
Check: LazyData
Result: NOTE
     'LazyData' is specified without a 'data' directory
Flavors: r-devel-linux-x86_64-debian-clang, r-devel-linux-x86_64-debian-gcc, r-devel-linux-x86_64-fedora-clang, r-devel-linux-x86_64-fedora-gcc, r-patched-linux-x86_64, r-release-linux-x86_64, r-release-macos-arm64, r-release-macos-x86_64, r-release-windows-x86_64, r-oldrel-macos-arm64, r-oldrel-macos-x86_64, r-oldrel-windows-ix86+x86_64