Last updated on 2024-08-16 11:49:45 CEST.
Flavor | Version | Tinstall | Tcheck | Ttotal | Status | Flags |
---|---|---|---|---|---|---|
r-devel-linux-x86_64-debian-clang | 0.9-1 | 5.22 | 40.96 | 46.18 | OK | |
r-devel-linux-x86_64-debian-gcc | 0.9-1 | 3.86 | 30.01 | 33.87 | OK | |
r-devel-linux-x86_64-fedora-clang | 0.9-1 | 75.16 | NOTE | |||
r-devel-linux-x86_64-fedora-gcc | 0.9-1 | 71.96 | OK | |||
r-devel-windows-x86_64 | 0.9-1 | 6.00 | 72.00 | 78.00 | OK | |
r-patched-linux-x86_64 | 0.9-1 | 5.10 | 38.79 | 43.89 | OK | |
r-release-linux-x86_64 | 0.9-1 | 5.03 | 39.35 | 44.38 | OK | |
r-release-macos-arm64 | 0.9-1 | 35.00 | OK | |||
r-release-macos-x86_64 | 0.9-1 | 46.00 | OK | |||
r-release-windows-x86_64 | 0.9-1 | 5.00 | 73.00 | 78.00 | OK | |
r-oldrel-macos-arm64 | 0.9-1 | 29.00 | OK | |||
r-oldrel-macos-x86_64 | 0.9-1 | 41.00 | OK | |||
r-oldrel-windows-x86_64 | 0.9-1 | 6.00 | 79.00 | 85.00 | OK |
Version: 0.9-1
Check: Rd cross-references
Result: NOTE
Undeclared package ‘scatterplot3d’ in Rd xrefs
Flavor: r-devel-linux-x86_64-fedora-clang