CRAN Package Check Results for Package misc3d

Last updated on 2021-10-16 05:51:28 CEST.

Flavor Version Tinstall Tcheck Ttotal Status Flags
r-devel-linux-x86_64-debian-clang 0.9-1 6.89 47.43 54.32 OK
r-devel-linux-x86_64-debian-gcc 0.9-1 4.80 37.05 41.85 OK
r-devel-linux-x86_64-fedora-clang 0.9-1 83.16 NOTE
r-devel-linux-x86_64-fedora-gcc 0.9-1 67.54 OK
r-devel-windows-x86_64 0.9-1 6.00 51.00 57.00 OK
r-devel-windows-x86_64-gcc10-UCRT 0.9-1 OK
r-patched-linux-x86_64 0.9-1 6.89 48.12 55.01 OK
r-patched-solaris-x86 0.9-1 99.90 OK
r-release-linux-x86_64 0.9-1 6.42 47.33 53.75 OK
r-release-macos-arm64 0.9-0 OK
r-release-macos-x86_64 0.9-1 OK
r-release-windows-ix86+x86_64 0.9-1 10.00 70.00 80.00 OK
r-oldrel-macos-x86_64 0.9-1 OK
r-oldrel-windows-ix86+x86_64 0.9-0 19.00 70.00 89.00 OK

Check Details

Version: 0.9-1
Check: Rd cross-references
Result: NOTE
    Undeclared package ‘scatterplot3d’ in Rd xrefs
Flavor: r-devel-linux-x86_64-fedora-clang