Last updated on 2022-05-16 23:55:36 CEST.
Flavor | Version | Tinstall | Tcheck | Ttotal | Status | Flags |
---|---|---|---|---|---|---|
r-devel-linux-x86_64-debian-clang | 1.0.2 | 124.22 | 378.32 | 502.54 | OK | |
r-devel-linux-x86_64-debian-gcc | 1.0.2 | 100.77 | 280.76 | 381.53 | OK | |
r-devel-linux-x86_64-fedora-clang | 1.0.2 | 628.62 | NOTE | |||
r-devel-linux-x86_64-fedora-gcc | 1.0.2 | 607.97 | OK | |||
r-devel-windows-x86_64 | 1.0.2 | 138.00 | 503.00 | 641.00 | OK | |
r-patched-linux-x86_64 | 1.0.2 | 112.66 | 360.52 | 473.18 | OK | |
r-release-linux-x86_64 | 1.0.2 | 111.71 | 366.06 | 477.77 | OK | |
r-release-macos-arm64 | 1.0.2 | 188.00 | NOTE | |||
r-release-macos-x86_64 | 1.0.2 | 298.00 | NOTE | |||
r-release-windows-x86_64 | 1.0.2 | 142.00 | 467.00 | 609.00 | OK | |
r-oldrel-macos-arm64 | 1.0.2 | 164.00 | NOTE | |||
r-oldrel-macos-x86_64 | 1.0.2 | 232.00 | NOTE | |||
r-oldrel-windows-ix86+x86_64 | 1.0.2 | 274.00 | 742.00 | 1016.00 | OK |
Version: 1.0.2
Check: installed package size
Result: NOTE
installed size is 5.9Mb
sub-directories of 1Mb or more:
libs 3.8Mb
Flavors: r-devel-linux-x86_64-fedora-clang, r-release-macos-arm64, r-release-macos-x86_64, r-oldrel-macos-arm64, r-oldrel-macos-x86_64