Last updated on 2025-04-30 05:49:47 CEST.
Flavor | Version | Tinstall | Tcheck | Ttotal | Status | Flags |
---|---|---|---|---|---|---|
r-devel-linux-x86_64-debian-clang | 0.1.0 | 9.85 | 212.33 | 222.18 | NOTE | |
r-devel-linux-x86_64-debian-gcc | 0.1.0 | 7.49 | 154.68 | 162.17 | NOTE | |
r-devel-linux-x86_64-fedora-clang | 0.1.0 | 327.36 | OK | |||
r-devel-linux-x86_64-fedora-gcc | 0.1.0 | 362.15 | OK | |||
r-devel-windows-x86_64 | 0.1.0 | 10.00 | 225.00 | 235.00 | OK | |
r-patched-linux-x86_64 | 0.1.0 | 9.02 | 220.15 | 229.17 | OK | |
r-release-linux-x86_64 | 0.1.0 | 9.19 | 218.19 | 227.38 | OK | |
r-release-macos-arm64 | 0.1.0 | 111.00 | OK | |||
r-release-macos-x86_64 | 0.1.0 | 215.00 | OK | |||
r-release-windows-x86_64 | 0.1.0 | 10.00 | 218.00 | 228.00 | OK | |
r-oldrel-macos-arm64 | 0.1.0 | 125.00 | OK | |||
r-oldrel-macos-x86_64 | 0.1.0 | 189.00 | OK | |||
r-oldrel-windows-x86_64 | 0.1.0 | 14.00 | 297.00 | 311.00 | OK |
Version: 0.1.0
Check: CRAN incoming feasibility
Result: NOTE
Maintainer: ‘Alexander White <whitealj@iu.edu>’
The BugReports field in DESCRIPTION has
https://github.com/alexanderjwhite/mixedLSR
which should likely be
https://github.com/alexanderjwhite/mixedLSR/issues
instead.
Flavors: r-devel-linux-x86_64-debian-clang, r-devel-linux-x86_64-debian-gcc