CRAN Package Check Results for Package mixlm

Last updated on 2022-01-26 23:50:24 CET.

Flavor Version Tinstall Tcheck Ttotal Status Flags
r-devel-linux-x86_64-debian-clang 1.2.5 12.41 97.49 109.90 OK
r-devel-linux-x86_64-debian-gcc 1.2.5 10.46 74.88 85.34 OK
r-devel-linux-x86_64-fedora-clang 1.2.5 127.66 OK
r-devel-linux-x86_64-fedora-gcc 1.2.5 120.81 OK
r-devel-windows-x86_64-new-UL 1.2.5 34.00 114.00 148.00 OK
r-devel-windows-x86_64-new-TK 1.2.5 ERROR
r-patched-linux-x86_64 1.2.5 14.24 90.65 104.89 OK
r-release-linux-x86_64 1.2.5 9.15 91.51 100.66 OK
r-release-macos-arm64 1.2.5 OK
r-release-macos-x86_64 1.2.5 OK
r-release-windows-ix86+x86_64 1.2.5 27.00 107.00 134.00 OK
r-oldrel-macos-x86_64 1.2.5 OK
r-oldrel-windows-ix86+x86_64 1.2.5 26.00 106.00 132.00 OK

Check Details

Version: 1.2.5
Check: package dependencies
Result: ERROR
    Package required but not available: 'car'
    
    Package suggested but not available for checking: 'lme4'
    
    See section 'The DESCRIPTION file' in the 'Writing R Extensions'
    manual.
Flavor: r-devel-windows-x86_64-new-TK