Last updated on 2022-08-20 00:52:05 CEST.
Flavor | Version | Tinstall | Tcheck | Ttotal | Status | Flags |
---|---|---|---|---|---|---|
r-devel-linux-x86_64-debian-clang | 0.2.4 | 6.97 | 74.41 | 81.38 | NOTE | |
r-devel-linux-x86_64-debian-gcc | 0.2.4 | 6.07 | 55.42 | 61.49 | NOTE | |
r-devel-linux-x86_64-fedora-clang | 0.2.4 | 105.34 | NOTE | |||
r-devel-linux-x86_64-fedora-gcc | 0.2.4 | 98.30 | NOTE | |||
r-devel-windows-x86_64 | 0.2.4 | 38.00 | 113.00 | 151.00 | NOTE | |
r-patched-linux-x86_64 | 0.2.4 | 9.25 | 67.87 | 77.12 | NOTE | |
r-release-linux-x86_64 | 0.2.4 | NOTE | ||||
r-release-macos-arm64 | 0.2.4 | 28.00 | NOTE | |||
r-release-macos-x86_64 | 0.2.4 | 41.00 | NOTE | |||
r-release-windows-x86_64 | 0.2.4 | 42.00 | 102.00 | 144.00 | NOTE | |
r-oldrel-macos-arm64 | 0.2.4 | 32.00 | NOTE | |||
r-oldrel-macos-x86_64 | 0.2.4 | 62.00 | NOTE | |||
r-oldrel-windows-ix86+x86_64 | 0.2.4 | 14.00 | 99.00 | 113.00 | NOTE |
Version: 0.2.4
Check: LazyData
Result: NOTE
'LazyData' is specified without a 'data' directory
Flavors: r-devel-linux-x86_64-debian-clang, r-devel-linux-x86_64-debian-gcc, r-devel-linux-x86_64-fedora-clang, r-devel-linux-x86_64-fedora-gcc, r-devel-windows-x86_64, r-patched-linux-x86_64, r-release-linux-x86_64, r-release-macos-arm64, r-release-macos-x86_64, r-release-windows-x86_64, r-oldrel-macos-arm64, r-oldrel-macos-x86_64, r-oldrel-windows-ix86+x86_64