CRAN Package Check Results for Package mldr

Last updated on 2019-10-17 05:47:09 CEST.

Flavor Version Tinstall Tcheck Ttotal Status Flags
r-devel-linux-x86_64-debian-clang 0.4.2 6.17 59.49 65.66 NOTE
r-devel-linux-x86_64-debian-gcc 0.4.2 5.51 48.72 54.23 NOTE
r-devel-linux-x86_64-fedora-clang 0.4.2 83.26 NOTE
r-devel-linux-x86_64-fedora-gcc 0.4.2 81.28 NOTE
r-devel-windows-ix86+x86_64 0.4.2 17.00 72.00 89.00 OK
r-patched-linux-x86_64 0.4.2 6.59 60.13 66.72 OK
r-patched-solaris-x86 0.4.2 121.40 OK
r-release-linux-x86_64 0.4.2 6.68 60.01 66.69 OK
r-release-windows-ix86+x86_64 0.4.2 12.00 80.00 92.00 OK
r-release-osx-x86_64 0.4.2 OK
r-oldrel-windows-ix86+x86_64 0.4.2 7.00 69.00 76.00 OK
r-oldrel-osx-x86_64 0.4.2 OK

Check Details

Version: 0.4.2
Check: for non-standard things in the check directory
Result: NOTE
    Found the following files/directories:
     'myemotions.arff'
Flavors: r-devel-linux-x86_64-debian-clang, r-devel-linux-x86_64-debian-gcc, r-devel-linux-x86_64-fedora-clang, r-devel-linux-x86_64-fedora-gcc