Last updated on 2024-03-19 11:53:23 CET.
Flavor | Version | Tinstall | Tcheck | Ttotal | Status | Flags |
---|---|---|---|---|---|---|
r-devel-linux-x86_64-debian-clang | 3.1.9 | 6.50 | 40.65 | 47.15 | NOTE | |
r-devel-linux-x86_64-debian-gcc | 3.1.9 | 4.93 | 32.02 | 36.95 | NOTE | |
r-devel-linux-x86_64-fedora-clang | 3.1.9 | 60.97 | NOTE | |||
r-devel-linux-x86_64-fedora-gcc | 3.1.9 | 72.29 | NOTE | |||
r-devel-windows-x86_64 | 3.1.9 | 9.00 | 70.00 | 79.00 | NOTE | |
r-patched-linux-x86_64 | 3.1.9 | 6.56 | 38.02 | 44.58 | NOTE | |
r-release-linux-x86_64 | 3.1.9 | 6.38 | 36.91 | 43.29 | NOTE | |
r-release-macos-arm64 | 3.1.9 | 30.00 | NOTE | |||
r-release-macos-x86_64 | 3.1.9 | 45.00 | NOTE | |||
r-release-windows-x86_64 | 3.1.9 | 10.00 | 73.00 | 83.00 | NOTE | |
r-oldrel-macos-arm64 | 3.1.9 | 25.00 | OK | |||
r-oldrel-windows-x86_64 | 3.1.9 | 10.00 | 75.00 | 85.00 | OK |
Version: 3.1.9
Check: Rd files
Result: NOTE
checkRd: (-1) gp.list.Rd:16: Escaped LaTeX specials: \#
Flavors: r-devel-linux-x86_64-debian-clang, r-devel-linux-x86_64-debian-gcc, r-devel-linux-x86_64-fedora-clang, r-devel-linux-x86_64-fedora-gcc, r-devel-windows-x86_64, r-patched-linux-x86_64, r-release-linux-x86_64, r-release-macos-arm64, r-release-macos-x86_64, r-release-windows-x86_64