Last updated on 2024-05-21 17:50:02 CEST.
Flavor | Version | Tinstall | Tcheck | Ttotal | Status | Flags |
---|---|---|---|---|---|---|
r-devel-linux-x86_64-debian-clang | 0.0.3 | 13.06 | 179.34 | 192.40 | NOTE | |
r-devel-linux-x86_64-debian-gcc | 0.0.3 | 12.29 | 171.59 | 183.88 | NOTE | |
r-devel-linux-x86_64-fedora-clang | 0.0.3 | 279.80 | NOTE | |||
r-devel-linux-x86_64-fedora-gcc | 0.0.3 | 309.11 | NOTE | |||
r-devel-windows-x86_64 | 0.0.3 | 12.00 | 279.00 | 291.00 | NOTE | |
r-patched-linux-x86_64 | 0.0.3 | 11.45 | 202.08 | 213.53 | NOTE | |
r-release-linux-x86_64 | 0.0.3 | 9.05 | 215.24 | 224.29 | NOTE | |
r-release-macos-arm64 | 0.0.3 | 155.00 | OK | |||
r-release-macos-x86_64 | 0.0.3 | 342.00 | OK | |||
r-release-windows-x86_64 | 0.0.3 | 12.00 | 283.00 | 295.00 | NOTE | |
r-oldrel-macos-arm64 | 0.0.3 | 156.00 | OK | |||
r-oldrel-macos-x86_64 | 0.0.3 | 269.00 | OK | |||
r-oldrel-windows-x86_64 | 0.0.3 | 16.00 | 360.00 | 376.00 | OK |
Version: 0.0.3
Check: HTML version of manual
Result: NOTE
Found the following HTML validation problems:
LearnerRpart.html:40:1 (LearnerRpart.Rd:15): Warning: trimming empty <li>
Flavors: r-devel-linux-x86_64-debian-clang, r-devel-linux-x86_64-debian-gcc, r-devel-linux-x86_64-fedora-clang, r-devel-linux-x86_64-fedora-gcc, r-devel-windows-x86_64, r-patched-linux-x86_64, r-release-linux-x86_64, r-release-windows-x86_64