Last updated on 2024-03-29 11:53:58 CET.
Flavor | Version | Tinstall | Tcheck | Ttotal | Status | Flags |
---|---|---|---|---|---|---|
r-devel-linux-x86_64-debian-clang | 1.1.1 | 16.89 | 164.52 | 181.41 | NOTE | |
r-devel-linux-x86_64-debian-gcc | 1.1.1 | 12.30 | 126.33 | 138.63 | NOTE | |
r-devel-linux-x86_64-fedora-clang | 1.1.1 | 242.83 | NOTE | |||
r-devel-linux-x86_64-fedora-gcc | 1.1.1 | 226.78 | NOTE | |||
r-devel-windows-x86_64 | 1.1.1 | 16.00 | 121.00 | 137.00 | ERROR | |
r-patched-linux-x86_64 | 1.1.1 | 15.58 | 167.96 | 183.54 | NOTE | |
r-release-linux-x86_64 | 1.1.1 | 16.14 | 155.45 | 171.59 | NOTE | |
r-release-macos-arm64 | 1.1.1 | 68.00 | NOTE | |||
r-release-macos-x86_64 | 1.1.1 | 107.00 | NOTE | |||
r-release-windows-x86_64 | 1.1.1 | 19.00 | 171.00 | 190.00 | NOTE | |
r-oldrel-macos-arm64 | 1.1.1 | 65.00 | NOTE | |||
r-oldrel-windows-x86_64 | 1.1.1 | 21.00 | 173.00 | 194.00 | NOTE |
Version: 1.1.1
Check: package dependencies
Result: NOTE
Packages suggested but not available for checking:
'ueadata1', 'ueadata2', 'ueadata3', 'ueadata4', 'ueadata5',
'ueadata6', 'ueadata7', 'ueadata8'
Flavors: r-devel-linux-x86_64-debian-clang, r-devel-linux-x86_64-debian-gcc, r-devel-linux-x86_64-fedora-gcc, r-devel-windows-x86_64, r-patched-linux-x86_64, r-release-linux-x86_64, r-release-macos-arm64, r-release-macos-x86_64, r-release-windows-x86_64, r-oldrel-macos-arm64, r-oldrel-windows-x86_64
Version: 1.1.1
Check: package dependencies
Result: NOTE
Packages suggested but not available for checking:
'ueadata1', 'ueadata2', 'ueadata3', 'ueadata4', 'ueadata5',
'ueadata6', 'ueadata7', 'ueadata8'
Imports includes 32 non-default packages.
Importing from so many packages makes the package vulnerable to any of
them becoming unavailable. Move as many as possible to Suggests and
use conditionally.
Flavor: r-devel-linux-x86_64-fedora-clang
Version: 1.1.1
Check: dependencies in R code
Result: NOTE
Namespaces in Imports field not imported from:
‘ClusterR’ ‘MASS’ ‘Rdpack’ ‘multiwave’ ‘randomForest’ ‘ranger’
All declared Imports should be used.
Flavors: r-devel-linux-x86_64-fedora-clang, r-devel-linux-x86_64-fedora-gcc
Version: 1.1.1
Check: examples
Result: ERROR
Running examples in 'mlmts-Ex.R' failed
The error most likely occurred in:
> ### Name: f4_classifier
> ### Title: Constructs the F4 classifier of López-Oriona and Vilar (2021)
> ### Aliases: f4_classifier
>
> ### ** Examples
>
> predictions <- f4_classifier(training_data = Libras$data[1 : 20],
+ new_data = Libras$data[181 : 200], classes = Libras$classes[181 : 200])
Loading required package: ggplot2
Loading required package: lattice
Flavor: r-devel-windows-x86_64