CRAN Package Check Results for Package mlr3proba

Last updated on 2021-08-01 23:49:31 CEST.

Flavor Version Tinstall Tcheck Ttotal Status Flags
r-devel-linux-x86_64-debian-clang 0.4.0 45.98 325.69 371.67 NOTE
r-devel-linux-x86_64-debian-gcc 0.4.0 33.79 230.32 264.11 NOTE
r-devel-linux-x86_64-fedora-clang 0.4.0 434.56 NOTE
r-devel-linux-x86_64-fedora-gcc 0.4.0 346.15 NOTE
r-devel-windows-x86_64 0.4.0 50.00 355.00 405.00 NOTE
r-devel-windows-x86_64-gcc10-UCRT 0.4.0 NOTE
r-patched-linux-x86_64 0.4.0 NOTE
r-patched-solaris-x86 0.4.0 460.50 NOTE
r-release-linux-x86_64 0.4.0 40.78 296.08 336.86 NOTE
r-release-macos-arm64 0.4.0 NOTE
r-release-macos-x86_64 0.4.0 NOTE
r-release-windows-ix86+x86_64 0.4.0 93.00 544.00 637.00 NOTE
r-oldrel-macos-x86_64 0.4.0 NOTE
r-oldrel-windows-ix86+x86_64 0.4.0 68.00 574.00 642.00 NOTE

Check Details

Version: 0.4.0
Check: package dependencies
Result: NOTE
    Package suggested but not available for checking: 'mlr3extralearners'
Flavors: r-devel-linux-x86_64-debian-clang, r-devel-linux-x86_64-debian-gcc, r-devel-linux-x86_64-fedora-clang, r-devel-linux-x86_64-fedora-gcc, r-devel-windows-x86_64, r-devel-windows-x86_64-gcc10-UCRT, r-patched-linux-x86_64, r-patched-solaris-x86, r-release-linux-x86_64, r-release-macos-arm64, r-release-macos-x86_64, r-release-windows-ix86+x86_64, r-oldrel-macos-x86_64, r-oldrel-windows-ix86+x86_64